{"id":8192,"date":"2021-08-02T13:11:41","date_gmt":"2021-08-02T11:11:41","guid":{"rendered":"https:\/\/www.obalne-galerije.si\/?page_id=8192"},"modified":"2021-08-02T13:48:46","modified_gmt":"2021-08-02T11:48:46","slug":"forma-viva-la-storia","status":"publish","type":"page","link":"https:\/\/www.obalne-galerije.si\/it\/forma-viva-la-storia\/","title":{"rendered":"Forma viva: la storia"},"content":{"rendered":"<p><section class=\"kc-elm kc-css-322393 kc_row\"><div class=\"kc-row-container  kc-container\"><div class=\"kc-wrap-columns\"><div class=\"kc-elm kc-css-792714 kc_col-sm-6 kc_column kc_col-sm-6\"><div class=\"kc-col-container\"><div class=\"kc-elm kc-css-723696 kc_shortcode kc_single_image\">\n\n        <img decoding=\"async\" src=\"https:\/\/www.obalne-galerije.si\/wp-content\/uploads\/2021\/08\/Janez_URN_NBN_SI_img-ATBIUUSB.jpg\" class=\"\" alt=\"\" \/>    <\/div>\n<div class=\"kc-elm kc-css-801762 kc_shortcode kc_single_image\">\n\n        <img decoding=\"async\" src=\"https:\/\/www.obalne-galerije.si\/wp-content\/uploads\/2021\/08\/foto10.png\" class=\"\" alt=\"\" \/>    <\/div>\n<div class=\"kc-elm kc-css-275198 kc_shortcode kc_single_image\">\n\n        <img decoding=\"async\" src=\"https:\/\/www.obalne-galerije.si\/wp-content\/uploads\/2021\/08\/olga-jancic-labinski-sklop-1977-02-scaled.jpeg\" class=\"\" alt=\"\" \/>    <\/div>\n<div class=\"kc-elm kc-css-251010 kc_shortcode kc_single_image\">\n\n        <img decoding=\"async\" src=\"https:\/\/www.obalne-galerije.si\/wp-content\/uploads\/2021\/08\/foto09.png\" class=\"\" alt=\"\" \/>    <\/div>\n<\/div><\/div><div class=\"kc-elm kc-css-31889 kc_col-sm-6 kc_column kc_col-sm-6\"><div class=\"kc-col-container\">\n<div class=\"kc-elm kc-css-783527 kc-title-wrap \">\n\n\t<h1 class=\"kc_title\">Uno sguardo al passato<\/h1>\n<\/div>\n<div class=\"kc-elm kc-css-914009 kc_text_block\"><\/p>\n<p>\n<span style=\"color: #444444; font-family: -apple-system, system-ui, &#039;Segoe UI&#039;, Roboto, Oxygen-Sans, Ubuntu, Cantarell, &#039;Helvetica Neue&#039;, sans-serif; font-size: 14px;\">Il simposio internazionale di scultura\u00a0<\/span><i style=\"max-width: 100%; line-height: normal; color: #444444; font-family: -apple-system, system-ui, &#039;Segoe UI&#039;, Roboto, Oxygen-Sans, Ubuntu, Cantarell, &#039;Helvetica Neue&#039;, sans-serif; font-size: 14px;\">Forma viva<\/i><span style=\"color: #444444; font-family: -apple-system, system-ui, &#039;Segoe UI&#039;, Roboto, Oxygen-Sans, Ubuntu, Cantarell, &#039;Helvetica Neue&#039;, sans-serif; font-size: 14px;\">\u00a0nasce su modello dell&#039;incontro degli scultori organizzato nel 1959 nella citt\u00e0 austriaca di St. Margarethen. Nella seconda met\u00e0 del secolo il simposio \u00e8 stato una delle poche manifestazioni di arte figurativa in ambito locale e la sua importanza \u00e8 anche dovuta al fatto che permetteva di rimanere al passo con quanto avveniva nel mondo artistico contemporaneo. L\u2019impostazione internazionale del simposio sloveno offriva la possibilit\u00e0 di ampliare i contatti e avere un diretto scambio di idee ed esperienze tra i partecipanti. Ci\u00f2 permise anche un\u2019apertura verso forme scultoree pi\u00f9 moderne, specie nell\u2019ambito di quella visione della scultura che mirava a rinnovare il principio classico della modellazione attraverso l\u2019utilizzo di materiali tradizionali. Non \u00e8 quindi un caso che un importante ruolo nella nascita del simposio sloveno del 1961 lo ebbero gli scultori sloveni Janez Lensassi e Jakob Savin\u0161ek.<\/span><\/p>\n<p>\n<\/div>\n<div class=\"kc-elm kc-css-618936 kc-title-wrap \">\n\n\t<h1 class=\"kc_title\">Il nome<\/h1>\n<\/div>\n<div class=\"kc-elm kc-css-799870 kc_text_block\"><\/p>\n<p>\n<span style=\"color: #444444; font-family: -apple-system, system-ui, &#039;Segoe UI&#039;, Roboto, Oxygen-Sans, Ubuntu, Cantarell, &#039;Helvetica Neue&#039;, sans-serif; font-size: 14px;\">L&#039;idea di chiamare il simposio sloveno \u201cForma viva\u201d &#8211; che possiamo interpretare come una vitale attivit\u00e0 di ricerca scultorea verso sempre nuove forme espressive &#8211; \u00e8 stata di Jakob Savin\u0161ek e si \u00e8 dimostrata efficace perch\u00e9 ha reso la manifestazione riconoscibile. L&#039;espressione \u201cforma viva\u201d si \u00e8 addirittura affermata per definire l\u2019attivit\u00e0 di lavoro di un gruppo di scultori all\u2019aperto.<\/span><\/p>\n<p>\n<\/div>\n<div class=\"kc-elm kc-css-14114 kc-title-wrap \">\n\n\t<h1 class=\"kc_title\">Una manifestazione nel segno delle specificit\u00e0 locali<\/h1>\n<\/div>\n<div class=\"kc-elm kc-css-545525 kc_text_block\"><\/p>\n<p>\n<span style=\"color: #444444; font-family: -apple-system, system-ui, &#039;Segoe UI&#039;, Roboto, Oxygen-Sans, Ubuntu, Cantarell, &#039;Helvetica Neue&#039;, sans-serif; font-size: 14px;\">Tra i simposi di scultura che si svolgevano nel mondo,\u00a0<\/span><em style=\"max-width: 100%; line-height: normal; color: #444444; font-family: -apple-system, system-ui, &#039;Segoe UI&#039;, Roboto, Oxygen-Sans, Ubuntu, Cantarell, &#039;Helvetica Neue&#039;, sans-serif; font-size: 14px;\">Forma viva<\/em><span style=\"color: #444444; font-family: -apple-system, system-ui, &#039;Segoe UI&#039;, Roboto, Oxygen-Sans, Ubuntu, Cantarell, &#039;Helvetica Neue&#039;, sans-serif; font-size: 14px;\">\u00a0si distingueva per la sua distribuzione su quattro diversi \u201cpalcoscenici\u201d, ubicati in diverse parti della Slovenia, e per la lavorazione di quattro diversi materiali. A Kostanjevica na Krki il legno, a Portorose la pietra d\u2019Istria, a Ravne na Koro\u0161kem il ferro e a Maribor il cemento. I materiali locali utilizzati e la dislocazione in diversi luoghi della manifestazione hanno definito sin dall&#039;inizio l\u2019impostazione e le peculiarit\u00e0 di Forma viva.<\/span><\/p>\n<p>\n<\/div>\n<div class=\"kc-elm kc-css-24398 kc-title-wrap \">\n\n\t<h1 class=\"kc_title\">Laboratori artistici specializzati all'aperto<\/h1>\n<\/div>\n<div class=\"kc-elm kc-css-855062 kc_text_block\"><\/p>\n<p>\n<span style=\"color: #444444; font-family: -apple-system, system-ui, &#039;Segoe UI&#039;, Roboto, Oxygen-Sans, Ubuntu, Cantarell, &#039;Helvetica Neue&#039;, sans-serif; font-size: 14px;\">I simposi, quali laboratori artistici specializzati all\u2019aperto, riunivano scultori nazionali e stranieri che sfruttavano la rara occasione di poter lavorare su grande scala. La presenza di scultori di diverse nazionalit\u00e0 e i cantieri all\u2019aperto attiravano l\u2019attenzione della popolazione locale, dei passanti e degli amanti dell\u2019arte, trasformando questi luoghi in vitali centri artistici. Sebbene il simposio sloveno fosse in prevalenza frequentato da scultori europei, nel corso degli anni ha registrato la presenza di artisti provenienti da quasi tutti i continenti. Oltre alla quota predominante di artisti sloveni, si \u00e8 registrata una fitta partecipazione di autori giapponesi<\/span><span style=\"max-width: 100%; line-height: 18.4px; color: #444444; font-family: -apple-system, system-ui, &#039;Segoe UI&#039;, Roboto, Oxygen-Sans, Ubuntu, Cantarell, &#039;Helvetica Neue&#039;, sans-serif; font-size: 12pt;\"><span style=\"max-width: 100%; line-height: normal; color: #000000;\">.<\/span><\/span><\/p>\n<p>\n<\/div>\n<div class=\"kc-elm kc-css-64736 kc-title-wrap \">\n\n\t<h3 class=\"kc_title\">La crisi dell\u2019attivit\u00e0 del simposio e un nuovo impulso\r\n<\/h3>\n<\/div>\n<div class=\"kc-elm kc-css-452068 kc_text_block\"><\/p>\n<p>\nAlla fine degli anni Ottanta, dopo quasi trent&#039;anni di attivit\u00e0 senza interruzioni, si assiste al declino di questa manifestazione internazionale. Dal 1991 il simposio si \u00e8 mantenuto, ininterrottamente, soltanto a Portorose. Dopo un intervallo decennale, l\u2019esempio di Portorose \u00e8 stato seguito da Kostanjevica dove nel 1998 \u00e8 ripresa l\u2019attivit\u00e0 scultorea in legno. A Ravne invece \u00e8 stato sistemato il fondo artistico delle sculture, grazie al Museo della Carinzia (Koro\u0161ki muzej), che ha assunto la tutela della monumentale collezione delle statue realizzate nel corso dei simposi. Con queste iniziative \u00e8 stata manifestata apertamente l\u2019aspirazione di alcuni centri di ridare vita all&#039;attivit\u00e0 dei simposi.<\/p>\n<p>\n<\/div>\n<div class=\"kc-elm kc-css-483094 kc-title-wrap \">\n\n\t<h3 class=\"kc_title\">Le collezioni di sculture contemporanee all'aperto\r\n<\/h3>\n<\/div>\n<div class=\"kc-elm kc-css-85272 kc_text_block\"><\/p>\n<p>\nForma viva, grazie alla collocazione originaria in quattro distinti \u201cpalcoscenici\u201d e alle specificit\u00e0 dei materiali locali scelti, ha dato vita a collezioni uniche di sculture monumentali contemporanee all\u2019aperto. Avendo avuto una partecipazione di artisti internazionali agli incontri, le collezioni sono naturalmente diventate espressione di diverse istanze artistiche e riflesso del livello creativo raggiunto dai singoli autori. L\u2019ampio spettro delle collezioni \u00e8 anche una fonte preziosa di studio per quel che riguarda la creazione di sculture all\u2019aperto.<\/p>\n<p>\n<\/div>\n<div class=\"kc-elm kc-css-61218 kc-title-wrap \">\n\n\t<h3 class=\"kc_title\">Forma viva oggi\r\n<\/h3>\n<\/div>\n<div class=\"kc-elm kc-css-892152 kc_text_block\"><\/p>\n<p>\nLa collezione delle sculture monumentali in pietra a Portorose conta oltre centotrenta opere che sono sistemate, per la maggior parte, sulla verde penisola di Sezza, mentre altre sono collocate nei nuclei cittadini e nei parchi del litorale. I legami con la scena artistica internazionale e la sua lunga tradizione, hanno inserito questa manifestazione biennale nell&#039;itinerario degli eventi legati ai simposi nel mondo e tra le iniziative volte a stimolare il dialogo tra arte contemporanea e ambiente.<\/p>\n<p>\n<\/div><\/div><\/div><\/div><\/div><\/section><section class=\"kc-elm kc-css-580222 kc_row\"><div class=\"kc-row-container  kc-container\"><div class=\"kc-wrap-columns\"><div class=\"kc-elm kc-css-220684 kc_col-sm-12 kc_column kc_col-sm-12\"><div class=\"kc-col-container\"><div class=\"kc-elm kc-css-603629\" style=\"height: 50px; clear: both; width:100%;\"><\/div><\/div><\/div><\/div><\/div><\/section><\/p>\n","protected":false},"excerpt":{"rendered":"","protected":false},"author":4,"featured_media":0,"parent":0,"menu_order":0,"comment_status":"closed","ping_status":"closed","template":"","meta":{"footnotes":""},"class_list":["post-8192","page","type-page","status-publish","hentry"],"acf":[],"_links":{"self":[{"href":"https:\/\/www.obalne-galerije.si\/it\/wp-json\/wp\/v2\/pages\/8192","targetHints":{"allow":["GET"]}}],"collection":[{"href":"https:\/\/www.obalne-galerije.si\/it\/wp-json\/wp\/v2\/pages"}],"about":[{"href":"https:\/\/www.obalne-galerije.si\/it\/wp-json\/wp\/v2\/types\/page"}],"author":[{"embeddable":true,"href":"https:\/\/www.obalne-galerije.si\/it\/wp-json\/wp\/v2\/users\/4"}],"replies":[{"embeddable":true,"href":"https:\/\/www.obalne-galerije.si\/it\/wp-json\/wp\/v2\/comments?post=8192"}],"version-history":[{"count":4,"href":"https:\/\/www.obalne-galerije.si\/it\/wp-json\/wp\/v2\/pages\/8192\/revisions"}],"predecessor-version":[{"id":8225,"href":"https:\/\/www.obalne-galerije.si\/it\/wp-json\/wp\/v2\/pages\/8192\/revisions\/8225"}],"wp:attachment":[{"href":"https:\/\/www.obalne-galerije.si\/it\/wp-json\/wp\/v2\/media?parent=8192"}],"curies":[{"name":"wp","href":"https:\/\/api.w.org\/{rel}","templated":true}]}}

<p><section class="kc-elm kc-css-322393 kc_row"><div class="kc-row-container  kc-container"><div class="kc-wrap-columns"><div class="kc-elm kc-css-792714 kc_col-sm-6 kc_column kc_col-sm-6"><div class="kc-col-container"><div class="kc-elm kc-css-723696 kc_shortcode kc_single_image">

        <img decoding="async" src="https://www.obalne-galerije.si/wp-content/uploads/2021/08/Janez_URN_NBN_SI_img-ATBIUUSB.jpg" class="" alt="" />    </div>
<div class="kc-elm kc-css-801762 kc_shortcode kc_single_image">

        <img decoding="async" src="https://www.obalne-galerije.si/wp-content/uploads/2021/08/foto10.png" class="" alt="" />    </div>
<div class="kc-elm kc-css-275198 kc_shortcode kc_single_image">

        <img decoding="async" src="https://www.obalne-galerije.si/wp-content/uploads/2021/08/olga-jancic-labinski-sklop-1977-02-scaled.jpeg" class="" alt="" />    </div>
<div class="kc-elm kc-css-251010 kc_shortcode kc_single_image">

        <img decoding="async" src="https://www.obalne-galerije.si/wp-content/uploads/2021/08/foto09.png" class="" alt="" />    </div>
</div></div><div class="kc-elm kc-css-31889 kc_col-sm-6 kc_column kc_col-sm-6"><div class="kc-col-container">
<div class="kc-elm kc-css-783527 kc-title-wrap ">

	<h1 class="kc_title">Uno sguardo al passato</h1>
</div>
<div class="kc-elm kc-css-914009 kc_text_block"></p>
<p>
<span style="color: #444444; font-family: -apple-system, system-ui, &#039;Segoe UI&#039;, Roboto, Oxygen-Sans, Ubuntu, Cantarell, &#039;Helvetica Neue&#039;, sans-serif; font-size: 14px;">Il simposio internazionale di scultura </span><i style="max-width: 100%; line-height: normal; color: #444444; font-family: -apple-system, system-ui, &#039;Segoe UI&#039;, Roboto, Oxygen-Sans, Ubuntu, Cantarell, &#039;Helvetica Neue&#039;, sans-serif; font-size: 14px;">Forma viva</i><span style="color: #444444; font-family: -apple-system, system-ui, &#039;Segoe UI&#039;, Roboto, Oxygen-Sans, Ubuntu, Cantarell, &#039;Helvetica Neue&#039;, sans-serif; font-size: 14px;"> nasce su modello dell&#039;incontro degli scultori organizzato nel 1959 nella città austriaca di St. Margarethen. Nella seconda metà del secolo il simposio è stato una delle poche manifestazioni di arte figurativa in ambito locale e la sua importanza è anche dovuta al fatto che permetteva di rimanere al passo con quanto avveniva nel mondo artistico contemporaneo. L’impostazione internazionale del simposio sloveno offriva la possibilità di ampliare i contatti e avere un diretto scambio di idee ed esperienze tra i partecipanti. Ciò permise anche un’apertura verso forme scultoree più moderne, specie nell’ambito di quella visione della scultura che mirava a rinnovare il principio classico della modellazione attraverso l’utilizzo di materiali tradizionali. Non è quindi un caso che un importante ruolo nella nascita del simposio sloveno del 1961 lo ebbero gli scultori sloveni Janez Lensassi e Jakob Savinšek.</span></p>
<p>
</div>
<div class="kc-elm kc-css-618936 kc-title-wrap ">

	<h1 class="kc_title">Il nome</h1>
</div>
<div class="kc-elm kc-css-799870 kc_text_block"></p>
<p>
<span style="color: #444444; font-family: -apple-system, system-ui, &#039;Segoe UI&#039;, Roboto, Oxygen-Sans, Ubuntu, Cantarell, &#039;Helvetica Neue&#039;, sans-serif; font-size: 14px;">L&#039;idea di chiamare il simposio sloveno “Forma viva” &#8211; che possiamo interpretare come una vitale attività di ricerca scultorea verso sempre nuove forme espressive &#8211; è stata di Jakob Savinšek e si è dimostrata efficace perché ha reso la manifestazione riconoscibile. L&#039;espressione “forma viva” si è addirittura affermata per definire l’attività di lavoro di un gruppo di scultori all’aperto.</span></p>
<p>
</div>
<div class="kc-elm kc-css-14114 kc-title-wrap ">

	<h1 class="kc_title">Una manifestazione nel segno delle specificità locali</h1>
</div>
<div class="kc-elm kc-css-545525 kc_text_block"></p>
<p>
<span style="color: #444444; font-family: -apple-system, system-ui, &#039;Segoe UI&#039;, Roboto, Oxygen-Sans, Ubuntu, Cantarell, &#039;Helvetica Neue&#039;, sans-serif; font-size: 14px;">Tra i simposi di scultura che si svolgevano nel mondo, </span><em style="max-width: 100%; line-height: normal; color: #444444; font-family: -apple-system, system-ui, &#039;Segoe UI&#039;, Roboto, Oxygen-Sans, Ubuntu, Cantarell, &#039;Helvetica Neue&#039;, sans-serif; font-size: 14px;">Forma viva</em><span style="color: #444444; font-family: -apple-system, system-ui, &#039;Segoe UI&#039;, Roboto, Oxygen-Sans, Ubuntu, Cantarell, &#039;Helvetica Neue&#039;, sans-serif; font-size: 14px;"> si distingueva per la sua distribuzione su quattro diversi “palcoscenici”, ubicati in diverse parti della Slovenia, e per la lavorazione di quattro diversi materiali. A Kostanjevica na Krki il legno, a Portorose la pietra d’Istria, a Ravne na Koroškem il ferro e a Maribor il cemento. I materiali locali utilizzati e la dislocazione in diversi luoghi della manifestazione hanno definito sin dall&#039;inizio l’impostazione e le peculiarità di Forma viva.</span></p>
<p>
</div>
<div class="kc-elm kc-css-24398 kc-title-wrap ">

	<h1 class="kc_title">Laboratori artistici specializzati all'aperto</h1>
</div>
<div class="kc-elm kc-css-855062 kc_text_block"></p>
<p>
<span style="color: #444444; font-family: -apple-system, system-ui, &#039;Segoe UI&#039;, Roboto, Oxygen-Sans, Ubuntu, Cantarell, &#039;Helvetica Neue&#039;, sans-serif; font-size: 14px;">I simposi, quali laboratori artistici specializzati all’aperto, riunivano scultori nazionali e stranieri che sfruttavano la rara occasione di poter lavorare su grande scala. La presenza di scultori di diverse nazionalità e i cantieri all’aperto attiravano l’attenzione della popolazione locale, dei passanti e degli amanti dell’arte, trasformando questi luoghi in vitali centri artistici. Sebbene il simposio sloveno fosse in prevalenza frequentato da scultori europei, nel corso degli anni ha registrato la presenza di artisti provenienti da quasi tutti i continenti. Oltre alla quota predominante di artisti sloveni, si è registrata una fitta partecipazione di autori giapponesi</span><span style="max-width: 100%; line-height: 18.4px; color: #444444; font-family: -apple-system, system-ui, &#039;Segoe UI&#039;, Roboto, Oxygen-Sans, Ubuntu, Cantarell, &#039;Helvetica Neue&#039;, sans-serif; font-size: 12pt;"><span style="max-width: 100%; line-height: normal; color: #000000;">.</span></span></p>
<p>
</div>
<div class="kc-elm kc-css-64736 kc-title-wrap ">

	<h3 class="kc_title">La crisi dell’attività del simposio e un nuovo impulso
</h3>
</div>
<div class="kc-elm kc-css-452068 kc_text_block"></p>
<p>
Alla fine degli anni Ottanta, dopo quasi trent&#039;anni di attività senza interruzioni, si assiste al declino di questa manifestazione internazionale. Dal 1991 il simposio si è mantenuto, ininterrottamente, soltanto a Portorose. Dopo un intervallo decennale, l’esempio di Portorose è stato seguito da Kostanjevica dove nel 1998 è ripresa l’attività scultorea in legno. A Ravne invece è stato sistemato il fondo artistico delle sculture, grazie al Museo della Carinzia (Koroški muzej), che ha assunto la tutela della monumentale collezione delle statue realizzate nel corso dei simposi. Con queste iniziative è stata manifestata apertamente l’aspirazione di alcuni centri di ridare vita all&#039;attività dei simposi.</p>
<p>
</div>
<div class="kc-elm kc-css-483094 kc-title-wrap ">

	<h3 class="kc_title">Le collezioni di sculture contemporanee all'aperto
</h3>
</div>
<div class="kc-elm kc-css-85272 kc_text_block"></p>
<p>
Forma viva, grazie alla collocazione originaria in quattro distinti “palcoscenici” e alle specificità dei materiali locali scelti, ha dato vita a collezioni uniche di sculture monumentali contemporanee all’aperto. Avendo avuto una partecipazione di artisti internazionali agli incontri, le collezioni sono naturalmente diventate espressione di diverse istanze artistiche e riflesso del livello creativo raggiunto dai singoli autori. L’ampio spettro delle collezioni è anche una fonte preziosa di studio per quel che riguarda la creazione di sculture all’aperto.</p>
<p>
</div>
<div class="kc-elm kc-css-61218 kc-title-wrap ">

	<h3 class="kc_title">Forma viva oggi
</h3>
</div>
<div class="kc-elm kc-css-892152 kc_text_block"></p>
<p>
La collezione delle sculture monumentali in pietra a Portorose conta oltre centotrenta opere che sono sistemate, per la maggior parte, sulla verde penisola di Sezza, mentre altre sono collocate nei nuclei cittadini e nei parchi del litorale. I legami con la scena artistica internazionale e la sua lunga tradizione, hanno inserito questa manifestazione biennale nell&#039;itinerario degli eventi legati ai simposi nel mondo e tra le iniziative volte a stimolare il dialogo tra arte contemporanea e ambiente.</p>
<p>
</div></div></div></div></div></section><section class="kc-elm kc-css-580222 kc_row"><div class="kc-row-container  kc-container"><div class="kc-wrap-columns"><div class="kc-elm kc-css-220684 kc_col-sm-12 kc_column kc_col-sm-12"><div class="kc-col-container"><div class="kc-elm kc-css-603629" style="height: 50px; clear: both; width:100%;"></div></div></div></div></div></section></p>
