{"id":6681,"date":"2021-07-06T10:03:06","date_gmt":"2021-07-06T08:03:06","guid":{"rendered":"https:\/\/www.obalne-galerije.si\/?page_id=6681"},"modified":"2025-10-06T12:40:05","modified_gmt":"2025-10-06T10:40:05","slug":"staff","status":"publish","type":"page","link":"https:\/\/www.obalne-galerije.si\/it\/su-di-noi\/staff\/","title":{"rendered":"Staff &#038; Info"},"content":{"rendered":"<p><section class=\"kc-elm kc-css-553724 kc_row\"><div class=\"kc-row-container  kc-container\"><div class=\"kc-wrap-columns\"><div class=\"kc-elm kc-css-697170 kc_col-sm-12 kc_column kc_col-sm-12\"><div class=\"kc-col-container\"><div class=\"kc-elm kc-css-919525\" style=\"height: 50px; clear: both; width:100%;\"><\/div><\/div><\/div><\/div><\/div><\/section><section class=\"kc-elm kc-css-70090 kc_row\"><div class=\"kc-row-container  kc-container\"><div class=\"kc-wrap-columns\"><div class=\"kc-elm kc-css-845968 kc_col-sm-6 kc_column kc_col-sm-6\"><div class=\"kc-col-container\"><div class=\"kc-elm kc-css-255747 kc_text_block\"><\/p>\n<h4><strong>CONTATTI<\/strong><\/h4>\n<p><strong>Mara Ambro\u017ei\u010d Verderber<\/strong>, direttrice<br \/>Galleria civica Pirano, piazza Tartini 3, 6330 Pirano<br \/>+386 (0)5 67 12 080, info@obalne-galerije.si<\/p>\n<p><strong>Jelka Kukovi\u010d<\/strong>, segretaria<br \/>Galleria civica Pirano, piazza Tartini 3, 6330 Pirano<br \/>+386 (0)5 67 12 080, +386 (0)31 399 347, info@obalne-galerije.si<\/p>\n<p><strong>Dezire Boskovi\u0107<\/strong>, contabile<br \/>Galleria civica Pirano, piazza Tartini 3, 6330 Pirano<br \/>+386 (0)5 67 12 084, dezire.boskovic@obalne-galerije.si<\/p>\n<p><strong>Tina Jazbec<\/strong>, curatrice con laurea magistrale<br \/>Posta vecchia 3, 6000 Capodistria<br \/>+386 (0)5 62 74 322, tina.jazbec@obalne-galerije.si<\/p>\n<p><strong>Matic Bukovac<\/strong>, curatore con laurea magistrale<br \/>Galleria civica Pirano, piazza Tartini 3, 6330 Pirano<br \/>+386 (0)5 67 12 080, matic.bukovac@obalne-galerije.si<\/p>\n<p><strong>Tatjana Sirk<\/strong>, curatrice e consulente museale<br \/>Galleria Medusa, Callegaria 34, 6000 Capodistria<br \/>+386 (0)5 62 74 837,\u00a0galerija.meduza@obalne-galerije.si<\/p>\n<p><strong>Ana Pape\u017e<\/strong>, curatrice ed educatrice museale<br \/>Galleria Herman Pe\u010dari\u010d, via Lenin 2, 6330 Pirano<br \/>ana.papez@obalne-galerije.si<\/p>\n<p><strong style=\"font-style: inherit; font-family: -apple-system, BlinkMacSystemFont,;\">Janko Atel\u0161ek<\/strong><span style=\"font-style: inherit; font-family: -apple-system, BlinkMacSystemFont,;\">, responsabile tecnico (strutture)<br \/><\/span>+386 (0)5 67 12 080, tehnicnaogp@obalne-galerije.si<\/p>\n<p><strong>Du\u0161ka \u0110uki\u0107<\/strong>, mediatrice museale e grafica<br \/>+386 (0)5 67 12 097, +386 (0)5 67 30 660, ogptrzenje@gmail.com<\/p>\n<p><strong>Sonja Ko\u010devar<\/strong>, mediatrice museale<br \/>Galleria Herman Pe\u010dari\u010d, via Lenin 2, 6330 Pirano<br \/>+386 (0)5 67 30 660<\/p>\n<p><strong>Tina Nikoli\u0107 Bombek<\/strong>, responsabile dell&#039;accoglienza in galleria<br \/>Galleria civica Pirano, piazza Tartini 3, 6330 Pirano<br \/>+386 (0)5 67 12 097<\/p>\n<p><strong>Niko Mally<\/strong>, funzionario specializzato di livello autonomo<br \/>Galleria civica Pirano, piazza Tartini 3, 6330 Pirano<br \/>+386 (0)5 67 12 082, niko.mally@obalne-galerije.si<\/p>\n<p>\n<\/div><\/div><\/div><div class=\"kc-elm kc-css-471057 kc_col-sm-6 kc_column kc_col-sm-6\"><div class=\"kc-col-container\"><div class=\"kc-elm kc-css-821233 kc_text_block\"><\/p>\n<h4>COLLABORATORI ESTERNI<\/h4>\n<p><strong>Giorgia Simioni,<\/strong>\u00a0Creative director, Graphic &#038; web designer, Content creator<br \/>giorgia.simioni@gmail.com<\/p>\n<p>\n<\/div><div class=\"kc-elm kc-css-506815\" style=\"height: 20px; clear: both; width:100%;\"><\/div><\/div><\/div><\/div><\/div><\/section><section class=\"kc-elm kc-css-397141 kc_row\"><div class=\"kc-row-container  kc-container\"><div class=\"kc-wrap-columns\"><div class=\"kc-elm kc-css-312423 kc_col-sm-12 kc_column kc_col-sm-12\"><div class=\"kc-col-container\"><div class=\"kc-elm kc-css-679727\" style=\"height: 50px; clear: both; width:100%;\"><\/div><\/div><\/div><\/div><\/div><\/section><section class=\"kc-elm kc-css-789140 kc_row\"><div class=\"kc-row-container  kc-container\"><div class=\"kc-wrap-columns\"><div class=\"kc-elm kc-css-91025 kc_col-sm-12 kc_column kc_col-sm-12\"><div class=\"kc-col-container\"><div class=\"kc-elm kc-css-493737\" style=\"height: 50px; clear: both; width:100%;\"><\/div><\/div><\/div><\/div><\/div><\/section><section class=\"kc-elm kc-css-874381 kc_row\"><div class=\"kc-row-container  kc-container\"><div class=\"kc-wrap-columns\"><div class=\"kc-elm kc-css-904772 kc_col-sm-6 kc_column kc_col-sm-6\"><div class=\"kc-col-container\"><div class=\"kc-elm kc-css-287262 kc_text_block\"><\/p>\n<h4><strong>INFO SEDI<\/strong><\/h4>\n<p><strong>\u00a0<\/strong><\/p>\n<p><strong>Galleria Civica Pirano<\/strong><\/p>\n<p>Reception: +386 (05) 67 12 097<br \/><span style=\"font-style: inherit; font-family: -apple-system, BlinkMacSystemFont,;\">Direzione centrale: +386 (05) 67 12 080<br \/><\/span><span style=\"font-style: inherit; font-family: -apple-system, BlinkMacSystemFont,;\">Contabile: +386 (05) 67 12 084<\/span><\/p>\n<p><strong style=\"font-style: inherit; font-family: -apple-system, BlinkMacSystemFont,;\">\u00a0<\/strong><\/p>\n<p><strong>Galleria Herman Pe\u010dari\u010d, Pirano<\/strong><\/p>\n<p>Reception: +386 (05) 67 30 660<br \/><span style=\"font-style: inherit; font-family: -apple-system, BlinkMacSystemFont,;\">Dipartimento didattica: +386 (0) 70 76 09 50<br \/><\/span><span style=\"font-style: inherit; font-family: -apple-system, BlinkMacSystemFont,;\">Mediatrice museale e grafica: +386 (0) 41 81 88 28<\/span><\/p>\n<p><strong>\u00a0<\/strong><\/p>\n<p><strong>Galleria Loggia, Capodistria<\/strong><\/p>\n<p>Reception: +386 (05) 62 74 171<\/p>\n<p><strong>\u00a0<\/strong><\/p>\n<p><strong>Galleria Medusa, Capodistria<\/strong><\/p>\n<p>Curatela:\u00a0+ 386 (05) 627 4837<\/p>\n<p><strong>\u00a0<\/strong><\/p>\n<p><strong>Ulica stare po\u0161te, Capodistria<\/strong><\/p>\n<p>Curatela e biblioteca: +386 (0) 562 74 322,\u00a0<span style=\"font-style: inherit; font-family: -apple-system, BlinkMacSystemFont,;\">+386 (0) 51 362 948<\/span><\/p>\n<p><strong>\u00a0<\/strong><\/p>\n<p><strong>Servizio tecnico, Fizine-Portoro\u017e<\/strong><\/p>\n<p><span style=\"font-style: inherit; font-family: -apple-system, BlinkMacSystemFont,;\">Responsabile strutture: +386 (0) 51 362 973<\/span><\/p>\n<p><strong>\u00a0<\/strong><\/p>\n<p><strong>Centro espositivo Monfort, Portorose<\/strong><\/p>\n<p>Segreteria centrale: +386 (05) 67 12 080<\/p>\n<p>\n<\/div><\/div><\/div><div class=\"kc-elm kc-css-431049 kc_col-sm-6 kc_column kc_col-sm-6\"><div class=\"kc-col-container\"><\/div><\/div><\/div><\/div><\/section><section class=\"kc-elm kc-css-49441 kc_row\"><div class=\"kc-row-container  kc-container\"><div class=\"kc-wrap-columns\"><div class=\"kc-elm kc-css-777709 kc_col-sm-12 kc_column kc_col-sm-12\"><div class=\"kc-col-container\"><div class=\"kc-elm kc-css-270616\" style=\"height: 50px; clear: both; width:100%;\"><\/div><\/div><\/div><\/div><\/div><\/section><\/p>\n","protected":false},"excerpt":{"rendered":"","protected":false},"author":1,"featured_media":0,"parent":3992,"menu_order":0,"comment_status":"closed","ping_status":"closed","template":"","meta":{"footnotes":""},"class_list":["post-6681","page","type-page","status-publish","hentry"],"acf":[],"_links":{"self":[{"href":"https:\/\/www.obalne-galerije.si\/it\/wp-json\/wp\/v2\/pages\/6681","targetHints":{"allow":["GET"]}}],"collection":[{"href":"https:\/\/www.obalne-galerije.si\/it\/wp-json\/wp\/v2\/pages"}],"about":[{"href":"https:\/\/www.obalne-galerije.si\/it\/wp-json\/wp\/v2\/types\/page"}],"author":[{"embeddable":true,"href":"https:\/\/www.obalne-galerije.si\/it\/wp-json\/wp\/v2\/users\/1"}],"replies":[{"embeddable":true,"href":"https:\/\/www.obalne-galerije.si\/it\/wp-json\/wp\/v2\/comments?post=6681"}],"version-history":[{"count":5,"href":"https:\/\/www.obalne-galerije.si\/it\/wp-json\/wp\/v2\/pages\/6681\/revisions"}],"predecessor-version":[{"id":25981,"href":"https:\/\/www.obalne-galerije.si\/it\/wp-json\/wp\/v2\/pages\/6681\/revisions\/25981"}],"up":[{"embeddable":true,"href":"https:\/\/www.obalne-galerije.si\/it\/wp-json\/wp\/v2\/pages\/3992"}],"wp:attachment":[{"href":"https:\/\/www.obalne-galerije.si\/it\/wp-json\/wp\/v2\/media?parent=6681"}],"curies":[{"name":"wp","href":"https:\/\/api.w.org\/{rel}","templated":true}]}}

<p><section class="kc-elm kc-css-553724 kc_row"><div class="kc-row-container  kc-container"><div class="kc-wrap-columns"><div class="kc-elm kc-css-697170 kc_col-sm-12 kc_column kc_col-sm-12"><div class="kc-col-container"><div class="kc-elm kc-css-919525" style="height: 50px; clear: both; width:100%;"></div></div></div></div></div></section><section class="kc-elm kc-css-70090 kc_row"><div class="kc-row-container  kc-container"><div class="kc-wrap-columns"><div class="kc-elm kc-css-845968 kc_col-sm-6 kc_column kc_col-sm-6"><div class="kc-col-container"><div class="kc-elm kc-css-255747 kc_text_block"></p>
<h4><strong>CONTATTI</strong></h4>
<p><strong>Mara Ambrožič Verderber</strong>, direttrice<br />Galleria civica Pirano, piazza Tartini 3, 6330 Pirano<br />+386 (0)5 67 12 080, info@obalne-galerije.si</p>
<p><strong>Jelka Kukovič</strong>, segretaria<br />Galleria civica Pirano, piazza Tartini 3, 6330 Pirano<br />+386 (0)5 67 12 080, +386 (0)31 399 347, info@obalne-galerije.si</p>
<p><strong>Dezire Bosković</strong>, contabile<br />Galleria civica Pirano, piazza Tartini 3, 6330 Pirano<br />+386 (0)5 67 12 084, dezire.boskovic@obalne-galerije.si</p>
<p><strong>Tina Jazbec</strong>, curatrice con laurea magistrale<br />Posta vecchia 3, 6000 Capodistria<br />+386 (0)5 62 74 322, tina.jazbec@obalne-galerije.si</p>
<p><strong>Matic Bukovac</strong>, curatore con laurea magistrale<br />Galleria civica Pirano, piazza Tartini 3, 6330 Pirano<br />+386 (0)5 67 12 080, matic.bukovac@obalne-galerije.si</p>
<p><strong>Tatjana Sirk</strong>, curatrice e consulente museale<br />Galleria Medusa, Callegaria 34, 6000 Capodistria<br />+386 (0)5 62 74 837, galerija.meduza@obalne-galerije.si</p>
<p><strong>Ana Papež</strong>, curatrice ed educatrice museale<br />Galleria Herman Pečarič, via Lenin 2, 6330 Pirano<br />ana.papez@obalne-galerije.si</p>
<p><strong style="font-style: inherit; font-family: -apple-system, BlinkMacSystemFont,;">Janko Atelšek</strong><span style="font-style: inherit; font-family: -apple-system, BlinkMacSystemFont,;">, responsabile tecnico (strutture)<br /></span>+386 (0)5 67 12 080, tehnicnaogp@obalne-galerije.si</p>
<p><strong>Duška Đukić</strong>, mediatrice museale e grafica<br />+386 (0)5 67 12 097, +386 (0)5 67 30 660, ogptrzenje@gmail.com</p>
<p><strong>Sonja Kočevar</strong>, mediatrice museale<br />Galleria Herman Pečarič, via Lenin 2, 6330 Pirano<br />+386 (0)5 67 30 660</p>
<p><strong>Tina Nikolić Bombek</strong>, responsabile dell&#039;accoglienza in galleria<br />Galleria civica Pirano, piazza Tartini 3, 6330 Pirano<br />+386 (0)5 67 12 097</p>
<p><strong>Niko Mally</strong>, funzionario specializzato di livello autonomo<br />Galleria civica Pirano, piazza Tartini 3, 6330 Pirano<br />+386 (0)5 67 12 082, niko.mally@obalne-galerije.si</p>
<p>
</div></div></div><div class="kc-elm kc-css-471057 kc_col-sm-6 kc_column kc_col-sm-6"><div class="kc-col-container"><div class="kc-elm kc-css-821233 kc_text_block"></p>
<h4>COLLABORATORI ESTERNI</h4>
<p><strong>Giorgia Simioni,</strong> Creative director, Graphic &#038; web designer, Content creator<br />giorgia.simioni@gmail.com</p>
<p>
</div><div class="kc-elm kc-css-506815" style="height: 20px; clear: both; width:100%;"></div></div></div></div></div></section><section class="kc-elm kc-css-397141 kc_row"><div class="kc-row-container  kc-container"><div class="kc-wrap-columns"><div class="kc-elm kc-css-312423 kc_col-sm-12 kc_column kc_col-sm-12"><div class="kc-col-container"><div class="kc-elm kc-css-679727" style="height: 50px; clear: both; width:100%;"></div></div></div></div></div></section><section class="kc-elm kc-css-789140 kc_row"><div class="kc-row-container  kc-container"><div class="kc-wrap-columns"><div class="kc-elm kc-css-91025 kc_col-sm-12 kc_column kc_col-sm-12"><div class="kc-col-container"><div class="kc-elm kc-css-493737" style="height: 50px; clear: both; width:100%;"></div></div></div></div></div></section><section class="kc-elm kc-css-874381 kc_row"><div class="kc-row-container  kc-container"><div class="kc-wrap-columns"><div class="kc-elm kc-css-904772 kc_col-sm-6 kc_column kc_col-sm-6"><div class="kc-col-container"><div class="kc-elm kc-css-287262 kc_text_block"></p>
<h4><strong>INFO SEDI</strong></h4>
<p><strong> </strong></p>
<p><strong>Galleria Civica Pirano</strong></p>
<p>Reception: +386 (05) 67 12 097<br /><span style="font-style: inherit; font-family: -apple-system, BlinkMacSystemFont,;">Direzione centrale: +386 (05) 67 12 080<br /></span><span style="font-style: inherit; font-family: -apple-system, BlinkMacSystemFont,;">Contabile: +386 (05) 67 12 084</span></p>
<p><strong style="font-style: inherit; font-family: -apple-system, BlinkMacSystemFont,;"> </strong></p>
<p><strong>Galleria Herman Pečarič, Pirano</strong></p>
<p>Reception: +386 (05) 67 30 660<br /><span style="font-style: inherit; font-family: -apple-system, BlinkMacSystemFont,;">Dipartimento didattica: +386 (0) 70 76 09 50<br /></span><span style="font-style: inherit; font-family: -apple-system, BlinkMacSystemFont,;">Mediatrice museale e grafica: +386 (0) 41 81 88 28</span></p>
<p><strong> </strong></p>
<p><strong>Galleria Loggia, Capodistria</strong></p>
<p>Reception: +386 (05) 62 74 171</p>
<p><strong> </strong></p>
<p><strong>Galleria Medusa, Capodistria</strong></p>
<p>Curatela: + 386 (05) 627 4837</p>
<p><strong> </strong></p>
<p><strong>Ulica stare pošte, Capodistria</strong></p>
<p>Curatela e biblioteca: +386 (0) 562 74 322, <span style="font-style: inherit; font-family: -apple-system, BlinkMacSystemFont,;">+386 (0) 51 362 948</span></p>
<p><strong> </strong></p>
<p><strong>Servizio tecnico, Fizine-Portorož</strong></p>
<p><span style="font-style: inherit; font-family: -apple-system, BlinkMacSystemFont,;">Responsabile strutture: +386 (0) 51 362 973</span></p>
<p><strong> </strong></p>
<p><strong>Centro espositivo Monfort, Portorose</strong></p>
<p>Segreteria centrale: +386 (05) 67 12 080</p>
<p>
</div></div></div><div class="kc-elm kc-css-431049 kc_col-sm-6 kc_column kc_col-sm-6"><div class="kc-col-container"></div></div></div></div></section><section class="kc-elm kc-css-49441 kc_row"><div class="kc-row-container  kc-container"><div class="kc-wrap-columns"><div class="kc-elm kc-css-777709 kc_col-sm-12 kc_column kc_col-sm-12"><div class="kc-col-container"><div class="kc-elm kc-css-270616" style="height: 50px; clear: both; width:100%;"></div></div></div></div></div></section></p>
