{"id":4024,"date":"2021-05-19T21:56:12","date_gmt":"2021-05-19T19:56:12","guid":{"rendered":"http:\/\/www.obalne-galerije.si\/?page_id=4024"},"modified":"2021-11-28T13:29:14","modified_gmt":"2021-11-28T12:29:14","slug":"giornate-dellarchitettura","status":"publish","type":"page","link":"https:\/\/www.obalne-galerije.si\/it\/tradizionale\/giornate-dellarchitettura\/","title":{"rendered":"Giornate dell&#8217;architettura"},"content":{"rendered":"<p><section class=\"kc-elm kc-css-885564 kc_row\"><div class=\"kc-row-container  kc-container\"><div class=\"kc-wrap-columns\"><div class=\"kc-elm kc-css-821558 kc_col-sm-5 kc_column kc_col-sm-5\"><div class=\"kc-col-container\"><div class=\"kc-elm kc-css-961516 kc_shortcode kc_single_image\">\n\n        <img decoding=\"async\" src=\"https:\/\/www.obalne-galerije.si\/wp-content\/uploads\/2021\/06\/Piran-days-of-architecture.jpg\" class=\"\" alt=\"\" \/>    <\/div>\n<\/div><\/div><div class=\"kc-elm kc-css-990380 kc_col-sm-7 kc_column kc_col-sm-7\"><div class=\"kc-col-container\"><div class=\"kc-elm kc-css-633393 kc_text_block\"><\/p>\n<p>Le <em>Giornate piranesi dell&#039;architettura<\/em> (GPA) sono la conferenza internazionale di architettura con la pi\u00f9 lunga tradizione al mondo. Si tengono ogni anno dal 1983 il penultimo sabato di novembre nell&#039;incantevole Teatro Tartini della cittadina medievale di Pirano. Promotore e per lunghi anni presidente del comitato organizzatore della conferenza \u00e8 stato l&#039;architetto Vojteh Ravnikar (1943-2010). Dal 2008 dono dirette e organizzate da una nuova e giovane generazione di architetti.<\/p>\n<p>Obiettivo della conferenza \u00e8 quello di valorizzare i nuovi indirizzi, le tendenze e le idee pi\u00f9 innovative della produzione architettonica, anche nel contesto ambientale e paesaggistico. Le Giornate piranesi dell&#039;architettura mirano a scoprire e presentare architetti dalla creativit\u00e0 innovativa e, al tempo stesso, rispettosa del contesto geografico e culturale, quindi impegnati a conservare l&#039;identit\u00e0 e le diversit\u00e0 dei territori e delle singole specificit\u00e0 architettoniche.<\/p>\n<p>Nel corso degli anni alle conferenze sono intervenuti molti architetti affermati a livello mondiale, tra cui Friedrich Achleitner, Boris Podrecca, Heinz Tesar, Luigi Semerani, Gino Valle, Eduardo Souto de Moura, Alvaro Siza Vieira, Peter Zumthor, Enric Miralles, Sverre Fehn, Kenneth Frampton, David Chipperfield, Wang Shu. In seguito, molti di loro hanno ricevuto prestigiosi premi internazionali come il premio Pritzker, il premio europeo Mies van der Rohe e il Leone d\u2019oro alla Biennale di architettura di Venezia. Le GPA sono accompagnate ogni anno da una serie di mostre di architettura. Tra queste la pi\u00f9 importante \u00e8 la mostra internazionale del prestigioso Premio Piranesi.<\/p>\n<p>Il Premio internazionale Piranesi, conferito per la prima volta nel 1989 nell&#039;ambito della conferenza internazionale delle Giornate piranesi dell&#039;architettura, viene assegnato alle migliori realizzazioni architettoniche degli ultimi due anni nell&#039;area dell&#039;Europa centrale. Il premio prende il nome dall&#039;artista italiano del XVIII secolo, Giovanni Battista Piranesi (1720-1778), la cui famiglia aveva origini di Pirano. Ogni anno alla fine di ottobre i progetti vengono vagliati e poi proposti da una giuria di membri provenienti da otto diversi paesi: Austria, Repubblica Ceca, Grecia, Croazia, Italia, Ungheria, Slovacchia e Slovenia.<\/p>\n<p><a href=\"http:\/\/www.pida.si\">www.pida.si<\/a><\/p>\n<p>\n<\/div><\/div><\/div><\/div><\/div><\/section><section class=\"kc-elm kc-css-508590 kc_row\"><div class=\"kc-row-container  kc-container\"><div class=\"kc-wrap-columns\"><div class=\"kc-elm kc-css-539902 kc_col-sm-12 kc_column kc_col-sm-12\"><div class=\"kc-col-container\">\n<div class=\"kc-elm kc-css-875699 kc-title-wrap \">\n\n\t<h1 class=\"kc_title\">Edizioni:<\/h1>\n<\/div>\n<div class=\"kc-elm kc-css-230998\" style=\"height: 20px; clear: both; width:100%;\"><\/div><\/div><\/div><\/div><\/div><\/section><section class=\"kc-elm kc-css-676269 kc_row\"><div class=\"kc-row-container  kc-container\"><div class=\"kc-wrap-columns\"><div class=\"kc-elm kc-css-922747 kc_col-sm-12 kc_column kc_col-sm-12\"><div class=\"kc-col-container\"><div data-closeall=\"true\" class=\"kc-elm kc-css-453684 kc_accordion_wrapper\">\n<div class=\"kc-elm kc-css-927213 kc_accordion_section group \"><h3 class=\"kc_accordion_header ui-accordion-header\"><span class=\"ui-accordion-header-icon ui-icon\"><\/span><a href=\"#2021\" data-prevent=\"scroll\"><i class=\"\"><\/i> 2021<\/a><\/h3><div class=\"kc_accordion_content ui-accordion-content kc_clearfix\"><div class=\"kc-panel-body\"><div class=\"kc-elm kc-css-461106 kc_text_block\"><\/p>\n<p><a href=\"https:\/\/www.obalne-galerije.si\/it\/38-giornate-piranesi-dellarchitettura-cosa-si-puo-misurare-nellarchitettura\/\"><strong>Cosa si pu\u00f2 misurare nell&#039;architettura?<\/strong><\/a><\/p>\n<p>\n<\/div><\/div><\/div><\/div><div class=\"kc-elm kc-css-398670 kc_accordion_section group \"><h3 class=\"kc_accordion_header ui-accordion-header\"><span class=\"ui-accordion-header-icon ui-icon\"><\/span><a href=\"#2020\" data-prevent=\"scroll\"><i class=\"\"><\/i> 2020<\/a><\/h3><div class=\"kc_accordion_content ui-accordion-content kc_clearfix\"><div class=\"kc-panel-body\"><div class=\"kc-elm kc-css-768864 kc_text_block\"><\/p>\n<p><strong><a href=\"https:\/\/www.obalne-galerije.si\/architettura-alpina-slovena-2008-2018\/?lang=it\" target=\"_blank\" rel=\"noopener\">Architettura alpina slovena 2008\u20132018<\/a><\/strong><\/p>\n<p>\n<\/div><\/div><\/div><\/div><div class=\"kc-elm kc-css-12251 kc_accordion_section group \"><h3 class=\"kc_accordion_header ui-accordion-header\"><span class=\"ui-accordion-header-icon ui-icon\"><\/span><a href=\"#2019\" data-prevent=\"scroll\"><i class=\"\"><\/i> 2019<\/a><\/h3><div class=\"kc_accordion_content ui-accordion-content kc_clearfix\"><div class=\"kc-panel-body\"><div class=\"kc-elm kc-css-963835 kc_text_block\"><\/p>\n<p><a href=\"https:\/\/www.obalne-galerije.si\/arhitektura-skulptura-spomin-larte-monumentale-jugoslava-1945-1991\/?lang=it\" target=\"_blank\" rel=\"noopener\">Arhitektura. Skulptura. Spomin &#8211; L&#039;arte dei monumenti della Jugoslavia 1945\u20131991<\/a><\/p>\n<p>\n<\/div><\/div><\/div><\/div><\/div>\n<\/div><\/div><\/div><\/div><\/section><section class=\"kc-elm kc-css-793524 kc_row\"><div class=\"kc-row-container  kc-container\"><div class=\"kc-wrap-columns\"><div class=\"kc-elm kc-css-633950 kc_col-sm-12 kc_column kc_col-sm-12\"><div class=\"kc-col-container\"><div class=\"kc-elm kc-css-896874\" style=\"height: 100px; clear: both; width:100%;\"><\/div><\/div><\/div><\/div><\/div><\/section><\/p>\n","protected":false},"excerpt":{"rendered":"","protected":false},"author":1,"featured_media":0,"parent":4011,"menu_order":0,"comment_status":"closed","ping_status":"closed","template":"","meta":{"footnotes":""},"class_list":["post-4024","page","type-page","status-publish","hentry"],"acf":[],"_links":{"self":[{"href":"https:\/\/www.obalne-galerije.si\/it\/wp-json\/wp\/v2\/pages\/4024","targetHints":{"allow":["GET"]}}],"collection":[{"href":"https:\/\/www.obalne-galerije.si\/it\/wp-json\/wp\/v2\/pages"}],"about":[{"href":"https:\/\/www.obalne-galerije.si\/it\/wp-json\/wp\/v2\/types\/page"}],"author":[{"embeddable":true,"href":"https:\/\/www.obalne-galerije.si\/it\/wp-json\/wp\/v2\/users\/1"}],"replies":[{"embeddable":true,"href":"https:\/\/www.obalne-galerije.si\/it\/wp-json\/wp\/v2\/comments?post=4024"}],"version-history":[{"count":7,"href":"https:\/\/www.obalne-galerije.si\/it\/wp-json\/wp\/v2\/pages\/4024\/revisions"}],"predecessor-version":[{"id":12786,"href":"https:\/\/www.obalne-galerije.si\/it\/wp-json\/wp\/v2\/pages\/4024\/revisions\/12786"}],"up":[{"embeddable":true,"href":"https:\/\/www.obalne-galerije.si\/it\/wp-json\/wp\/v2\/pages\/4011"}],"wp:attachment":[{"href":"https:\/\/www.obalne-galerije.si\/it\/wp-json\/wp\/v2\/media?parent=4024"}],"curies":[{"name":"wp","href":"https:\/\/api.w.org\/{rel}","templated":true}]}}

<p><section class="kc-elm kc-css-885564 kc_row"><div class="kc-row-container  kc-container"><div class="kc-wrap-columns"><div class="kc-elm kc-css-821558 kc_col-sm-5 kc_column kc_col-sm-5"><div class="kc-col-container"><div class="kc-elm kc-css-961516 kc_shortcode kc_single_image">

        <img decoding="async" src="https://www.obalne-galerije.si/wp-content/uploads/2021/06/Piran-days-of-architecture.jpg" class="" alt="" />    </div>
</div></div><div class="kc-elm kc-css-990380 kc_col-sm-7 kc_column kc_col-sm-7"><div class="kc-col-container"><div class="kc-elm kc-css-633393 kc_text_block"></p>
<p>Le <em>Giornate piranesi dell&#039;architettura</em> (GPA) sono la conferenza internazionale di architettura con la più lunga tradizione al mondo. Si tengono ogni anno dal 1983 il penultimo sabato di novembre nell&#039;incantevole Teatro Tartini della cittadina medievale di Pirano. Promotore e per lunghi anni presidente del comitato organizzatore della conferenza è stato l&#039;architetto Vojteh Ravnikar (1943-2010). Dal 2008 dono dirette e organizzate da una nuova e giovane generazione di architetti.</p>
<p>Obiettivo della conferenza è quello di valorizzare i nuovi indirizzi, le tendenze e le idee più innovative della produzione architettonica, anche nel contesto ambientale e paesaggistico. Le Giornate piranesi dell&#039;architettura mirano a scoprire e presentare architetti dalla creatività innovativa e, al tempo stesso, rispettosa del contesto geografico e culturale, quindi impegnati a conservare l&#039;identità e le diversità dei territori e delle singole specificità architettoniche.</p>
<p>Nel corso degli anni alle conferenze sono intervenuti molti architetti affermati a livello mondiale, tra cui Friedrich Achleitner, Boris Podrecca, Heinz Tesar, Luigi Semerani, Gino Valle, Eduardo Souto de Moura, Alvaro Siza Vieira, Peter Zumthor, Enric Miralles, Sverre Fehn, Kenneth Frampton, David Chipperfield, Wang Shu. In seguito, molti di loro hanno ricevuto prestigiosi premi internazionali come il premio Pritzker, il premio europeo Mies van der Rohe e il Leone d’oro alla Biennale di architettura di Venezia. Le GPA sono accompagnate ogni anno da una serie di mostre di architettura. Tra queste la più importante è la mostra internazionale del prestigioso Premio Piranesi.</p>
<p>Il Premio internazionale Piranesi, conferito per la prima volta nel 1989 nell&#039;ambito della conferenza internazionale delle Giornate piranesi dell&#039;architettura, viene assegnato alle migliori realizzazioni architettoniche degli ultimi due anni nell&#039;area dell&#039;Europa centrale. Il premio prende il nome dall&#039;artista italiano del XVIII secolo, Giovanni Battista Piranesi (1720-1778), la cui famiglia aveva origini di Pirano. Ogni anno alla fine di ottobre i progetti vengono vagliati e poi proposti da una giuria di membri provenienti da otto diversi paesi: Austria, Repubblica Ceca, Grecia, Croazia, Italia, Ungheria, Slovacchia e Slovenia.</p>
<p><a href="http://www.pida.si">www.pida.si</a></p>
<p>
</div></div></div></div></div></section><section class="kc-elm kc-css-508590 kc_row"><div class="kc-row-container  kc-container"><div class="kc-wrap-columns"><div class="kc-elm kc-css-539902 kc_col-sm-12 kc_column kc_col-sm-12"><div class="kc-col-container">
<div class="kc-elm kc-css-875699 kc-title-wrap ">

	<h1 class="kc_title">Edizioni:</h1>
</div>
<div class="kc-elm kc-css-230998" style="height: 20px; clear: both; width:100%;"></div></div></div></div></div></section><section class="kc-elm kc-css-676269 kc_row"><div class="kc-row-container  kc-container"><div class="kc-wrap-columns"><div class="kc-elm kc-css-922747 kc_col-sm-12 kc_column kc_col-sm-12"><div class="kc-col-container"><div data-closeall="true" class="kc-elm kc-css-453684 kc_accordion_wrapper">
<div class="kc-elm kc-css-927213 kc_accordion_section group "><h3 class="kc_accordion_header ui-accordion-header"><span class="ui-accordion-header-icon ui-icon"></span><a href="#2021" data-prevent="scroll"><i class=""></i> 2021</a></h3><div class="kc_accordion_content ui-accordion-content kc_clearfix"><div class="kc-panel-body"><div class="kc-elm kc-css-461106 kc_text_block"></p>
<p><a href="https://www.obalne-galerije.si/it/38-giornate-piranesi-dellarchitettura-cosa-si-puo-misurare-nellarchitettura/"><strong>Cosa si può misurare nell&#039;architettura?</strong></a></p>
<p>
</div></div></div></div><div class="kc-elm kc-css-398670 kc_accordion_section group "><h3 class="kc_accordion_header ui-accordion-header"><span class="ui-accordion-header-icon ui-icon"></span><a href="#2020" data-prevent="scroll"><i class=""></i> 2020</a></h3><div class="kc_accordion_content ui-accordion-content kc_clearfix"><div class="kc-panel-body"><div class="kc-elm kc-css-768864 kc_text_block"></p>
<p><strong><a href="https://www.obalne-galerije.si/architettura-alpina-slovena-2008-2018/?lang=it" target="_blank" rel="noopener">Architettura alpina slovena 2008–2018</a></strong></p>
<p>
</div></div></div></div><div class="kc-elm kc-css-12251 kc_accordion_section group "><h3 class="kc_accordion_header ui-accordion-header"><span class="ui-accordion-header-icon ui-icon"></span><a href="#2019" data-prevent="scroll"><i class=""></i> 2019</a></h3><div class="kc_accordion_content ui-accordion-content kc_clearfix"><div class="kc-panel-body"><div class="kc-elm kc-css-963835 kc_text_block"></p>
<p><a href="https://www.obalne-galerije.si/arhitektura-skulptura-spomin-larte-monumentale-jugoslava-1945-1991/?lang=it" target="_blank" rel="noopener">Arhitektura. Skulptura. Spomin &#8211; L&#039;arte dei monumenti della Jugoslavia 1945–1991</a></p>
<p>
</div></div></div></div></div>
</div></div></div></div></section><section class="kc-elm kc-css-793524 kc_row"><div class="kc-row-container  kc-container"><div class="kc-wrap-columns"><div class="kc-elm kc-css-633950 kc_col-sm-12 kc_column kc_col-sm-12"><div class="kc-col-container"><div class="kc-elm kc-css-896874" style="height: 100px; clear: both; width:100%;"></div></div></div></div></div></section></p>
