{"id":4022,"date":"2021-05-19T21:47:16","date_gmt":"2021-05-19T19:47:16","guid":{"rendered":"http:\/\/www.obalne-galerije.si\/?page_id=4022"},"modified":"2023-11-17T19:56:50","modified_gmt":"2023-11-17T18:56:50","slug":"ex-tempore","status":"publish","type":"page","link":"https:\/\/www.obalne-galerije.si\/it\/tradizionale\/ex-tempore\/","title":{"rendered":"Ex-tempore"},"content":{"rendered":"<p><section class=\"kc-elm kc-css-415075 kc_row\"><div class=\"kc-row-container  kc-container\"><div class=\"kc-wrap-columns\"><div class=\"kc-elm kc-css-112762 kc_col-sm-12 kc_column kc_col-sm-12\"><div class=\"kc-col-container\">\n<div class=\"kc-elm kc-css-377506 kc-title-wrap \">\n\n\t<h3 class=\"kc_title\">Concorso internazionale di pittori dal 1966\r\n<\/h3>\n<\/div>\n<div class=\"kc-elm kc-css-654481 kc_row kc_row_inner\"><div class=\"kc-elm kc-css-939230 kc_col-sm-6 kc_column_inner kc_col-sm-6\"><div class=\"kc_wrapper kc-col-inner-container\"><div class=\"kc-elm kc-css-292895 kc_shortcode kc_single_image\">\n\n        <img decoding=\"async\" src=\"https:\/\/www.obalne-galerije.si\/wp-content\/uploads\/2021\/06\/Ex-Tempore-1979.jpg\" class=\"\" alt=\"\" \/>    <\/div>\n<\/div><\/div><div class=\"kc-elm kc-css-219829 kc_col-sm-6 kc_column_inner kc_col-sm-6\"><div class=\"kc_wrapper kc-col-inner-container\"><div class=\"kc-elm kc-css-120332 kc_text_block\"><\/p>\n<p>\nAlla fine dell&#039;estate si svolge a Pirano, una delle pi\u00f9 belle localit\u00e0 dell&#039;Istria slovena, la manifestazione internazionale di pittura <em>Ex tempore Pirano<\/em>. Questo incontro annuale \u00e8 aperto a tutti, senza limiti di et\u00e0 e preparazione artistica, rivolta sia a pittori affermati, che dilettanti. Non \u00e8 un caso che la sua istituzione sia stata promossa, nel 1966, proprio dal pittore dilettante piranese Pavle Zamar-Zappa.<\/p>\n<p>Sebbene in passato fossero gi\u00e0 stati organizzati incontri simili con la stessa denominazione (ad es. l\u2019<em>Extempore Contovello<\/em>, nell\u2019omonima localit\u00e0 presso Trieste, nel 1961 e nel 1962), quello di Pirano fu il solo a non avere vita breve e ad aver conservato la propria continuit\u00e0, diventando un appuntamento fisso delle Gallerie costiere. Con gli anni <em>Ex tempore<\/em> \u00e8 cresciuta, sia la sua organizzazione, che il programma di eventi, trasformandosi in una ramificata manifestazione d\u2019arte figurativa dall\u2019impronta ben riconoscibile in seno all\u2019offerta turistico-culturale del territorio.<\/p>\n<p>\n<\/div><\/div><\/div><\/div><div class=\"kc-elm kc-css-419683 kc_row kc_row_inner\"><div class=\"kc-elm kc-css-664605 kc_col-sm-6 kc_column_inner kc_col-sm-6\"><div class=\"kc_wrapper kc-col-inner-container\"><div class=\"kc-elm kc-css-927349 kc_shortcode kc_single_image\">\n\n        <img decoding=\"async\" src=\"https:\/\/www.obalne-galerije.si\/wp-content\/uploads\/2021\/06\/IMG_2714-2-scaled.jpg\" class=\"\" alt=\"\" \/>    <\/div>\n<div class=\"kc-elm kc-css-80494 kc_shortcode kc_single_image\">\n\n        <img decoding=\"async\" src=\"https:\/\/www.obalne-galerije.si\/wp-content\/uploads\/2021\/06\/IMG_4427-2-scaled.jpg\" class=\"\" alt=\"\" \/>    <\/div>\n<\/div><\/div><div class=\"kc-elm kc-css-703562 kc_col-sm-6 kc_column_inner kc_col-sm-6\"><div class=\"kc_wrapper kc-col-inner-container\"><div class=\"kc-elm kc-css-118737 kc_text_block\"><\/p>\n<p>\nI partecipanti provengono dalla Slovenia, dalla vicina Italia, dalla Croazia, dall\u2019Austria, ma anche da altri paesi del mondo. L\u2019evento, che ha carattere di concorso, costituisce una particolare sfida per i concorrenti che sono chiamati a realizzare la loro opera in un lasso di tempo relativamente breve, in alcune ore o pochi giorni. Successivamente una giuria di esperti seleziona i lavori per la mostra, tra cui vi sono anche le opere premiate. Oltre al premio principale &#8211; il <em>Grand prix<\/em> &#8211; e i premi destinati ai giovani assegnati dalle Gallerie costiere di Pirano (che andranno poi a incrementare la loro collezione d\u2019arte figurativa), ogni anno sono messi in palio altri premi conferiti dagli sponsor. In questo senso, la partecipazione degli sponsor ha contribuito a far lievitare il numero dei partecipanti, contribuendo a rendere la manifestazione riconoscibile in un pi\u00f9 vasto contesto culturale.<\/p>\n<p>\n<\/div><\/div><\/div><\/div><\/div><\/div><\/div><\/div><\/section><section class=\"kc-elm kc-css-389318 kc_row\"><div class=\"kc-row-container  kc-container\"><div class=\"kc-wrap-columns\"><div class=\"kc-elm kc-css-207526 kc_col-sm-12 kc_column kc_col-sm-12\"><div class=\"kc-col-container\"><div class=\"kc-elm kc-css-618455\" style=\"height: 20px; clear: both; width:100%;\"><\/div><\/div><\/div><\/div><\/div><\/section><\/p>\n","protected":false},"excerpt":{"rendered":"","protected":false},"author":1,"featured_media":0,"parent":4011,"menu_order":0,"comment_status":"closed","ping_status":"closed","template":"","meta":{"footnotes":""},"class_list":["post-4022","page","type-page","status-publish","hentry"],"acf":[],"_links":{"self":[{"href":"https:\/\/www.obalne-galerije.si\/it\/wp-json\/wp\/v2\/pages\/4022","targetHints":{"allow":["GET"]}}],"collection":[{"href":"https:\/\/www.obalne-galerije.si\/it\/wp-json\/wp\/v2\/pages"}],"about":[{"href":"https:\/\/www.obalne-galerije.si\/it\/wp-json\/wp\/v2\/types\/page"}],"author":[{"embeddable":true,"href":"https:\/\/www.obalne-galerije.si\/it\/wp-json\/wp\/v2\/users\/1"}],"replies":[{"embeddable":true,"href":"https:\/\/www.obalne-galerije.si\/it\/wp-json\/wp\/v2\/comments?post=4022"}],"version-history":[{"count":6,"href":"https:\/\/www.obalne-galerije.si\/it\/wp-json\/wp\/v2\/pages\/4022\/revisions"}],"predecessor-version":[{"id":19712,"href":"https:\/\/www.obalne-galerije.si\/it\/wp-json\/wp\/v2\/pages\/4022\/revisions\/19712"}],"up":[{"embeddable":true,"href":"https:\/\/www.obalne-galerije.si\/it\/wp-json\/wp\/v2\/pages\/4011"}],"wp:attachment":[{"href":"https:\/\/www.obalne-galerije.si\/it\/wp-json\/wp\/v2\/media?parent=4022"}],"curies":[{"name":"wp","href":"https:\/\/api.w.org\/{rel}","templated":true}]}}

<p><section class="kc-elm kc-css-415075 kc_row"><div class="kc-row-container  kc-container"><div class="kc-wrap-columns"><div class="kc-elm kc-css-112762 kc_col-sm-12 kc_column kc_col-sm-12"><div class="kc-col-container">
<div class="kc-elm kc-css-377506 kc-title-wrap ">

	<h3 class="kc_title">Concorso internazionale di pittori dal 1966
</h3>
</div>
<div class="kc-elm kc-css-654481 kc_row kc_row_inner"><div class="kc-elm kc-css-939230 kc_col-sm-6 kc_column_inner kc_col-sm-6"><div class="kc_wrapper kc-col-inner-container"><div class="kc-elm kc-css-292895 kc_shortcode kc_single_image">

        <img decoding="async" src="https://www.obalne-galerije.si/wp-content/uploads/2021/06/Ex-Tempore-1979.jpg" class="" alt="" />    </div>
</div></div><div class="kc-elm kc-css-219829 kc_col-sm-6 kc_column_inner kc_col-sm-6"><div class="kc_wrapper kc-col-inner-container"><div class="kc-elm kc-css-120332 kc_text_block"></p>
<p>
Alla fine dell&#039;estate si svolge a Pirano, una delle più belle località dell&#039;Istria slovena, la manifestazione internazionale di pittura <em>Ex tempore Pirano</em>. Questo incontro annuale è aperto a tutti, senza limiti di età e preparazione artistica, rivolta sia a pittori affermati, che dilettanti. Non è un caso che la sua istituzione sia stata promossa, nel 1966, proprio dal pittore dilettante piranese Pavle Zamar-Zappa.</p>
<p>Sebbene in passato fossero già stati organizzati incontri simili con la stessa denominazione (ad es. l’<em>Extempore Contovello</em>, nell’omonima località presso Trieste, nel 1961 e nel 1962), quello di Pirano fu il solo a non avere vita breve e ad aver conservato la propria continuità, diventando un appuntamento fisso delle Gallerie costiere. Con gli anni <em>Ex tempore</em> è cresciuta, sia la sua organizzazione, che il programma di eventi, trasformandosi in una ramificata manifestazione d’arte figurativa dall’impronta ben riconoscibile in seno all’offerta turistico-culturale del territorio.</p>
<p>
</div></div></div></div><div class="kc-elm kc-css-419683 kc_row kc_row_inner"><div class="kc-elm kc-css-664605 kc_col-sm-6 kc_column_inner kc_col-sm-6"><div class="kc_wrapper kc-col-inner-container"><div class="kc-elm kc-css-927349 kc_shortcode kc_single_image">

        <img decoding="async" src="https://www.obalne-galerije.si/wp-content/uploads/2021/06/IMG_2714-2-scaled.jpg" class="" alt="" />    </div>
<div class="kc-elm kc-css-80494 kc_shortcode kc_single_image">

        <img decoding="async" src="https://www.obalne-galerije.si/wp-content/uploads/2021/06/IMG_4427-2-scaled.jpg" class="" alt="" />    </div>
</div></div><div class="kc-elm kc-css-703562 kc_col-sm-6 kc_column_inner kc_col-sm-6"><div class="kc_wrapper kc-col-inner-container"><div class="kc-elm kc-css-118737 kc_text_block"></p>
<p>
I partecipanti provengono dalla Slovenia, dalla vicina Italia, dalla Croazia, dall’Austria, ma anche da altri paesi del mondo. L’evento, che ha carattere di concorso, costituisce una particolare sfida per i concorrenti che sono chiamati a realizzare la loro opera in un lasso di tempo relativamente breve, in alcune ore o pochi giorni. Successivamente una giuria di esperti seleziona i lavori per la mostra, tra cui vi sono anche le opere premiate. Oltre al premio principale &#8211; il <em>Grand prix</em> &#8211; e i premi destinati ai giovani assegnati dalle Gallerie costiere di Pirano (che andranno poi a incrementare la loro collezione d’arte figurativa), ogni anno sono messi in palio altri premi conferiti dagli sponsor. In questo senso, la partecipazione degli sponsor ha contribuito a far lievitare il numero dei partecipanti, contribuendo a rendere la manifestazione riconoscibile in un più vasto contesto culturale.</p>
<p>
</div></div></div></div></div></div></div></div></section><section class="kc-elm kc-css-389318 kc_row"><div class="kc-row-container  kc-container"><div class="kc-wrap-columns"><div class="kc-elm kc-css-207526 kc_col-sm-12 kc_column kc_col-sm-12"><div class="kc-col-container"><div class="kc-elm kc-css-618455" style="height: 20px; clear: both; width:100%;"></div></div></div></div></div></section></p>
