{"id":7867,"date":"2021-03-03T10:46:54","date_gmt":"2021-03-03T09:46:54","guid":{"rendered":"https:\/\/www.obalne-galerije.si\/?post_type=monthly_overview&#038;p=7867"},"modified":"2024-07-03T20:24:20","modified_gmt":"2024-07-03T18:24:20","slug":"appuntamenti-di-marzo-2021","status":"publish","type":"monthly_overview","link":"https:\/\/www.obalne-galerije.si\/it\/monthly_overview\/appuntamenti-di-marzo-2021\/","title":{"rendered":"Appuntamenti di marzo 2021"},"content":{"rendered":"<p><section class=\"kc-elm kc-css-974867 kc_row\"><div class=\"kc-row-container  kc-container\"><div class=\"kc-wrap-columns\"><div class=\"kc-elm kc-css-901187 kc_col-sm-12 kc_column kc_col-sm-12\"><div class=\"kc-col-container\"><div class=\"kc-elm kc-css-542000\" style=\"height: 20px; clear: both; width:100%;\"><\/div><\/div><\/div><\/div><\/div><\/section><section class=\"kc-elm kc-css-331375 kc_row\"><div class=\"kc-row-container  kc-container\"><div class=\"kc-wrap-columns\"><div class=\"kc-elm kc-css-17259 kc_col-sm-12 kc_column kc_col-sm-12\"><div class=\"kc-col-container\"><div class=\"kc-elm kc-css-382734 kc_text_block\"><\/p>\n<p>Compiaciuti del fatto che, nel rispetto delle norme di sicurezza, le gallerie sono nuovamente aperte al pubblico, le Gallerie costiere di Pirano attendono i loro ospiti affezionati e anche i nuovi visitatori. Per il mese di marzo annunciamo alcuni interessanti eventi, mostre e progetti pedagogici.<\/p>\n<p>L&#039;evento principale sar\u00e0 indubbiamente la mostra dell\u2019affermato artista sloveno LOJZE LOGAR (1944-2014) intitolata LOJZE LOGAR. INTERMEZZOZOIK, SARACOPHAG(U.S.), che sar\u00e0 visitabile dal 5 marzo al 18 aprile 2021 presso la Galleria Loggia di Capodistria e la Galleria civica di Pirano. Questa esposizione rientra nel progetto interistituzionale LOJZE LOGAR, RETROSPETTIVA 1968-2014, presentato per segmenti, cicli pittorici e in termini diversi in quattro gallerie slovene: Galleria carinziana degli artisti figurativi di Slovenj Gradec, Galleria di Murska Sobota, Galleria ZDSLU di Lubiana e Gallerie costiere di Pirano. <a href=\"https:\/\/www.obalne-galerije.si\/lojze-logar-intermezzozoik-sarcophagu-s\/\">Maggiori informazioni sul sito<\/a>.<\/p>\n<p>In aggiunta alla mostra proseguiamo con l\u2019iniziativa LE GALLERIE VERSO L&#039;ESTERNO. I motivi dei dipinti di Logar rivestiranno le vetrate del Caff\u00e8 cittadino (piano terra della Galleria in Piazza Tartini) che con questa sua nuova veste si fonder\u00e0 con l\u2019ambiente e con i contenuti espositivi della casa della cultura di Pirano.<\/p>\n<p><span style=\"font-style: inherit; font-family: -apple-system, BlinkMacSystemFont, \"Segoe UI\", Roboto, Oxygen-Sans, Ubuntu, Cantarell, \"Helvetica Neue\", sans-serif;\">Dal 4 al 5 marzo le Gallerie costiere parteciperanno gi\u00e0 per l\u2019ottava volta al progetto ArtDOWNUP, coordinato dal Centro per la comunicazione, l\u2019udito e la pronuncia di Portorose (CKSG). ArtDOWNUP \u00e8 un esempio unico di interazione creativa, sia nello stretto ambito locale sia in uno spazio nazionale e internazionale pi\u00f9 ampio. Quest&#039;anno, in via eccezionale, si svolger\u00e0 a distanza, grazie agli strumenti del web. I temi del progetto di questa edizione sono la notte, il buio e la vita notturna. Al laboratorio si daranno appuntamento insegnanti e studenti del Centro per la comunicazione, l\u2019udito e la pronuncia di Portorose, del Centro di abilitazione Elvira Vatovec di Strugnano, gli allievi dell\u2019Istituto educativo di Vi\u0161nja gora, i fruitori dell\u2019Associazione \u201cSklad Mitja \u010cuk\u201d di Opicina presso Trieste e gli allievi della Riverside School di Londra.<\/span><\/p>\n<p><span style=\"font-style: inherit; font-family: -apple-system, BlinkMacSystemFont, \"Segoe UI\", Roboto, Oxygen-Sans, Ubuntu, Cantarell, \"Helvetica Neue\", sans-serif;\">Nel mese di marzo la Galleria Herman Pe\u010dari\u010d di Pirano sar\u00e0 teatro di svariate attivit\u00e0. Tra l\u2019altro, il pubblico potr\u00e0 visitare fino all\u20198 marzo 2021 l\u2019installazione ambientale nel parco e sulle finestre della galleria, dove sono esposti alcuni ritratti selezionati del LABORATORIO GRAFICO DEDICATO A PRE\u0160EREN. Si pu\u00f2 seguire sul canale in rete anche il <\/span><a href=\"https:\/\/www.youtube.com\/watch?v=-SeOSKe5ymI\" style=\"font-style: inherit; font-family: -apple-system, BlinkMacSystemFont, \"Segoe UI\", Roboto, Oxygen-Sans, Ubuntu, Cantarell, \"Helvetica Neue\", sans-serif;\">video del laboratorio di febbraio<\/a><span style=\"font-style: inherit; font-family: -apple-system, BlinkMacSystemFont, \"Segoe UI\", Roboto, Oxygen-Sans, Ubuntu, Cantarell, \"Helvetica Neue\", sans-serif;\"> al quale partecipano alunni e studenti.<\/span><\/p>\n<p><span style=\"font-style: inherit; font-family: -apple-system, BlinkMacSystemFont, \"Segoe UI\", Roboto, Oxygen-Sans, Ubuntu, Cantarell, \"Helvetica Neue\", sans-serif;\">La mostra L&#039;ARTE DEGLI ALUNNI DURANTE IL \u201cLOCKDOWN\u201d sar\u00e0 visitabile nella stessa galleria dal 18 marzo al 16 aprile 2021. Saranno esposte le opere che gli alunni della seconda e della terza triade delle scuole elementari del Litorale hanno realizzato nel loro ambiente. Ci attendiamo le creazioni pi\u00f9 svariate, realizzate con tecniche, materiali e motivi diversi.<\/span><\/p>\n<p>Desideriamo inoltre ricordare l\u2019anniversario della nascita dell\u2019artista piranese Herman Pe\u010dari\u010d, nato a Scoffie il 6 marzo 1908. Celebreremo questa ricorrenza in una maniera particolare. Nei prossimi mesi organizzeremo una tavola rotonda e creeremo un nuovo allestimento tematico dal titolo HERMAN PE\u010cARI\u010c: PITTORE DI MOTIVI ISTRIANI. La mostra offrir\u00e0 uno spaccato di quella parte della sua produzione che nello spazio pittorico sloveno ha consentito all\u2019artista di affermarsi come un autore di motivi istriani chiaramente riconoscibile.<\/p>\n<p>Presso la Galleria Medusa di Capodistria prosegue la mostra DIALOGHI SILENZIOSI, dove si presentano due autori di fumetti ed animazioni &#8211; Gabriella Giandelli dall\u2019Italia e lo sloveno Ga\u0161per Rus. La mostra \u00e8 il risultato della collaborazione tra le GCP e lo Stripburger\/Forum di Lubiana e sar\u00e0 visitabile sino al 16 aprile. Nel mese di marzo organizzeremo una visita guidata e un incontro dedicato al fumetto con gli autori e la curatrice Katerina Mirovi\u0107. <a href=\"https:\/\/www.youtube.com\/watch?v=9O2Wlof7xv8\">Maggiori informazioni sul sito<\/a>.<\/p>\n<p>Anche quest&#039;anno le Gallerie costiere hanno aderito all\u2019iniziativa digitale AVANTI NEL PASSATO, organizzata dalla Comunit\u00e0 dei musei della Slovenia. Questa, che \u00e8 gi\u00e0 la terza edizione e si terr\u00e0 nella settimana dal 22 al 28 marzo 2021, ha per tema la Slovenia. In questa occasione le Gallerie costiere di Pirano presenteranno una selezione dei lavori compresi nelle collezioni di opere figurative delle GCP e alcune delle attivit\u00e0 in corso: il tutto sar\u00e0 trasmesso sul social network FB. <a href=\"https:\/\/www.facebook.com\/obalne.galerije.piran\">Collegati<\/a>!<\/p>\n<p>Siete gentilmente invitati, anche in rete per una visita \u201cvirtuale\u201d!<\/p>\n<p>\n<\/div><\/div><\/div><\/div><\/div><\/section><section class=\"kc-elm kc-css-550462 kc_row\"><div class=\"kc-row-container  kc-container\"><div class=\"kc-wrap-columns\"><div class=\"kc-elm kc-css-274450 kc_col-sm-12 kc_column kc_col-sm-12\"><div class=\"kc-col-container\"><div class=\"kc-elm kc-css-512554\" style=\"height: 20px; clear: both; width:100%;\"><\/div><\/div><\/div><\/div><\/div><\/section><\/p>\n","protected":false},"featured_media":11712,"template":"","class_list":["post-7867","monthly_overview","type-monthly_overview","status-publish","has-post-thumbnail","hentry"],"acf":[],"_links":{"self":[{"href":"https:\/\/www.obalne-galerije.si\/it\/wp-json\/wp\/v2\/monthly_overview\/7867","targetHints":{"allow":["GET"]}}],"collection":[{"href":"https:\/\/www.obalne-galerije.si\/it\/wp-json\/wp\/v2\/monthly_overview"}],"about":[{"href":"https:\/\/www.obalne-galerije.si\/it\/wp-json\/wp\/v2\/types\/monthly_overview"}],"wp:featuredmedia":[{"embeddable":true,"href":"https:\/\/www.obalne-galerije.si\/it\/wp-json\/wp\/v2\/media\/11712"}],"wp:attachment":[{"href":"https:\/\/www.obalne-galerije.si\/it\/wp-json\/wp\/v2\/media?parent=7867"}],"curies":[{"name":"wp","href":"https:\/\/api.w.org\/{rel}","templated":true}]}}

<p><section class="kc-elm kc-css-974867 kc_row"><div class="kc-row-container  kc-container"><div class="kc-wrap-columns"><div class="kc-elm kc-css-901187 kc_col-sm-12 kc_column kc_col-sm-12"><div class="kc-col-container"><div class="kc-elm kc-css-542000" style="height: 20px; clear: both; width:100%;"></div></div></div></div></div></section><section class="kc-elm kc-css-331375 kc_row"><div class="kc-row-container  kc-container"><div class="kc-wrap-columns"><div class="kc-elm kc-css-17259 kc_col-sm-12 kc_column kc_col-sm-12"><div class="kc-col-container"><div class="kc-elm kc-css-382734 kc_text_block"></p>
<p>Compiaciuti del fatto che, nel rispetto delle norme di sicurezza, le gallerie sono nuovamente aperte al pubblico, le Gallerie costiere di Pirano attendono i loro ospiti affezionati e anche i nuovi visitatori. Per il mese di marzo annunciamo alcuni interessanti eventi, mostre e progetti pedagogici.</p>
<p>L&#039;evento principale sarà indubbiamente la mostra dell’affermato artista sloveno LOJZE LOGAR (1944-2014) intitolata LOJZE LOGAR. INTERMEZZOZOIK, SARACOPHAG(U.S.), che sarà visitabile dal 5 marzo al 18 aprile 2021 presso la Galleria Loggia di Capodistria e la Galleria civica di Pirano. Questa esposizione rientra nel progetto interistituzionale LOJZE LOGAR, RETROSPETTIVA 1968-2014, presentato per segmenti, cicli pittorici e in termini diversi in quattro gallerie slovene: Galleria carinziana degli artisti figurativi di Slovenj Gradec, Galleria di Murska Sobota, Galleria ZDSLU di Lubiana e Gallerie costiere di Pirano. <a href="https://www.obalne-galerije.si/lojze-logar-intermezzozoik-sarcophagu-s/">Maggiori informazioni sul sito</a>.</p>
<p>In aggiunta alla mostra proseguiamo con l’iniziativa LE GALLERIE VERSO L&#039;ESTERNO. I motivi dei dipinti di Logar rivestiranno le vetrate del Caffè cittadino (piano terra della Galleria in Piazza Tartini) che con questa sua nuova veste si fonderà con l’ambiente e con i contenuti espositivi della casa della cultura di Pirano.</p>
<p><span style="font-style: inherit; font-family: -apple-system, BlinkMacSystemFont, "Segoe UI", Roboto, Oxygen-Sans, Ubuntu, Cantarell, "Helvetica Neue", sans-serif;">Dal 4 al 5 marzo le Gallerie costiere parteciperanno già per l’ottava volta al progetto ArtDOWNUP, coordinato dal Centro per la comunicazione, l’udito e la pronuncia di Portorose (CKSG). ArtDOWNUP è un esempio unico di interazione creativa, sia nello stretto ambito locale sia in uno spazio nazionale e internazionale più ampio. Quest&#039;anno, in via eccezionale, si svolgerà a distanza, grazie agli strumenti del web. I temi del progetto di questa edizione sono la notte, il buio e la vita notturna. Al laboratorio si daranno appuntamento insegnanti e studenti del Centro per la comunicazione, l’udito e la pronuncia di Portorose, del Centro di abilitazione Elvira Vatovec di Strugnano, gli allievi dell’Istituto educativo di Višnja gora, i fruitori dell’Associazione “Sklad Mitja Čuk” di Opicina presso Trieste e gli allievi della Riverside School di Londra.</span></p>
<p><span style="font-style: inherit; font-family: -apple-system, BlinkMacSystemFont, "Segoe UI", Roboto, Oxygen-Sans, Ubuntu, Cantarell, "Helvetica Neue", sans-serif;">Nel mese di marzo la Galleria Herman Pečarič di Pirano sarà teatro di svariate attività. Tra l’altro, il pubblico potrà visitare fino all’8 marzo 2021 l’installazione ambientale nel parco e sulle finestre della galleria, dove sono esposti alcuni ritratti selezionati del LABORATORIO GRAFICO DEDICATO A PREŠEREN. Si può seguire sul canale in rete anche il </span><a href="https://www.youtube.com/watch?v=-SeOSKe5ymI" style="font-style: inherit; font-family: -apple-system, BlinkMacSystemFont, "Segoe UI", Roboto, Oxygen-Sans, Ubuntu, Cantarell, "Helvetica Neue", sans-serif;">video del laboratorio di febbraio</a><span style="font-style: inherit; font-family: -apple-system, BlinkMacSystemFont, "Segoe UI", Roboto, Oxygen-Sans, Ubuntu, Cantarell, "Helvetica Neue", sans-serif;"> al quale partecipano alunni e studenti.</span></p>
<p><span style="font-style: inherit; font-family: -apple-system, BlinkMacSystemFont, "Segoe UI", Roboto, Oxygen-Sans, Ubuntu, Cantarell, "Helvetica Neue", sans-serif;">La mostra L&#039;ARTE DEGLI ALUNNI DURANTE IL “LOCKDOWN” sarà visitabile nella stessa galleria dal 18 marzo al 16 aprile 2021. Saranno esposte le opere che gli alunni della seconda e della terza triade delle scuole elementari del Litorale hanno realizzato nel loro ambiente. Ci attendiamo le creazioni più svariate, realizzate con tecniche, materiali e motivi diversi.</span></p>
<p>Desideriamo inoltre ricordare l’anniversario della nascita dell’artista piranese Herman Pečarič, nato a Scoffie il 6 marzo 1908. Celebreremo questa ricorrenza in una maniera particolare. Nei prossimi mesi organizzeremo una tavola rotonda e creeremo un nuovo allestimento tematico dal titolo HERMAN PEČARIČ: PITTORE DI MOTIVI ISTRIANI. La mostra offrirà uno spaccato di quella parte della sua produzione che nello spazio pittorico sloveno ha consentito all’artista di affermarsi come un autore di motivi istriani chiaramente riconoscibile.</p>
<p>Presso la Galleria Medusa di Capodistria prosegue la mostra DIALOGHI SILENZIOSI, dove si presentano due autori di fumetti ed animazioni &#8211; Gabriella Giandelli dall’Italia e lo sloveno Gašper Rus. La mostra è il risultato della collaborazione tra le GCP e lo Stripburger/Forum di Lubiana e sarà visitabile sino al 16 aprile. Nel mese di marzo organizzeremo una visita guidata e un incontro dedicato al fumetto con gli autori e la curatrice Katerina Mirović. <a href="https://www.youtube.com/watch?v=9O2Wlof7xv8">Maggiori informazioni sul sito</a>.</p>
<p>Anche quest&#039;anno le Gallerie costiere hanno aderito all’iniziativa digitale AVANTI NEL PASSATO, organizzata dalla Comunità dei musei della Slovenia. Questa, che è già la terza edizione e si terrà nella settimana dal 22 al 28 marzo 2021, ha per tema la Slovenia. In questa occasione le Gallerie costiere di Pirano presenteranno una selezione dei lavori compresi nelle collezioni di opere figurative delle GCP e alcune delle attività in corso: il tutto sarà trasmesso sul social network FB. <a href="https://www.facebook.com/obalne.galerije.piran">Collegati</a>!</p>
<p>Siete gentilmente invitati, anche in rete per una visita “virtuale”!</p>
<p>
</div></div></div></div></div></section><section class="kc-elm kc-css-550462 kc_row"><div class="kc-row-container  kc-container"><div class="kc-wrap-columns"><div class="kc-elm kc-css-274450 kc_col-sm-12 kc_column kc_col-sm-12"><div class="kc-col-container"><div class="kc-elm kc-css-512554" style="height: 20px; clear: both; width:100%;"></div></div></div></div></div></section></p>
