{"id":7063,"date":"2021-07-07T09:57:36","date_gmt":"2021-07-07T07:57:36","guid":{"rendered":"https:\/\/www.obalne-galerije.si\/?post_type=monthly_overview&#038;p=7063"},"modified":"2024-07-03T20:23:59","modified_gmt":"2024-07-03T18:23:59","slug":"appuntamenti-di-luglio-2021","status":"publish","type":"monthly_overview","link":"https:\/\/www.obalne-galerije.si\/it\/monthly_overview\/appuntamenti-di-luglio-2021\/","title":{"rendered":"Appuntamenti di luglio 2021"},"content":{"rendered":"<p><section class=\"kc-elm kc-css-913982 kc_row\"><div class=\"kc-row-container  kc-container\"><div class=\"kc-wrap-columns\"><div class=\"kc-elm kc-css-447208 kc_col-sm-12 kc_column kc_col-sm-12\"><div class=\"kc-col-container\"><div class=\"kc-elm kc-css-640895\" style=\"height: 50px; clear: both; width:100%;\"><\/div><\/div><\/div><\/div><\/div><\/section><section class=\"kc-elm kc-css-43517 kc_row\"><div class=\"kc-row-container  kc-container\"><div class=\"kc-wrap-columns\"><div class=\"kc-elm kc-css-289333 kc_col-sm-12 kc_column kc_col-sm-12\"><div class=\"kc-col-container\"><div class=\"kc-elm kc-css-687118 kc_text_block\"><\/p>\n<p>Per i mesi estivi, le Gallerie Costiere di Pirano stanno preparando il nuovo programma di mostre ed eventi, dedicato principalmente agli artisti del litorale.<\/p>\n<p><strong>Dal 2 luglio al 5 settembre<\/strong>, la Galleria Loggia di Capodistria ospiter\u00e0 una mostra personale dell\u2019artista locale <strong>Tilen \u017dbona<\/strong>, dal titolo <em>Riflesso Lunare<\/em>, che comprende una selezione delle sue opere pittoriche pi\u00f9 recenti, che interagiscono con lo spazio attraverso immagini digitali. L\u2019autore mantiene nelle opere pi\u00f9 recenti l\u2019energia del gesto astratto che caratterizzava i dipinti dei suoi esordi artistici, quando gi\u00e0 combinava i procedimenti pittorici classici con la sperimentazione dei nuovi media.<\/p>\n<p>\n<\/div><\/div><\/div><\/div><\/div><\/section><section class=\"kc-elm kc-css-592240 kc_row\"><div class=\"kc-row-container  kc-container\"><div class=\"kc-wrap-columns\"><div class=\"kc-elm kc-css-125205 kc_col-sm-12 kc_column kc_col-sm-12\"><div class=\"kc-col-container\"><div class=\"kc-elm kc-css-589904\" style=\"height: 50px; clear: both; width:100%;\"><\/div><\/div><\/div><\/div><\/div><\/section><section class=\"kc-elm kc-css-305885 kc_row\"><div class=\"kc-row-container  kc-container\"><div class=\"kc-wrap-columns\"><div class=\"kc-elm kc-css-810643 kc_col-sm-12 kc_column kc_col-sm-12\"><div class=\"kc-col-container\"><div class=\"kc-elm kc-css-541577 kc_shortcode kc_single_image\">\n\n        <img decoding=\"async\" src=\"https:\/\/www.obalne-galerije.si\/wp-content\/uploads\/2021\/07\/IMG-2250-copia-scaled-600x400xc.jpg\" class=\"\" alt=\"\" \/>    <\/div>\n<\/div><\/div><\/div><\/div><\/section><section class=\"kc-elm kc-css-418046 kc_row\"><div class=\"kc-row-container  kc-container\"><div class=\"kc-wrap-columns\"><div class=\"kc-elm kc-css-289551 kc_col-sm-12 kc_column kc_col-sm-12\"><div class=\"kc-col-container\"><div class=\"kc-elm kc-css-645633\" style=\"height: 50px; clear: both; width:100%;\"><\/div><\/div><\/div><\/div><\/div><\/section><section class=\"kc-elm kc-css-740561 kc_row\"><div class=\"kc-row-container  kc-container\"><div class=\"kc-wrap-columns\"><div class=\"kc-elm kc-css-509660 kc_col-sm-12 kc_column kc_col-sm-12\"><div class=\"kc-col-container\"><div class=\"kc-elm kc-css-420096 kc_text_block\"><\/p>\n<p><strong>Mira Li\u010den<\/strong> \u00e8 un\u2019affermata pittrice e restauratrice piranese. La sua pittura colorata ed espressiva tende all\u2019astratto, sebbene suggerisca un punto di partenza figurativo legato al culto del genius loci e alla dimensione spirituale dei suoi lavori, mutuata dalle tradizioni religiose europee. A distanza di un decennio dalla retrospettiva organizzata dal gruppo GCP alla galleria veneziana A+A, le Gallerie Costiere presentano nella galleria civica di Pirano una mostra di dipinti e sculture in vetro dal titolo <em>Lux et Vox<\/em>, in mostra dal <strong>9 luglio al 29 agosto<\/strong>.<\/p>\n<p>\n<\/div><\/div><\/div><\/div><\/div><\/section><section class=\"kc-elm kc-css-916601 kc_row\"><div class=\"kc-row-container  kc-container\"><div class=\"kc-wrap-columns\"><div class=\"kc-elm kc-css-695691 kc_col-sm-12 kc_column kc_col-sm-12\"><div class=\"kc-col-container\"><div class=\"kc-elm kc-css-94785\" style=\"height: 50px; clear: both; width:100%;\"><\/div><\/div><\/div><\/div><\/div><\/section><section class=\"kc-elm kc-css-649582 kc_row\"><div class=\"kc-row-container  kc-container\"><div class=\"kc-wrap-columns\"><div class=\"kc-elm kc-css-286650 kc_col-sm-12 kc_column kc_col-sm-12\"><div class=\"kc-col-container\"><div class=\"kc-elm kc-css-954484 kc_text_block\"><\/p>\n<p>La Galleria Herman Pe\u010dari\u010d di Pirano ospita la mostra di scultura di <strong>Vojc Sodnikar Ponis<\/strong> (1959-2019) intitolata <em>Kamen\u010dki\/Pietruzze<\/em>. Le Gallerie Costiere, in collaborazione con la Comunit\u00e0 Italiana Giuseppe Tartini di Pirano, sta organizzando una visita guidata alla mostra, che si svolger\u00e0 domenica 11 luglio 2021 alle ore 17:00 nell\u2019Atelier di Vojc situato in Parecag 24, Sicciole, e proseguir\u00e0 alle 18:30 alla Galleria Herman Pe\u010dari\u010d. La carriera e la vita dello scultore saranno presentate dal critico d\u2019arte <strong>Enzo Santese<\/strong>.<\/p>\n<p>\n<\/div><\/div><\/div><\/div><\/div><\/section><section class=\"kc-elm kc-css-643863 kc_row\"><div class=\"kc-row-container  kc-container\"><div class=\"kc-wrap-columns\"><div class=\"kc-elm kc-css-598201 kc_col-sm-12 kc_column kc_col-sm-12\"><div class=\"kc-col-container\"><div class=\"kc-elm kc-css-732271 kc_shortcode kc_single_image\">\n\n        <img decoding=\"async\" src=\"https:\/\/www.obalne-galerije.si\/wp-content\/uploads\/2021\/07\/DSC_8713-600x400xc.jpg\" class=\"\" alt=\"\" \/>    <\/div>\n<\/div><\/div><\/div><\/div><\/section><section class=\"kc-elm kc-css-841266 kc_row\"><div class=\"kc-row-container  kc-container\"><div class=\"kc-wrap-columns\"><div class=\"kc-elm kc-css-84172 kc_col-sm-12 kc_column kc_col-sm-12\"><div class=\"kc-col-container\"><div class=\"kc-elm kc-css-735835\" style=\"height: 50px; clear: both; width:100%;\"><\/div><\/div><\/div><\/div><\/div><\/section><section class=\"kc-elm kc-css-302593 kc_row\"><div class=\"kc-row-container  kc-container\"><div class=\"kc-wrap-columns\"><div class=\"kc-elm kc-css-994247 kc_col-sm-12 kc_column kc_col-sm-12\"><div class=\"kc-col-container\"><div class=\"kc-elm kc-css-452945 kc_text_block\"><\/p>\n<p>La mostra fotografica <strong>DK Scotoma<\/strong>, ospitata dalla Galleria Loggia di Capodistria, \u00e8 giunta al termine. \u00c8 possibile vedere online il video di presentazione, che comprende interviste all\u2019artista e ai curatori, sul sito delle Gallerie Costiere.<\/p>\n<p>\n<\/div><\/div><\/div><\/div><\/div><\/section><section class=\"kc-elm kc-css-329089 kc_row\"><div class=\"kc-row-container  kc-container\"><div class=\"kc-wrap-columns\"><div class=\"kc-elm kc-css-772749 kc_col-sm-12 kc_column kc_col-sm-12\"><div class=\"kc-col-container\"><div class=\"kc-elm kc-css-515108\" style=\"height: 50px; clear: both; width:100%;\"><\/div><\/div><\/div><\/div><\/div><\/section><section class=\"kc-elm kc-css-687110 kc_row\"><div class=\"kc-row-container  kc-container\"><div class=\"kc-wrap-columns\"><div class=\"kc-elm kc-css-831222 kc_col-sm-12 kc_column kc_col-sm-12\"><div class=\"kc-col-container\">\n\t<div class=\"kc-elm kc-css-715131 kc_shortcode kc_video_play kc_video_wrapper\" data-video=\"https:\/\/www.youtube.com\/watch?v=Nfx8TKt3YDM\" data-width=\"600\" data-height=\"338.98305084746\" data-fullwidth=\"\" data-autoplay=\"\" data-loop=\"\" data-control=\"yes\" data-related=\"\" data-showinfo=\"\" data-kc-video-mute=\"\">\n\t\t\t<\/div>\n\n<\/div><\/div><\/div><\/div><\/section><section class=\"kc-elm kc-css-348829 kc_row\"><div class=\"kc-row-container  kc-container\"><div class=\"kc-wrap-columns\"><div class=\"kc-elm kc-css-728954 kc_col-sm-12 kc_column kc_col-sm-12\"><div class=\"kc-col-container\"><div class=\"kc-elm kc-css-974036\" style=\"height: 50px; clear: both; width:100%;\"><\/div><\/div><\/div><\/div><\/div><\/section><\/p>\n","protected":false},"featured_media":11681,"template":"","class_list":["post-7063","monthly_overview","type-monthly_overview","status-publish","has-post-thumbnail","hentry"],"acf":[],"_links":{"self":[{"href":"https:\/\/www.obalne-galerije.si\/it\/wp-json\/wp\/v2\/monthly_overview\/7063","targetHints":{"allow":["GET"]}}],"collection":[{"href":"https:\/\/www.obalne-galerije.si\/it\/wp-json\/wp\/v2\/monthly_overview"}],"about":[{"href":"https:\/\/www.obalne-galerije.si\/it\/wp-json\/wp\/v2\/types\/monthly_overview"}],"wp:featuredmedia":[{"embeddable":true,"href":"https:\/\/www.obalne-galerije.si\/it\/wp-json\/wp\/v2\/media\/11681"}],"wp:attachment":[{"href":"https:\/\/www.obalne-galerije.si\/it\/wp-json\/wp\/v2\/media?parent=7063"}],"curies":[{"name":"wp","href":"https:\/\/api.w.org\/{rel}","templated":true}]}}

<p><section class="kc-elm kc-css-913982 kc_row"><div class="kc-row-container  kc-container"><div class="kc-wrap-columns"><div class="kc-elm kc-css-447208 kc_col-sm-12 kc_column kc_col-sm-12"><div class="kc-col-container"><div class="kc-elm kc-css-640895" style="height: 50px; clear: both; width:100%;"></div></div></div></div></div></section><section class="kc-elm kc-css-43517 kc_row"><div class="kc-row-container  kc-container"><div class="kc-wrap-columns"><div class="kc-elm kc-css-289333 kc_col-sm-12 kc_column kc_col-sm-12"><div class="kc-col-container"><div class="kc-elm kc-css-687118 kc_text_block"></p>
<p>Per i mesi estivi, le Gallerie Costiere di Pirano stanno preparando il nuovo programma di mostre ed eventi, dedicato principalmente agli artisti del litorale.</p>
<p><strong>Dal 2 luglio al 5 settembre</strong>, la Galleria Loggia di Capodistria ospiterà una mostra personale dell’artista locale <strong>Tilen Žbona</strong>, dal titolo <em>Riflesso Lunare</em>, che comprende una selezione delle sue opere pittoriche più recenti, che interagiscono con lo spazio attraverso immagini digitali. L’autore mantiene nelle opere più recenti l’energia del gesto astratto che caratterizzava i dipinti dei suoi esordi artistici, quando già combinava i procedimenti pittorici classici con la sperimentazione dei nuovi media.</p>
<p>
</div></div></div></div></div></section><section class="kc-elm kc-css-592240 kc_row"><div class="kc-row-container  kc-container"><div class="kc-wrap-columns"><div class="kc-elm kc-css-125205 kc_col-sm-12 kc_column kc_col-sm-12"><div class="kc-col-container"><div class="kc-elm kc-css-589904" style="height: 50px; clear: both; width:100%;"></div></div></div></div></div></section><section class="kc-elm kc-css-305885 kc_row"><div class="kc-row-container  kc-container"><div class="kc-wrap-columns"><div class="kc-elm kc-css-810643 kc_col-sm-12 kc_column kc_col-sm-12"><div class="kc-col-container"><div class="kc-elm kc-css-541577 kc_shortcode kc_single_image">

        <img decoding="async" src="https://www.obalne-galerije.si/wp-content/uploads/2021/07/IMG-2250-copia-scaled-600x400xc.jpg" class="" alt="" />    </div>
</div></div></div></div></section><section class="kc-elm kc-css-418046 kc_row"><div class="kc-row-container  kc-container"><div class="kc-wrap-columns"><div class="kc-elm kc-css-289551 kc_col-sm-12 kc_column kc_col-sm-12"><div class="kc-col-container"><div class="kc-elm kc-css-645633" style="height: 50px; clear: both; width:100%;"></div></div></div></div></div></section><section class="kc-elm kc-css-740561 kc_row"><div class="kc-row-container  kc-container"><div class="kc-wrap-columns"><div class="kc-elm kc-css-509660 kc_col-sm-12 kc_column kc_col-sm-12"><div class="kc-col-container"><div class="kc-elm kc-css-420096 kc_text_block"></p>
<p><strong>Mira Ličen</strong> è un’affermata pittrice e restauratrice piranese. La sua pittura colorata ed espressiva tende all’astratto, sebbene suggerisca un punto di partenza figurativo legato al culto del genius loci e alla dimensione spirituale dei suoi lavori, mutuata dalle tradizioni religiose europee. A distanza di un decennio dalla retrospettiva organizzata dal gruppo GCP alla galleria veneziana A+A, le Gallerie Costiere presentano nella galleria civica di Pirano una mostra di dipinti e sculture in vetro dal titolo <em>Lux et Vox</em>, in mostra dal <strong>9 luglio al 29 agosto</strong>.</p>
<p>
</div></div></div></div></div></section><section class="kc-elm kc-css-916601 kc_row"><div class="kc-row-container  kc-container"><div class="kc-wrap-columns"><div class="kc-elm kc-css-695691 kc_col-sm-12 kc_column kc_col-sm-12"><div class="kc-col-container"><div class="kc-elm kc-css-94785" style="height: 50px; clear: both; width:100%;"></div></div></div></div></div></section><section class="kc-elm kc-css-649582 kc_row"><div class="kc-row-container  kc-container"><div class="kc-wrap-columns"><div class="kc-elm kc-css-286650 kc_col-sm-12 kc_column kc_col-sm-12"><div class="kc-col-container"><div class="kc-elm kc-css-954484 kc_text_block"></p>
<p>La Galleria Herman Pečarič di Pirano ospita la mostra di scultura di <strong>Vojc Sodnikar Ponis</strong> (1959-2019) intitolata <em>Kamenčki/Pietruzze</em>. Le Gallerie Costiere, in collaborazione con la Comunità Italiana Giuseppe Tartini di Pirano, sta organizzando una visita guidata alla mostra, che si svolgerà domenica 11 luglio 2021 alle ore 17:00 nell’Atelier di Vojc situato in Parecag 24, Sicciole, e proseguirà alle 18:30 alla Galleria Herman Pečarič. La carriera e la vita dello scultore saranno presentate dal critico d’arte <strong>Enzo Santese</strong>.</p>
<p>
</div></div></div></div></div></section><section class="kc-elm kc-css-643863 kc_row"><div class="kc-row-container  kc-container"><div class="kc-wrap-columns"><div class="kc-elm kc-css-598201 kc_col-sm-12 kc_column kc_col-sm-12"><div class="kc-col-container"><div class="kc-elm kc-css-732271 kc_shortcode kc_single_image">

        <img decoding="async" src="https://www.obalne-galerije.si/wp-content/uploads/2021/07/DSC_8713-600x400xc.jpg" class="" alt="" />    </div>
</div></div></div></div></section><section class="kc-elm kc-css-841266 kc_row"><div class="kc-row-container  kc-container"><div class="kc-wrap-columns"><div class="kc-elm kc-css-84172 kc_col-sm-12 kc_column kc_col-sm-12"><div class="kc-col-container"><div class="kc-elm kc-css-735835" style="height: 50px; clear: both; width:100%;"></div></div></div></div></div></section><section class="kc-elm kc-css-302593 kc_row"><div class="kc-row-container  kc-container"><div class="kc-wrap-columns"><div class="kc-elm kc-css-994247 kc_col-sm-12 kc_column kc_col-sm-12"><div class="kc-col-container"><div class="kc-elm kc-css-452945 kc_text_block"></p>
<p>La mostra fotografica <strong>DK Scotoma</strong>, ospitata dalla Galleria Loggia di Capodistria, è giunta al termine. È possibile vedere online il video di presentazione, che comprende interviste all’artista e ai curatori, sul sito delle Gallerie Costiere.</p>
<p>
</div></div></div></div></div></section><section class="kc-elm kc-css-329089 kc_row"><div class="kc-row-container  kc-container"><div class="kc-wrap-columns"><div class="kc-elm kc-css-772749 kc_col-sm-12 kc_column kc_col-sm-12"><div class="kc-col-container"><div class="kc-elm kc-css-515108" style="height: 50px; clear: both; width:100%;"></div></div></div></div></div></section><section class="kc-elm kc-css-687110 kc_row"><div class="kc-row-container  kc-container"><div class="kc-wrap-columns"><div class="kc-elm kc-css-831222 kc_col-sm-12 kc_column kc_col-sm-12"><div class="kc-col-container">
	<div class="kc-elm kc-css-715131 kc_shortcode kc_video_play kc_video_wrapper" data-video="https://www.youtube.com/watch?v=Nfx8TKt3YDM" data-width="600" data-height="338.98305084746" data-fullwidth="" data-autoplay="" data-loop="" data-control="yes" data-related="" data-showinfo="" data-kc-video-mute="">
			</div>

</div></div></div></div></section><section class="kc-elm kc-css-348829 kc_row"><div class="kc-row-container  kc-container"><div class="kc-wrap-columns"><div class="kc-elm kc-css-728954 kc_col-sm-12 kc_column kc_col-sm-12"><div class="kc-col-container"><div class="kc-elm kc-css-974036" style="height: 50px; clear: both; width:100%;"></div></div></div></div></div></section></p>
