{"id":21465,"date":"2024-06-03T20:18:47","date_gmt":"2024-06-03T18:18:47","guid":{"rendered":"https:\/\/www.obalne-galerije.si\/?post_type=monthly_overview&#038;p=21465"},"modified":"2024-07-03T20:18:56","modified_gmt":"2024-07-03T18:18:56","slug":"appuntamenti-di-giugno-2024","status":"publish","type":"monthly_overview","link":"https:\/\/www.obalne-galerije.si\/it\/monthly_overview\/appuntamenti-di-giugno-2024\/","title":{"rendered":"Appuntamenti di giugno 2024"},"content":{"rendered":"<h3><strong>PROGRAMMA PUBBLICO DI MOSTRE ED EVENTI PER IL MESE DI GIUGNO 2024<\/strong><\/h3>\n<p><!--more--><\/p>\n<p>&nbsp;<\/p>\n<p><strong>NOTTE DEI MUSEI D&#8217;ESTATE 2024 \u2013 GALLERIA CIVICA PIRANO<br \/>\n<\/strong><strong>SEMPRE DISPONIBILE. POSIZIONI FEMMINISTE NELLE ARTI VISIVE DALLA SLOVENIA<\/strong> <strong><br \/>\n<\/strong><strong>17 maggio \u2013 18 agosto 2024<\/strong><\/p>\n<p><strong>Sabato 15 giugno 2024, dalle ore 18.00 alle 19.00<\/strong><\/p>\n<p><strong>Una conversazione con Jasna Podreka, Ph.D., sociologa e assistente professore presso la Facolt\u00e0 di Lettere dell&#8217;Universit\u00e0 di Lubiana<\/strong><\/p>\n<p>Nell&#8217;ambito della tradizionale iniziativa museale, quest&#8217;anno ospiteremo la dottoressa Jasna Podreka, Ph.D., sociologa e assistente professore presso la Facolt\u00e0 di Lettere di Lubiana, che concentra la sua ricerca scientifica sul lato oscuro della nostra societ\u00e0, ovvero sulla violenza contro le donne. I temi esplorati da Podreka, che sono direttamente legati ad uno dei lavori esposti nella mostra collettiva di Tanja La\u017eeti\u0107 e in generale ai processi di discriminazione contro le donne nella nostra societ\u00e0, all&#8217;ascesa di una nuova misoginia e di una moralit\u00e0 post-patriarcale, saranno oggetto di un dialogo aperto con Mara Ambro\u017ei\u010d Verderber, direttrice delle Gallerie costiere di Pirano.<br \/>\n<a href=\"https:\/\/www.obalne-galerije.si\/it\/notte-dei-musei-2024-conferenza-con-jasna-podreka\/\">Maggiori informazioni\u2026<\/a><\/p>\n<p><em>In occasione della NOTTE DEI MUSEI 2024 tutte le gallerie e spazi espositivi rimarranno aperti fino alle ore 22:00 (Galleria Loggia, Galleria Monfort, Galleria Civica e Galleria Herman Pe\u010dari\u010d).<\/em><\/p>\n<p>&nbsp;<\/p>\n<p><strong>NOTTE DEI MUSEI D&#8217;ESTATE 2024 <\/strong><strong>\u2013 GALLERIA LOGGIA CAPODISTRIA<br \/>\n<\/strong><strong>MARKO BRECELJ: L\u2019ALLOGGIAMENTO DELL\u2019INCONCILIATO<\/strong><\/p>\n<p><strong>31 maggio \u2013 15 settembre 2024<\/strong><\/p>\n<p><strong>Sabato, 15 giugno 2024, dale ore 19.00 in poi <\/strong><\/p>\n<p><strong>Programma serale<\/strong><\/p>\n<p>La Notte d&#8217;estate dei musei sar\u00e0 a Capodistria prevede un programma di accompagnamento in occasione della mostra \u201cMarko Brecelj: L\u2019alloggiamento dell\u2019inconciliato\u201d. L\u2019allestimeno presenta in maniera plastica e spaziale, a pi\u00f9 livelli, la complessa e ricca eredit\u00e0 culturale di Marko Brecelj. La galleria si trasforma in una sorta di\u00a0 gabinetto delle meraviglie, che include oggetti museali, cavalleria estesa della DPZN, stampe, manifesti, fotografie, strisce, sedie, manoscritti, supporti sonori, strumenti musicali, videoproiezioni\u2026 \u00a0per presentarci la vita e l\u2019attivit\u00e0 del noto Capodistriano. La mostra \u00e8 stata allestita dai curatori di Vasja Cen\u010di\u010d, Bine Skrt e Arijana Brecelj.<\/p>\n<p><a href=\"https:\/\/www.obalne-galerije.si\/it\/marko-brecelj-alloggiamento-dellinconciliato\/\">Per maggiori informazioni\u2026<\/a><\/p>\n<p><strong>\u00a0<\/strong><\/p>\n<p><em>In occasione della NOTTE DEI MUSEI 2024 tutte le gallerie e spazi espositivi rimarranno aperti fino alle ore 22:00 (Galleria Loggia, Galleria Monfort, Galleria Civica e Galleria Herman Pe\u010dari\u010d).<\/em><\/p>\n<p><em>\u00a0<\/em><\/p>\n<p>&nbsp;<\/p>\n<p><strong>GALLERIA MONFORT, PORTOROSE<br \/>\n<\/strong><strong>BRAD DOWNEY: I AM YOU, YOU ARE ME <\/strong><\/p>\n<p><strong>Installazione spaziale<\/strong><\/p>\n<p><strong>23 maggio \u2013 18 agosto 2024 <\/strong><\/p>\n<p>Alla Galleria Monfort di Portorose, \u00e8 stata recentemente inaugurata la mostra personale del famoso artista americano Brad Downey, dal titolo &#8220;I am You, You are Me&#8221;. La mostra presenta opere d\u2019arte di Banksy, Robert Smithson, Dieter Roth, Vladimir Tatlin, Jo\u017ee Ple\u010dnik e Roman Signer. Attraverso un\u2019allestimento sofisticato, Downey contruisce una storia nuova, di appropriazioni e citazioni, mettendo in dialogo diversi linguaggi di artisti contemporanei che hanno segnato il corso dell\u2019arte contemporanea degli ultimi cinquant\u2019anni in maniera inconfondibile.<\/p>\n<p><a href=\"https:\/\/www.obalne-galerije.si\/it\/brad-downey-i-am-you-you-are-me\/\">Maggiori informazioni\u2026<\/a><\/p>\n<p>&nbsp;<\/p>\n<p>&nbsp;<\/p>\n<p><strong>FORMA VIVA 2023 &#8211; COMUNE DI ANCARANO<\/strong><\/p>\n<p><strong>Presentazione della scultura publica di I\u0161tvan I\u0161t Huzjan<br \/>\n<\/strong><strong>Ankarano, parco pubblico, centro | <\/strong><strong>Gioved\u00ec, 13 giugno 2024, alle ore 17.00<\/strong><\/p>\n<p>A met\u00e0 giugno, le Gallerie costiere di Pirano consegneranno al Comune di Ancarano una scultura in pietra d&#8217;Istria, scolpita dall&#8217;artista sloveno di fama internazionale I\u0161tvan I\u0161t Huzjan durante il simposio di scultura Forma viva Portoro\u017e 2023 dello scorso anno. Per la sua installazione, in dialogo con l&#8217;organizzatore, le Gallerie costiere di Pirano, l&#8217;artista e i rappresentanti locali, \u00e8 stata scelta la posizione sul prato del parco commemorativo lungo la strada principale verso la citt\u00e0. \u00c8 la seconda scultura realizzata per il comune di Ancarano in occasione di questo simposio internazionale di scultura.<\/p>\n<p><a href=\"https:\/\/www.obalne-galerije.si\/it\/inaugurazione-della-scultura-pubblica-nel-comune-di-pirano\/\">Maggiori informazioni\u2026<\/a><\/p>\n<p>&nbsp;<\/p>\n<p>&nbsp;<\/p>\n<p><strong>JA\u0160A: REKVIEM<br \/>\n<\/strong><strong>Intervento spaziale site-specific, mostra e performance<br \/>\n<\/strong><strong>Collaborazione interistituzionale<\/strong><\/p>\n<p><strong>\u00a0<\/strong><strong>Casa Tartini Pirano, <\/strong><strong>22 giugno \u2500 7 settembre 2024<\/strong><\/p>\n<p>Il progetto REKVIEM \u00e8 organizzato nell&#8217;ambito della collaborazione della Comunit\u00e0 autogestita di nazionalit\u00e0 italiana di Pirano con la Comunit\u00e0 degli Italiani Giuseppe Tartini, le Gallerie costiere di Pirano e il Lutkovno gledali\u0161\u010de Ljubljana \/ Teatro delle marionette di Lubiana.<\/p>\n<p>L&#8217;evento di apertura, che comprende un&#8217;intervento spaziale site-specific, una mostra e\u00a0 performance, si svolger\u00e0 presso la Casa Tartini di Pirano il 22 giugno 2024, a seguito del <em>premio speciale Tartini 2023 conferito a JA\u0160A nell&#8217;ambito del 58\u00b0 Ex-tempore Piran.\u00a0<\/em><\/p>\n<p><a href=\"https:\/\/www.obalne-galerije.si\/it\/jasa-rekviem\/\">Maggiori informazioni\u2026<\/a><\/p>\n<p>&nbsp;<\/p>\n<p><strong>GALLERIA HERMAN PE\u010cARI\u010c, PIRANO: GIUGNO &#8211; AGOSTO 2024<\/strong><\/p>\n<p><strong>\u00a0<\/strong><strong>Piano terra<\/strong><\/p>\n<p><strong>VASKO VIDMAR, mostra di pittura e laboratori didattici ART LAB MEDUSA<br \/>\n<\/strong><strong>26 aprile <\/strong><strong>\u2500 <\/strong><strong>28 luglio 2024<\/strong><\/p>\n<p>Presso la Galleria Herman Pe\u010dari\u010d di Pirano di Vasko Vidmar, intitolata &#8220;Tu sei una foresta&#8221;, che sar\u00e0 visitabile fino al 28.7.2024.<\/p>\n<p><a href=\"https:\/\/www.obalne-galerije.si\/it\/vasko-vidmar-tu-sei-la-foresta\/\">Maggiori informazioni\u2026<\/a><\/p>\n<p>&nbsp;<\/p>\n<p>Al piano terra della Galleria Herman Pe\u010dari\u010d proseguono anche i laboratori pedagogici \u00bbArtLab Medusa\u00ab, progettati dalla curatrice-pedagoga dell&#8217;OGP Anna Pape\u017e. Saranno guidati dagli artisti Vasko Vidmar, Veru\u0161 Villang\u00f3, Gani Llalloshi e I\u0161tvan I\u0161t Huzjan. Il programma primaverile andragogico \u00bbPasseggiata tra le sculture nel centro di Pirano\u00ab, creato in collaborazione con Natalija Planinc, si concluder\u00e0 gioved\u00ec 13 giugno con il 4\u00b0 incontro nel parco vicino alla galleria Herman Pe\u010dari\u010d.<strong><br \/>\n<\/strong><a href=\"https:\/\/www.obalne-galerije.si\/it\/programma-eventi-educativi-e-per-il-grande-pubblico-delle-gallerie-costiere-pirano-nel-2024\/\">Maggiori informazioni \u2026<\/a><\/p>\n<p>&nbsp;<\/p>\n<p><strong>Secondo piano<\/strong><\/p>\n<p><strong>ASILO MORNAR\u010cEK: CON UNA FAVOLA ATTRAVERSO IL TEMPO<br \/>\n<\/strong><strong>Esposizione di prodotti artistici per bambini<\/strong><\/p>\n<p><strong>Galerija Herman Pe\u010dari\u010d Piran, <\/strong><strong>29 maggio \u250012 giugno 2024<\/strong><\/p>\n<p>In mostra i prodotti artistici realizzati dai bambini dell&#8217;asilo, creati sotto la supervisione dei mentori dell\u2019asilo Mornar\u010dek, nell&#8217;ambito del progetto educativo dell&#8217;UNESCO. Quest&#8217;ultimo ha previsto quest&#8217;anno il conivolgimento dei piccoli nella ricerca e comprensione del patrimonio culturale della citt\u00e0 di Pirano, fatto di fiabe e leggende popolari legate alle vite di persone di epoche passate\u2026 La mostra \u00e8 visitabile al secondo piano della galleria fino al 12 giugno 2024.<\/p>\n<p><a href=\"https:\/\/www.obalne-galerije.si\/it\/presentazione-delle-creazioni-dellasilo-mornarcek-nellambito-del-progetto-unesco-con-una-fiaba-nel-tempo\/\">Maggiori informazioni\u2026<\/a><\/p>\n<p><strong>\u00a0<\/strong><\/p>\n<p>&nbsp;<\/p>\n<p><strong>10ma TRIENNALE DELL&#8217;ARTE SLOVENA U3<br \/>\nMODERNA GALERIJA LJUBLJANA \/ GALLERIA D&#8217;ARTE MODERNA DI LUBIANA<\/strong><\/p>\n<p><strong>Collaborazione <\/strong><strong>interistituzionale , <\/strong><strong>giugno &#8211; novembre 2024<\/strong><\/p>\n<p>Da giugno a novembre 2024 si svolger\u00e0 presso il <strong>Museo d&#8217;Arte Moderna di Lubiana<\/strong> la <strong>10\u00b0 Triennale d&#8217;Arte Contemporanea U3<\/strong>. Il progetto offre una visione della situazione attuale dell&#8217;arte contemporanea slovena attraverso una visione soggettiva del curatore selezionato. Il curatore dell&#8217;edizione di quest&#8217;anno \u00e8 <strong>Tev\u017e Logar<\/strong>, che ha scelto l&#8217;opera della famosa artista Marjetica Potr\u010d come una delle opere per la Triennale U3. In mostra a Lubiana l&#8217;opera &#8220;La terra dei custodi: Ballata di Pirano&#8221; (2022), che fa parte della collezione pubblica delle Gallerie Costiere di Piran ed \u00e8 stata creata appositamente per la mostra ACQUA E TERRA (Galleria Civica Pirano, dicembre 2022\u2013marzo 2023) e interamente prodotta dalle Gallerie Costiere di Pirano assieme a diversi attori culturali locali.<\/p>\n<p><a href=\"https:\/\/www.obalne-galerije.si\/it\/acqua-e-terra-marjetica-potrc\/\">Maggiori informazioni \u2026<\/a><\/p>\n","protected":false},"featured_media":21203,"template":"","class_list":["post-21465","monthly_overview","type-monthly_overview","status-publish","has-post-thumbnail","hentry"],"acf":[],"_links":{"self":[{"href":"https:\/\/www.obalne-galerije.si\/it\/wp-json\/wp\/v2\/monthly_overview\/21465","targetHints":{"allow":["GET"]}}],"collection":[{"href":"https:\/\/www.obalne-galerije.si\/it\/wp-json\/wp\/v2\/monthly_overview"}],"about":[{"href":"https:\/\/www.obalne-galerije.si\/it\/wp-json\/wp\/v2\/types\/monthly_overview"}],"wp:featuredmedia":[{"embeddable":true,"href":"https:\/\/www.obalne-galerije.si\/it\/wp-json\/wp\/v2\/media\/21203"}],"wp:attachment":[{"href":"https:\/\/www.obalne-galerije.si\/it\/wp-json\/wp\/v2\/media?parent=21465"}],"curies":[{"name":"wp","href":"https:\/\/api.w.org\/{rel}","templated":true}]}}

<h3><strong>PROGRAMMA PUBBLICO DI MOSTRE ED EVENTI PER IL MESE DI GIUGNO 2024</strong></h3>
<p><!--more--></p>
<p>&nbsp;</p>
<p><strong>NOTTE DEI MUSEI D&#8217;ESTATE 2024 – GALLERIA CIVICA PIRANO<br />
</strong><strong>SEMPRE DISPONIBILE. POSIZIONI FEMMINISTE NELLE ARTI VISIVE DALLA SLOVENIA</strong> <strong><br />
</strong><strong>17 maggio – 18 agosto 2024</strong></p>
<p><strong>Sabato 15 giugno 2024, dalle ore 18.00 alle 19.00</strong></p>
<p><strong>Una conversazione con Jasna Podreka, Ph.D., sociologa e assistente professore presso la Facoltà di Lettere dell&#8217;Università di Lubiana</strong></p>
<p>Nell&#8217;ambito della tradizionale iniziativa museale, quest&#8217;anno ospiteremo la dottoressa Jasna Podreka, Ph.D., sociologa e assistente professore presso la Facoltà di Lettere di Lubiana, che concentra la sua ricerca scientifica sul lato oscuro della nostra società, ovvero sulla violenza contro le donne. I temi esplorati da Podreka, che sono direttamente legati ad uno dei lavori esposti nella mostra collettiva di Tanja Lažetić e in generale ai processi di discriminazione contro le donne nella nostra società, all&#8217;ascesa di una nuova misoginia e di una moralità post-patriarcale, saranno oggetto di un dialogo aperto con Mara Ambrožič Verderber, direttrice delle Gallerie costiere di Pirano.<br />
<a href="https://www.obalne-galerije.si/it/notte-dei-musei-2024-conferenza-con-jasna-podreka/">Maggiori informazioni…</a></p>
<p><em>In occasione della NOTTE DEI MUSEI 2024 tutte le gallerie e spazi espositivi rimarranno aperti fino alle ore 22:00 (Galleria Loggia, Galleria Monfort, Galleria Civica e Galleria Herman Pečarič).</em></p>
<p>&nbsp;</p>
<p><strong>NOTTE DEI MUSEI D&#8217;ESTATE 2024 </strong><strong>– GALLERIA LOGGIA CAPODISTRIA<br />
</strong><strong>MARKO BRECELJ: L’ALLOGGIAMENTO DELL’INCONCILIATO</strong></p>
<p><strong>31 maggio – 15 settembre 2024</strong></p>
<p><strong>Sabato, 15 giugno 2024, dale ore 19.00 in poi </strong></p>
<p><strong>Programma serale</strong></p>
<p>La Notte d&#8217;estate dei musei sarà a Capodistria prevede un programma di accompagnamento in occasione della mostra “Marko Brecelj: L’alloggiamento dell’inconciliato”. L’allestimeno presenta in maniera plastica e spaziale, a più livelli, la complessa e ricca eredità culturale di Marko Brecelj. La galleria si trasforma in una sorta di  gabinetto delle meraviglie, che include oggetti museali, cavalleria estesa della DPZN, stampe, manifesti, fotografie, strisce, sedie, manoscritti, supporti sonori, strumenti musicali, videoproiezioni…  per presentarci la vita e l’attività del noto Capodistriano. La mostra è stata allestita dai curatori di Vasja Cenčič, Bine Skrt e Arijana Brecelj.</p>
<p><a href="https://www.obalne-galerije.si/it/marko-brecelj-alloggiamento-dellinconciliato/">Per maggiori informazioni…</a></p>
<p><strong> </strong></p>
<p><em>In occasione della NOTTE DEI MUSEI 2024 tutte le gallerie e spazi espositivi rimarranno aperti fino alle ore 22:00 (Galleria Loggia, Galleria Monfort, Galleria Civica e Galleria Herman Pečarič).</em></p>
<p><em> </em></p>
<p>&nbsp;</p>
<p><strong>GALLERIA MONFORT, PORTOROSE<br />
</strong><strong>BRAD DOWNEY: I AM YOU, YOU ARE ME </strong></p>
<p><strong>Installazione spaziale</strong></p>
<p><strong>23 maggio – 18 agosto 2024 </strong></p>
<p>Alla Galleria Monfort di Portorose, è stata recentemente inaugurata la mostra personale del famoso artista americano Brad Downey, dal titolo &#8220;I am You, You are Me&#8221;. La mostra presenta opere d’arte di Banksy, Robert Smithson, Dieter Roth, Vladimir Tatlin, Jože Plečnik e Roman Signer. Attraverso un’allestimento sofisticato, Downey contruisce una storia nuova, di appropriazioni e citazioni, mettendo in dialogo diversi linguaggi di artisti contemporanei che hanno segnato il corso dell’arte contemporanea degli ultimi cinquant’anni in maniera inconfondibile.</p>
<p><a href="https://www.obalne-galerije.si/it/brad-downey-i-am-you-you-are-me/">Maggiori informazioni…</a></p>
<p>&nbsp;</p>
<p>&nbsp;</p>
<p><strong>FORMA VIVA 2023 &#8211; COMUNE DI ANCARANO</strong></p>
<p><strong>Presentazione della scultura publica di Ištvan Išt Huzjan<br />
</strong><strong>Ankarano, parco pubblico, centro | </strong><strong>Giovedì, 13 giugno 2024, alle ore 17.00</strong></p>
<p>A metà giugno, le Gallerie costiere di Pirano consegneranno al Comune di Ancarano una scultura in pietra d&#8217;Istria, scolpita dall&#8217;artista sloveno di fama internazionale Ištvan Išt Huzjan durante il simposio di scultura Forma viva Portorož 2023 dello scorso anno. Per la sua installazione, in dialogo con l&#8217;organizzatore, le Gallerie costiere di Pirano, l&#8217;artista e i rappresentanti locali, è stata scelta la posizione sul prato del parco commemorativo lungo la strada principale verso la città. È la seconda scultura realizzata per il comune di Ancarano in occasione di questo simposio internazionale di scultura.</p>
<p><a href="https://www.obalne-galerije.si/it/inaugurazione-della-scultura-pubblica-nel-comune-di-pirano/">Maggiori informazioni…</a></p>
<p>&nbsp;</p>
<p>&nbsp;</p>
<p><strong>JAŠA: REKVIEM<br />
</strong><strong>Intervento spaziale site-specific, mostra e performance<br />
</strong><strong>Collaborazione interistituzionale</strong></p>
<p><strong> </strong><strong>Casa Tartini Pirano, </strong><strong>22 giugno ─ 7 settembre 2024</strong></p>
<p>Il progetto REKVIEM è organizzato nell&#8217;ambito della collaborazione della Comunità autogestita di nazionalità italiana di Pirano con la Comunità degli Italiani Giuseppe Tartini, le Gallerie costiere di Pirano e il Lutkovno gledališče Ljubljana / Teatro delle marionette di Lubiana.</p>
<p>L&#8217;evento di apertura, che comprende un&#8217;intervento spaziale site-specific, una mostra e  performance, si svolgerà presso la Casa Tartini di Pirano il 22 giugno 2024, a seguito del <em>premio speciale Tartini 2023 conferito a JAŠA nell&#8217;ambito del 58° Ex-tempore Piran. </em></p>
<p><a href="https://www.obalne-galerije.si/it/jasa-rekviem/">Maggiori informazioni…</a></p>
<p>&nbsp;</p>
<p><strong>GALLERIA HERMAN PEČARIČ, PIRANO: GIUGNO &#8211; AGOSTO 2024</strong></p>
<p><strong> </strong><strong>Piano terra</strong></p>
<p><strong>VASKO VIDMAR, mostra di pittura e laboratori didattici ART LAB MEDUSA<br />
</strong><strong>26 aprile </strong><strong>─ </strong><strong>28 luglio 2024</strong></p>
<p>Presso la Galleria Herman Pečarič di Pirano di Vasko Vidmar, intitolata &#8220;Tu sei una foresta&#8221;, che sarà visitabile fino al 28.7.2024.</p>
<p><a href="https://www.obalne-galerije.si/it/vasko-vidmar-tu-sei-la-foresta/">Maggiori informazioni…</a></p>
<p>&nbsp;</p>
<p>Al piano terra della Galleria Herman Pečarič proseguono anche i laboratori pedagogici »ArtLab Medusa«, progettati dalla curatrice-pedagoga dell&#8217;OGP Anna Papež. Saranno guidati dagli artisti Vasko Vidmar, Veruš Villangó, Gani Llalloshi e Ištvan Išt Huzjan. Il programma primaverile andragogico »Passeggiata tra le sculture nel centro di Pirano«, creato in collaborazione con Natalija Planinc, si concluderà giovedì 13 giugno con il 4° incontro nel parco vicino alla galleria Herman Pečarič.<strong><br />
</strong><a href="https://www.obalne-galerije.si/it/programma-eventi-educativi-e-per-il-grande-pubblico-delle-gallerie-costiere-pirano-nel-2024/">Maggiori informazioni …</a></p>
<p>&nbsp;</p>
<p><strong>Secondo piano</strong></p>
<p><strong>ASILO MORNARČEK: CON UNA FAVOLA ATTRAVERSO IL TEMPO<br />
</strong><strong>Esposizione di prodotti artistici per bambini</strong></p>
<p><strong>Galerija Herman Pečarič Piran, </strong><strong>29 maggio ─12 giugno 2024</strong></p>
<p>In mostra i prodotti artistici realizzati dai bambini dell&#8217;asilo, creati sotto la supervisione dei mentori dell’asilo Mornarček, nell&#8217;ambito del progetto educativo dell&#8217;UNESCO. Quest&#8217;ultimo ha previsto quest&#8217;anno il conivolgimento dei piccoli nella ricerca e comprensione del patrimonio culturale della città di Pirano, fatto di fiabe e leggende popolari legate alle vite di persone di epoche passate… La mostra è visitabile al secondo piano della galleria fino al 12 giugno 2024.</p>
<p><a href="https://www.obalne-galerije.si/it/presentazione-delle-creazioni-dellasilo-mornarcek-nellambito-del-progetto-unesco-con-una-fiaba-nel-tempo/">Maggiori informazioni…</a></p>
<p><strong> </strong></p>
<p>&nbsp;</p>
<p><strong>10ma TRIENNALE DELL&#8217;ARTE SLOVENA U3<br />
MODERNA GALERIJA LJUBLJANA / GALLERIA D&#8217;ARTE MODERNA DI LUBIANA</strong></p>
<p><strong>Collaborazione </strong><strong>interistituzionale , </strong><strong>giugno &#8211; novembre 2024</strong></p>
<p>Da giugno a novembre 2024 si svolgerà presso il <strong>Museo d&#8217;Arte Moderna di Lubiana</strong> la <strong>10° Triennale d&#8217;Arte Contemporanea U3</strong>. Il progetto offre una visione della situazione attuale dell&#8217;arte contemporanea slovena attraverso una visione soggettiva del curatore selezionato. Il curatore dell&#8217;edizione di quest&#8217;anno è <strong>Tevž Logar</strong>, che ha scelto l&#8217;opera della famosa artista Marjetica Potrč come una delle opere per la Triennale U3. In mostra a Lubiana l&#8217;opera &#8220;La terra dei custodi: Ballata di Pirano&#8221; (2022), che fa parte della collezione pubblica delle Gallerie Costiere di Piran ed è stata creata appositamente per la mostra ACQUA E TERRA (Galleria Civica Pirano, dicembre 2022–marzo 2023) e interamente prodotta dalle Gallerie Costiere di Pirano assieme a diversi attori culturali locali.</p>
<p><a href="https://www.obalne-galerije.si/it/acqua-e-terra-marjetica-potrc/">Maggiori informazioni …</a></p>
