{"id":20277,"date":"2024-03-13T11:14:58","date_gmt":"2024-03-13T10:14:58","guid":{"rendered":"https:\/\/www.obalne-galerije.si\/?post_type=monthly_overview&#038;p=20277"},"modified":"2024-03-13T11:15:12","modified_gmt":"2024-03-13T10:15:12","slug":"appuntamenti-di-marzo-2024","status":"publish","type":"monthly_overview","link":"https:\/\/www.obalne-galerije.si\/it\/monthly_overview\/appuntamenti-di-marzo-2024\/","title":{"rendered":"Appuntamenti di marzo 2024"},"content":{"rendered":"<section class=\"kc-elm kc-css-408443 kc_row\"><div class=\"kc-row-container  kc-container\"><div class=\"kc-wrap-columns\"><div class=\"kc-elm kc-css-636103 kc_col-sm-12 kc_column kc_col-sm-12\"><div class=\"kc-col-container\"><div class=\"kc-elm kc-css-934433 kc_text_block\"><\/p>\n<p><span style=\"font-weight: 400;\">Nel mese di marzo le Gallerie costiere Pirano hanno pubblicato online e sui social network il terzo bando pubblico <\/span><i><span style=\"font-weight: 400;\">Porte aperte<\/span><\/i><span style=\"font-weight: 400;\">. Lo scopo del bando \u00e8 quello di promuovere nuove produzioni artistiche e progetti alternativi contemporanei nel campo dell&#8217;arte visiva all&#8217;interno della regione Primorska (Slovenia). Il bando offre ad artisti\/artiste, curatori\/curatrici o collettivi artistici la possibilit\u00e0 di presentare la propria proposta espositiva all&#8217;istituzione artistica pubblica delle Gallerie Costiere di Pirano (OCP). L\u2019autore\/autrice o collettivo selezionato avr\u00e0 la possibilit\u00e0 di esporre una mostra personale nell&#8217;ambito del programma pubblico 2024 del museo. Il bando pubblico scadr\u00e0 il giorno 8 aprile 2024. Le candidature pervenute saranno esaminate dalla commissione di esperti dell&#8217;OGP, che, in conformit\u00e0 con gli obiettivi del bando pubblico e le normative applicabili nel campo della cultura nella Repubblica di Slovenia, effettuer\u00e0 una selezione e la giustificher\u00e0 per iscritto. A seguito assegneremo lo spazio espositivo pi\u00f9 adatto al progetto selezionato e verranno determinate le date della mostra. <a href=\"https:\/\/www.obalne-galerije.si\/it\/porte-aperte-2024\/\">Maggiori informazioni al link&#8230;<\/a><\/span><\/p>\n<p><span style=\"font-weight: 400;\">Nel progetto <\/span><i><span style=\"font-weight: 400;\">Porte aperte<\/span><\/i><span style=\"font-weight: 400;\"> dello scorso anno sono stati selezionati due artisti, attualmente in mostra presso due spazi dell\u2019Istituzione OGP. Presso la Galleria Loggia di Capodistria, fino al 5.05.2024, \u00e8 in corso un&#8217;interessante installazione spaziale della giovane artista Ne\u017eka Zamar, dal titolo <\/span><i><span style=\"font-weight: 400;\">(Un)trusted Source: A Series of Invisible Practices<\/span><\/i><span style=\"font-weight: 400;\">. Si tratta della sua prima mostra presso le OGP, creata dopo un&#8217;intensa ricerca e diverse interpretazioni delle proprie reazioni <\/span><span style=\"font-weight: 400;\">agli eventi attuali<\/span><span style=\"font-weight: 400;\">, <\/span><span style=\"font-weight: 400;\">mettendosi in discussione e giocando su temi di confine tra identit\u00e0 e individualit\u00e0. <\/span><a href=\"https:\/\/www.obalne-galerije.si\/it\/nezka-zamar-untrusted-source-a-series-of-invisible-practices\/\"><span style=\"font-weight: 400;\">Maggiori informazioni al link&#8230;<\/span><\/a><\/p>\n<p><span style=\"font-weight: 400;\">Il secondo autore selezionato nell\u2019anno 2023 \u00e8 Hannes Zebedin, scultore austriaco che vive e lavora nel Carso sloveno. Ha convinto la commissione di esperti con un progetto artistico impegnato intitolato <\/span><i><span style=\"font-weight: 400;\">Ceasefire<\/span><\/i><span style=\"font-weight: 400;\">, con il quale risponde in modo critico alle <\/span><span style=\"font-weight: 400;\">attuali pressanti <\/span><span style=\"font-weight: 400;\">conseguenze del cambiamento climatico. Questa volta l\u2019installazione \u00e8 legata al catastrofico incendio che distrusse il Carso e altre parti della Primorska nell\u2019estate del 2022. Le sue opere sono esposte presso la Galleria Herman Pe\u010dari\u010d di Pirano fino al 5.04.2024. <a href=\"https:\/\/www.obalne-galerije.si\/it\/hannes-zebedin-cessate-il-fuoco\/\">Maggiori informazioni al link&#8230;<\/a><\/span><\/p>\n<p><span style=\"font-weight: 400;\">Continua la collaborazione delle Gallerie costiere Pirano con le istituzioni nazionali e all&#8217; estero. La retrospettiva del <\/span><span style=\"font-weight: 400;\">noto artista del Litorale <\/span><span style=\"font-weight: 400;\">Ale\u0161 Sedmak si trasferisce, in forma\u00a0 ridotta, al Likovni salon (Salone d&#8217;arte) del Museo regionale di Ko\u010devje. Dal 29.03.2024 al 1.06.2024 verranno esposte alcune opere d&#8217;arte attualmente in mostra presso la Galleria civica Pirano e una selezione di <\/span><span style=\"font-weight: 400;\">illustrazioni naturalistiche <\/span><span style=\"font-weight: 400;\">presentate alla Galleria Medusa a Capodistria. <a href=\"https:\/\/www.obalne-galerije.si\/it\/ales-sedmak-mostra-retrospettiva\/\">Maggiori informazioni al link&#8230;<\/a><\/span><\/p>\n<p>&nbsp;<\/p>\n<p>Il nuovo semestre continua con la collaborazione tra l\u2019Istituzione OGP e gli studenti del <em>Dipartimento di Arti visive e Design della Facolt\u00e0 di Studi Educativi dell&#8217;Universit\u00e0 del Litorale<\/em> (VUO PEF). Le Gallerie costiere Pirano hanno aderito attivamente al progetto <strong>Galleria Medusa &#8211; Laboratorio urbano (per il futuro)<\/strong>, ideato dall&#8217;Assoc. dott. <strong>Bo\u0161tjan Bugari\u010d<\/strong>. Sotto la sua guida, lo spazio della galleria si animer\u00e0 con workshop pubblici, mostre degli studenti, conferenze, proiezioni di film e altri eventi sul tema della responsabilit\u00e0 nella progettazione dello spazio comunitario. L&#8217;importante collegamento tra le due istituzioni vuole aprire il campo dell&#8217;attivit\u00e0 artistica e della ricerca tra gli spazi esterni ed interni della citt\u00e0 e l&#8217;individuo che vi vive e lavora stabilmente o temporaneamente. Maggiori informazioni sul progetto verranno presto pubblicate nel nostro sito.<\/p>\n<p>&nbsp;<\/p>\n<p>Siete cordialmente invitati a tutti i nostri eventi!<\/p>\n<p>\n<\/div><\/div><\/div><\/div><\/div><\/section>\n","protected":false},"featured_media":20247,"template":"","class_list":["post-20277","monthly_overview","type-monthly_overview","status-publish","has-post-thumbnail","hentry"],"acf":[],"_links":{"self":[{"href":"https:\/\/www.obalne-galerije.si\/it\/wp-json\/wp\/v2\/monthly_overview\/20277","targetHints":{"allow":["GET"]}}],"collection":[{"href":"https:\/\/www.obalne-galerije.si\/it\/wp-json\/wp\/v2\/monthly_overview"}],"about":[{"href":"https:\/\/www.obalne-galerije.si\/it\/wp-json\/wp\/v2\/types\/monthly_overview"}],"wp:featuredmedia":[{"embeddable":true,"href":"https:\/\/www.obalne-galerije.si\/it\/wp-json\/wp\/v2\/media\/20247"}],"wp:attachment":[{"href":"https:\/\/www.obalne-galerije.si\/it\/wp-json\/wp\/v2\/media?parent=20277"}],"curies":[{"name":"wp","href":"https:\/\/api.w.org\/{rel}","templated":true}]}}

<section class="kc-elm kc-css-408443 kc_row"><div class="kc-row-container  kc-container"><div class="kc-wrap-columns"><div class="kc-elm kc-css-636103 kc_col-sm-12 kc_column kc_col-sm-12"><div class="kc-col-container"><div class="kc-elm kc-css-934433 kc_text_block"></p>
<p><span style="font-weight: 400;">Nel mese di marzo le Gallerie costiere Pirano hanno pubblicato online e sui social network il terzo bando pubblico </span><i><span style="font-weight: 400;">Porte aperte</span></i><span style="font-weight: 400;">. Lo scopo del bando è quello di promuovere nuove produzioni artistiche e progetti alternativi contemporanei nel campo dell&#8217;arte visiva all&#8217;interno della regione Primorska (Slovenia). Il bando offre ad artisti/artiste, curatori/curatrici o collettivi artistici la possibilità di presentare la propria proposta espositiva all&#8217;istituzione artistica pubblica delle Gallerie Costiere di Pirano (OCP). L’autore/autrice o collettivo selezionato avrà la possibilità di esporre una mostra personale nell&#8217;ambito del programma pubblico 2024 del museo. Il bando pubblico scadrà il giorno 8 aprile 2024. Le candidature pervenute saranno esaminate dalla commissione di esperti dell&#8217;OGP, che, in conformità con gli obiettivi del bando pubblico e le normative applicabili nel campo della cultura nella Repubblica di Slovenia, effettuerà una selezione e la giustificherà per iscritto. A seguito assegneremo lo spazio espositivo più adatto al progetto selezionato e verranno determinate le date della mostra. <a href="https://www.obalne-galerije.si/it/porte-aperte-2024/">Maggiori informazioni al link&#8230;</a></span></p>
<p><span style="font-weight: 400;">Nel progetto </span><i><span style="font-weight: 400;">Porte aperte</span></i><span style="font-weight: 400;"> dello scorso anno sono stati selezionati due artisti, attualmente in mostra presso due spazi dell’Istituzione OGP. Presso la Galleria Loggia di Capodistria, fino al 5.05.2024, è in corso un&#8217;interessante installazione spaziale della giovane artista Nežka Zamar, dal titolo </span><i><span style="font-weight: 400;">(Un)trusted Source: A Series of Invisible Practices</span></i><span style="font-weight: 400;">. Si tratta della sua prima mostra presso le OGP, creata dopo un&#8217;intensa ricerca e diverse interpretazioni delle proprie reazioni </span><span style="font-weight: 400;">agli eventi attuali</span><span style="font-weight: 400;">, </span><span style="font-weight: 400;">mettendosi in discussione e giocando su temi di confine tra identità e individualità. </span><a href="https://www.obalne-galerije.si/it/nezka-zamar-untrusted-source-a-series-of-invisible-practices/"><span style="font-weight: 400;">Maggiori informazioni al link&#8230;</span></a></p>
<p><span style="font-weight: 400;">Il secondo autore selezionato nell’anno 2023 è Hannes Zebedin, scultore austriaco che vive e lavora nel Carso sloveno. Ha convinto la commissione di esperti con un progetto artistico impegnato intitolato </span><i><span style="font-weight: 400;">Ceasefire</span></i><span style="font-weight: 400;">, con il quale risponde in modo critico alle </span><span style="font-weight: 400;">attuali pressanti </span><span style="font-weight: 400;">conseguenze del cambiamento climatico. Questa volta l’installazione è legata al catastrofico incendio che distrusse il Carso e altre parti della Primorska nell’estate del 2022. Le sue opere sono esposte presso la Galleria Herman Pečarič di Pirano fino al 5.04.2024. <a href="https://www.obalne-galerije.si/it/hannes-zebedin-cessate-il-fuoco/">Maggiori informazioni al link&#8230;</a></span></p>
<p><span style="font-weight: 400;">Continua la collaborazione delle Gallerie costiere Pirano con le istituzioni nazionali e all&#8217; estero. La retrospettiva del </span><span style="font-weight: 400;">noto artista del Litorale </span><span style="font-weight: 400;">Aleš Sedmak si trasferisce, in forma  ridotta, al Likovni salon (Salone d&#8217;arte) del Museo regionale di Kočevje. Dal 29.03.2024 al 1.06.2024 verranno esposte alcune opere d&#8217;arte attualmente in mostra presso la Galleria civica Pirano e una selezione di </span><span style="font-weight: 400;">illustrazioni naturalistiche </span><span style="font-weight: 400;">presentate alla Galleria Medusa a Capodistria. <a href="https://www.obalne-galerije.si/it/ales-sedmak-mostra-retrospettiva/">Maggiori informazioni al link&#8230;</a></span></p>
<p>&nbsp;</p>
<p>Il nuovo semestre continua con la collaborazione tra l’Istituzione OGP e gli studenti del <em>Dipartimento di Arti visive e Design della Facoltà di Studi Educativi dell&#8217;Università del Litorale</em> (VUO PEF). Le Gallerie costiere Pirano hanno aderito attivamente al progetto <strong>Galleria Medusa &#8211; Laboratorio urbano (per il futuro)</strong>, ideato dall&#8217;Assoc. dott. <strong>Boštjan Bugarič</strong>. Sotto la sua guida, lo spazio della galleria si animerà con workshop pubblici, mostre degli studenti, conferenze, proiezioni di film e altri eventi sul tema della responsabilità nella progettazione dello spazio comunitario. L&#8217;importante collegamento tra le due istituzioni vuole aprire il campo dell&#8217;attività artistica e della ricerca tra gli spazi esterni ed interni della città e l&#8217;individuo che vi vive e lavora stabilmente o temporaneamente. Maggiori informazioni sul progetto verranno presto pubblicate nel nostro sito.</p>
<p>&nbsp;</p>
<p>Siete cordialmente invitati a tutti i nostri eventi!</p>
<p>
</div></div></div></div></div></section>
