{"id":14161,"date":"2022-04-07T08:25:09","date_gmt":"2022-04-07T06:25:09","guid":{"rendered":"https:\/\/www.obalne-galerije.si\/?post_type=monthly_overview&#038;p=14161"},"modified":"2024-07-03T20:23:11","modified_gmt":"2024-07-03T18:23:11","slug":"appuntamenti-di-aprile-2022","status":"publish","type":"monthly_overview","link":"https:\/\/www.obalne-galerije.si\/it\/monthly_overview\/appuntamenti-di-aprile-2022\/","title":{"rendered":"Appuntamenti di aprile 2022"},"content":{"rendered":"<section class=\"kc-elm kc-css-41675 kc_row\"><div class=\"kc-row-container  kc-container\"><div class=\"kc-wrap-columns\"><div class=\"kc-elm kc-css-704420 kc_col-sm-12 kc_column kc_col-sm-12\"><div class=\"kc-col-container\"><div class=\"kc-elm kc-css-473901\" style=\"height: 20px; clear: both; width:100%;\"><\/div><div class=\"kc-elm kc_text_block\"><\/p>\n<div>Con le prime giornate di primavera, le Gallerie costiere Pirano aprono le loro porte agli artisti di casa, presentando le mostre personali del rinomato pittore Aleksander Veli\u0161\u010dek e di Daniela Danica Tepe\u0161, che viene esposta per la prima volta nelle nostre gallerie. Il ricco programma espositivo prevede una visita guidata, eventi promozionali Tartini 330 e numerosi laboratori per i pi\u00f9 piccoli, giovani e adulti.<\/div>\n<div><\/div>\n<div>Oltre a un ricco programma di contenuti, ad aprile si tiene un bando pubblico\u00a0<b>PORTE APERTE<\/b>, che offre l&#8217;opportunit\u00e0 di promuovere nuove produzioni artistiche e progetti contemporanei alternativi di artisti, autori e curatori costieri. Il termine per la presentazione delle domande \u00e8 stato prorogato al 25 aprile 2022.\u00a0<a href=\"https:\/\/www.obalne-galerije.si\/it\/avviso-di-bando-pubblico-porte-aperte\/\" target=\"_blank\" rel=\"noopener\" data-saferedirecturl=\"https:\/\/www.google.com\/url?q=https:\/\/www.obalne-galerije.si\/it\/avviso-di-bando-pubblico-porte-aperte\/&amp;source=gmail&amp;ust=1649363174126000&amp;usg=AOvVaw2FQLQps2EcfkG1wljMgrhR\">Maggiori informazioni al link &#8230;<\/a><\/div>\n<div><\/div>\n<div>La mostra di\u00a0<b>Aleksander Veli\u0161\u010dek, SLIKE (DIPINTI) 2020\u25002022<\/b>, sar\u00e0 inaugurata\u00a0<b>gioved\u00ec, 14 aprile 2022, alle ore 18.00 nella Galleria Medusa di Capodistria<\/b>, e sar\u00e0 aperta fino al 24 giugno 2022. L&#8217;artista costiero Aleksander Veli\u0161\u010dek, che si \u00e8 diplomato all&#8217;Accademia di Belle Arti di Venezia, vive e lavora tra Milano e Vipol\u017ee (Gori\u0161ka brda). Dal 2009 ha esposto le sue opere in numerose mostre collettive all&#8217;estero, tra cui alla Galleria AplusA di Venezia, dove nel 2015 ha tenuto anche la sua prima mostra personale. Ha lavorato in residenze d&#8217;arte a Venezia (Fondazione Bevilacqua la Masa), Belgrado e Parigi (Cit\u00e9 Internationale des Arts). Nel 2011 ha ricevuto il Premio Mariuccia Paracchi Testori (Associazione culturale Casa Testori, Novate Milanese). Con la mostra Gullivers, si \u00e8 presentato per la prima volta nel 2017 alle Gallerie costiere Pirano con una mostra personale (Galleria Loggia Capodistria). L\u2019artista, con le sue opere, siano esse dipinti, installazioni o performance, ci induce costantemente al pensiero critico. Non sorprende quindi che abbia sfruttato il periodo della pandemia per riflettere profondamente su s\u00e9 stesso, i suoi simili e sul ruolo dell&#8217;arte visiva e dell&#8217;artista nella societ\u00e0 odierna. Alla mostra DIPINTI 2020-2022, l&#8217;autore presenter\u00e0 una recente serie di remake di ritratti, repliche realizzate magistralmente e rivisitate con una provocante nota dell\u2019autore. I dipinti rappresentano una vera sfida alla percezione dello spettatore, delle immagini dipinte e dei loro messaggi.<\/div>\n<div><\/div>\n<div>Dopo la chiusura invernale, ad aprile riaprono le porte della\u00a0<b>Galleria Monfort, dove gioved\u00ec, 28 aprile 2022, alle ore 18.00<\/b>, l&#8217;artista\u00a0<b>Daniela Danica Tepe\u0161<\/b>\u00a0si presenter\u00e0 con la mostra\u00a0<b>NA DRUGI STRANI \/ ON THE OTHER SIDE \/ DALL&#8217;ALTRA PARTE<\/b>. La mostra sar\u00e0 aperta fino al 22 maggio 2022. Daniela Danica Tepe\u0161 \u00e8 un&#8217;artista visiva di fama internazionale che vive e lavora a Portorose. Si \u00e8 diplomata all&#8217;Accademia di Arti visive di Lubiana. Ha partecipato a numerose mostre e progetti internazionali in Europa, Asia e Oceania. Le sue opere sono state presentate due volte alla Biennale di Venezia, alla 57a Biennale nel 2017 nel padiglione dello stato insulare di Kiribati e nel 2019. Il presente progetto artistico \u00e8 legato alla presentazione biennale del 2017, che affronta il tema globale di interventi estremi in natura, ivi incluse le fosse profonde a cielo aperto per lo sfruttamento dei fosfati nelle isole del Pacifico. La mostra \u00e8 pensata come una riflessione sulla predazione umana nell&#8217;ambiente naturale. L&#8217;installazione con fosse di fosfato trasforma la galleria in uno spazio di sfruttamento e contaminazione e incoraggia all&#8217;autoriflessione sul significato dell\u2019esistenza umana.<\/div>\n<div><\/div>\n<div>Nella Galleria civica Pirano \u00e8 in corso la mostra\u00a0<b>Il panorama. Selezione dal fondo artistico delle Gallerie costiere Pirano<\/b>. La mostra collettiva offre un\u2019occasione unica ai visitatori per poter osservare il patrimonio artistico custodito nei depositi. Le opere selezionate di rinomati artisti sloveni e internazionali provengono dalle raccolte pi\u00f9 rappresentative delle Gallerie costiere e rappresentano una vasta gamma di diversi generi artistici: dipinti, disegni, sculture, fotografie e grafiche.\u00a0<a href=\"https:\/\/www.obalne-galerije.si\/it\/panorama\/\" target=\"_blank\" rel=\"noopener\" data-saferedirecturl=\"https:\/\/www.google.com\/url?q=https:\/\/www.obalne-galerije.si\/it\/panorama\/&amp;source=gmail&amp;ust=1649363174126000&amp;usg=AOvVaw0H_TeANhLX98VBdmlTPFNl\">Maggiori informazioni al link &#8230;<\/a><\/div>\n<div><\/div>\n<div>Al fine di approfondire la conoscenza delle singole opere e svelare al pubblico alcuni dettagli meno noti su come sono state ottenute, organizzeremo la prima visita guidata pubblica della mostra\u00a0<b>venerd\u00ec, 15 aprile 2022 alle ore 18.00. L&#8217;incontro sar\u00e0 condotto dalla dr. Majda Bo\u017eeglav Japelj, curatrice delle collezioni, insieme a un ospite esterno.<\/b>\u00a0Nuove visite guidate in compagnia delle curatrici delle GCP e degli ospiti esterni (specialisti, critici d&#8217;arte, artisti\u2026) sono annunciate anche per il mese di maggio.<\/div>\n<div><\/div>\n<div><b>Mercoled\u00ec, 11 maggio 2022, alle ore 18.00\u00a0<\/b>condurr\u00e0 la visita alla mostra\u00a0<b>Samantha Chia, critica d&#8217;arte proveniente dall&#8217;Italia<\/b>, che ha anche selezionato le opere esposte.\u00a0<b>La tavola rotonda di mercoled\u00ec, 25 maggio 2022, alle ore 18.00, sar\u00e0 invece caratterizzata dall&#8217;incontro con i rappresentanti degli ambienti artistici professionali.\u00a0<\/b><\/div>\n<div><\/div>\n<div>Previo accordo, \u00e8 possibile prenotare workshop e visite guidate su richiesta (<a href=\"mailto:info@obalne-galerije.si\" target=\"_blank\" rel=\"noopener\">info@obalne-galerije.si<\/a>); terremo informato il pubblico su tutte le offerte aggiuntive del programma. \u00c8 particolarmente considerevole anche il programma dei laboratori pedagogici Incolla, avvolgi, spruzza!, condotti da Ana Pape\u017e (contatto:\u00a0<a href=\"mailto:ana.papez@obalne-galerije.si\" target=\"_blank\" rel=\"noopener\">ana.papez@obalne-galerije.si<\/a>).\u00a0<a href=\"https:\/\/www.obalne-galerije.si\/it\/laboratorio-incolla-avvolgi-spruzza\/\" target=\"_blank\" rel=\"noopener\" data-saferedirecturl=\"https:\/\/www.google.com\/url?q=https:\/\/www.obalne-galerije.si\/it\/laboratorio-incolla-avvolgi-spruzza\/&amp;source=gmail&amp;ust=1649363174127000&amp;usg=AOvVaw2dGieUb4AbvIkTn8G-_4s5\">Maggiori informazioni al link &#8230;<\/a><\/div>\n<div><\/div>\n<div>Nell&#8217;anno di Tartini,\u00a0<b>TARTINI 330<\/b>, nel 330\u00b0 anniversario della nascita di Giuseppe Tartini, anche alle Gallerie costiere Pirano, i prossimi mesi saranno dedicati al compositore e violinista di fama mondiale. Il vivace laboratorio artistico, che sar\u00e0 dedicato ai ritratti di Tartini, mira a promuovere la cooperazione intergenerazionale. In altre parole, abbiamo invitato ai laboratori il grande pubblico, dai pi\u00f9 giovani, ai rappresentanti della terza et\u00e0. Le loro creazioni artistiche saranno successivamente presentate alla mostra\u00a0<b>Tartini con i miei occhi<\/b>.\u00a0<b>La mostra sar\u00e0 aperta da venerd\u00ec, 15 aprile 2022 a domenica, 15 maggio 2022.<\/b><\/div>\n<div><\/div>\n<div>Il secondo appuntamento nell\u2019ambito\u00a0<b>TARTINI 330<\/b>\u00a0si terr\u00e0\u00a0<b>sabato, 30 aprile 2022, alle ore 11.00, presso la Galleria civica Pirano<\/b>. In collaborazione con la\u00a0<b>Comunit\u00e0 degli Italiani Giuseppe Tartini<\/b>\u00a0e altri partner dal mondo dell\u2019economia, s<b>ar\u00e0 presentato il progetto promozionale ART OBJECTS: TARTINI 330.<\/b>\u00a0Negli spazi espositivi della Galleria di Pirano, impreziositi dalle opere selezionate della mostra IL PANORAMA, presenteremo il corso di progettazione degli oggetti e altro materiale visivo, seguir\u00e0 la degustazione di vini in un ambiente rilassato.<\/div>\n<div><\/div>\n<p>Siamo felici di ospitare nuovi eventi e di avere la possibilit\u00e0 di incontrarvi!<\/p>\n<p>\n<\/div><div class=\"kc-elm kc-css-842638\" style=\"height: 20px; clear: both; width:100%;\"><\/div><\/div><\/div><\/div><\/div><\/section>\n","protected":false},"featured_media":14156,"template":"","class_list":["post-14161","monthly_overview","type-monthly_overview","status-publish","has-post-thumbnail","hentry"],"acf":[],"_links":{"self":[{"href":"https:\/\/www.obalne-galerije.si\/it\/wp-json\/wp\/v2\/monthly_overview\/14161","targetHints":{"allow":["GET"]}}],"collection":[{"href":"https:\/\/www.obalne-galerije.si\/it\/wp-json\/wp\/v2\/monthly_overview"}],"about":[{"href":"https:\/\/www.obalne-galerije.si\/it\/wp-json\/wp\/v2\/types\/monthly_overview"}],"wp:featuredmedia":[{"embeddable":true,"href":"https:\/\/www.obalne-galerije.si\/it\/wp-json\/wp\/v2\/media\/14156"}],"wp:attachment":[{"href":"https:\/\/www.obalne-galerije.si\/it\/wp-json\/wp\/v2\/media?parent=14161"}],"curies":[{"name":"wp","href":"https:\/\/api.w.org\/{rel}","templated":true}]}}

<section class="kc-elm kc-css-41675 kc_row"><div class="kc-row-container  kc-container"><div class="kc-wrap-columns"><div class="kc-elm kc-css-704420 kc_col-sm-12 kc_column kc_col-sm-12"><div class="kc-col-container"><div class="kc-elm kc-css-473901" style="height: 20px; clear: both; width:100%;"></div><div class="kc-elm kc_text_block"></p>
<div>Con le prime giornate di primavera, le Gallerie costiere Pirano aprono le loro porte agli artisti di casa, presentando le mostre personali del rinomato pittore Aleksander Velišček e di Daniela Danica Tepeš, che viene esposta per la prima volta nelle nostre gallerie. Il ricco programma espositivo prevede una visita guidata, eventi promozionali Tartini 330 e numerosi laboratori per i più piccoli, giovani e adulti.</div>
<div></div>
<div>Oltre a un ricco programma di contenuti, ad aprile si tiene un bando pubblico <b>PORTE APERTE</b>, che offre l&#8217;opportunità di promuovere nuove produzioni artistiche e progetti contemporanei alternativi di artisti, autori e curatori costieri. Il termine per la presentazione delle domande è stato prorogato al 25 aprile 2022. <a href="https://www.obalne-galerije.si/it/avviso-di-bando-pubblico-porte-aperte/" target="_blank" rel="noopener" data-saferedirecturl="https://www.google.com/url?q=https://www.obalne-galerije.si/it/avviso-di-bando-pubblico-porte-aperte/&amp;source=gmail&amp;ust=1649363174126000&amp;usg=AOvVaw2FQLQps2EcfkG1wljMgrhR">Maggiori informazioni al link &#8230;</a></div>
<div></div>
<div>La mostra di <b>Aleksander Velišček, SLIKE (DIPINTI) 2020─2022</b>, sarà inaugurata <b>giovedì, 14 aprile 2022, alle ore 18.00 nella Galleria Medusa di Capodistria</b>, e sarà aperta fino al 24 giugno 2022. L&#8217;artista costiero Aleksander Velišček, che si è diplomato all&#8217;Accademia di Belle Arti di Venezia, vive e lavora tra Milano e Vipolže (Goriška brda). Dal 2009 ha esposto le sue opere in numerose mostre collettive all&#8217;estero, tra cui alla Galleria AplusA di Venezia, dove nel 2015 ha tenuto anche la sua prima mostra personale. Ha lavorato in residenze d&#8217;arte a Venezia (Fondazione Bevilacqua la Masa), Belgrado e Parigi (Cité Internationale des Arts). Nel 2011 ha ricevuto il Premio Mariuccia Paracchi Testori (Associazione culturale Casa Testori, Novate Milanese). Con la mostra Gullivers, si è presentato per la prima volta nel 2017 alle Gallerie costiere Pirano con una mostra personale (Galleria Loggia Capodistria). L’artista, con le sue opere, siano esse dipinti, installazioni o performance, ci induce costantemente al pensiero critico. Non sorprende quindi che abbia sfruttato il periodo della pandemia per riflettere profondamente su sé stesso, i suoi simili e sul ruolo dell&#8217;arte visiva e dell&#8217;artista nella società odierna. Alla mostra DIPINTI 2020-2022, l&#8217;autore presenterà una recente serie di remake di ritratti, repliche realizzate magistralmente e rivisitate con una provocante nota dell’autore. I dipinti rappresentano una vera sfida alla percezione dello spettatore, delle immagini dipinte e dei loro messaggi.</div>
<div></div>
<div>Dopo la chiusura invernale, ad aprile riaprono le porte della <b>Galleria Monfort, dove giovedì, 28 aprile 2022, alle ore 18.00</b>, l&#8217;artista <b>Daniela Danica Tepeš</b> si presenterà con la mostra <b>NA DRUGI STRANI / ON THE OTHER SIDE / DALL&#8217;ALTRA PARTE</b>. La mostra sarà aperta fino al 22 maggio 2022. Daniela Danica Tepeš è un&#8217;artista visiva di fama internazionale che vive e lavora a Portorose. Si è diplomata all&#8217;Accademia di Arti visive di Lubiana. Ha partecipato a numerose mostre e progetti internazionali in Europa, Asia e Oceania. Le sue opere sono state presentate due volte alla Biennale di Venezia, alla 57a Biennale nel 2017 nel padiglione dello stato insulare di Kiribati e nel 2019. Il presente progetto artistico è legato alla presentazione biennale del 2017, che affronta il tema globale di interventi estremi in natura, ivi incluse le fosse profonde a cielo aperto per lo sfruttamento dei fosfati nelle isole del Pacifico. La mostra è pensata come una riflessione sulla predazione umana nell&#8217;ambiente naturale. L&#8217;installazione con fosse di fosfato trasforma la galleria in uno spazio di sfruttamento e contaminazione e incoraggia all&#8217;autoriflessione sul significato dell’esistenza umana.</div>
<div></div>
<div>Nella Galleria civica Pirano è in corso la mostra <b>Il panorama. Selezione dal fondo artistico delle Gallerie costiere Pirano</b>. La mostra collettiva offre un’occasione unica ai visitatori per poter osservare il patrimonio artistico custodito nei depositi. Le opere selezionate di rinomati artisti sloveni e internazionali provengono dalle raccolte più rappresentative delle Gallerie costiere e rappresentano una vasta gamma di diversi generi artistici: dipinti, disegni, sculture, fotografie e grafiche. <a href="https://www.obalne-galerije.si/it/panorama/" target="_blank" rel="noopener" data-saferedirecturl="https://www.google.com/url?q=https://www.obalne-galerije.si/it/panorama/&amp;source=gmail&amp;ust=1649363174126000&amp;usg=AOvVaw0H_TeANhLX98VBdmlTPFNl">Maggiori informazioni al link &#8230;</a></div>
<div></div>
<div>Al fine di approfondire la conoscenza delle singole opere e svelare al pubblico alcuni dettagli meno noti su come sono state ottenute, organizzeremo la prima visita guidata pubblica della mostra <b>venerdì, 15 aprile 2022 alle ore 18.00. L&#8217;incontro sarà condotto dalla dr. Majda Božeglav Japelj, curatrice delle collezioni, insieme a un ospite esterno.</b> Nuove visite guidate in compagnia delle curatrici delle GCP e degli ospiti esterni (specialisti, critici d&#8217;arte, artisti…) sono annunciate anche per il mese di maggio.</div>
<div></div>
<div><b>Mercoledì, 11 maggio 2022, alle ore 18.00 </b>condurrà la visita alla mostra <b>Samantha Chia, critica d&#8217;arte proveniente dall&#8217;Italia</b>, che ha anche selezionato le opere esposte. <b>La tavola rotonda di mercoledì, 25 maggio 2022, alle ore 18.00, sarà invece caratterizzata dall&#8217;incontro con i rappresentanti degli ambienti artistici professionali. </b></div>
<div></div>
<div>Previo accordo, è possibile prenotare workshop e visite guidate su richiesta (<a href="mailto:info@obalne-galerije.si" target="_blank" rel="noopener">info@obalne-galerije.si</a>); terremo informato il pubblico su tutte le offerte aggiuntive del programma. È particolarmente considerevole anche il programma dei laboratori pedagogici Incolla, avvolgi, spruzza!, condotti da Ana Papež (contatto: <a href="mailto:ana.papez@obalne-galerije.si" target="_blank" rel="noopener">ana.papez@obalne-galerije.si</a>). <a href="https://www.obalne-galerije.si/it/laboratorio-incolla-avvolgi-spruzza/" target="_blank" rel="noopener" data-saferedirecturl="https://www.google.com/url?q=https://www.obalne-galerije.si/it/laboratorio-incolla-avvolgi-spruzza/&amp;source=gmail&amp;ust=1649363174127000&amp;usg=AOvVaw2dGieUb4AbvIkTn8G-_4s5">Maggiori informazioni al link &#8230;</a></div>
<div></div>
<div>Nell&#8217;anno di Tartini, <b>TARTINI 330</b>, nel 330° anniversario della nascita di Giuseppe Tartini, anche alle Gallerie costiere Pirano, i prossimi mesi saranno dedicati al compositore e violinista di fama mondiale. Il vivace laboratorio artistico, che sarà dedicato ai ritratti di Tartini, mira a promuovere la cooperazione intergenerazionale. In altre parole, abbiamo invitato ai laboratori il grande pubblico, dai più giovani, ai rappresentanti della terza età. Le loro creazioni artistiche saranno successivamente presentate alla mostra <b>Tartini con i miei occhi</b>. <b>La mostra sarà aperta da venerdì, 15 aprile 2022 a domenica, 15 maggio 2022.</b></div>
<div></div>
<div>Il secondo appuntamento nell’ambito <b>TARTINI 330</b> si terrà <b>sabato, 30 aprile 2022, alle ore 11.00, presso la Galleria civica Pirano</b>. In collaborazione con la <b>Comunità degli Italiani Giuseppe Tartini</b> e altri partner dal mondo dell’economia, s<b>arà presentato il progetto promozionale ART OBJECTS: TARTINI 330.</b> Negli spazi espositivi della Galleria di Pirano, impreziositi dalle opere selezionate della mostra IL PANORAMA, presenteremo il corso di progettazione degli oggetti e altro materiale visivo, seguirà la degustazione di vini in un ambiente rilassato.</div>
<div></div>
<p>Siamo felici di ospitare nuovi eventi e di avere la possibilità di incontrarvi!</p>
<p>
</div><div class="kc-elm kc-css-842638" style="height: 20px; clear: both; width:100%;"></div></div></div></div></div></section>
