{"id":12898,"date":"2021-12-01T10:19:44","date_gmt":"2021-12-01T09:19:44","guid":{"rendered":"https:\/\/www.obalne-galerije.si\/?post_type=monthly_overview&#038;p=12898"},"modified":"2024-07-03T20:23:34","modified_gmt":"2024-07-03T18:23:34","slug":"appuntamenti-di-dicembre-2021","status":"publish","type":"monthly_overview","link":"https:\/\/www.obalne-galerije.si\/it\/monthly_overview\/appuntamenti-di-dicembre-2021\/","title":{"rendered":"Appuntamenti di dicembre 2021"},"content":{"rendered":"<section class=\"kc-elm kc-css-177833 kc_row\"><div class=\"kc-row-container  kc-container\"><div class=\"kc-wrap-columns\"><div class=\"kc-elm kc-css-837926 kc_col-sm-12 kc_column kc_col-sm-12\"><div class=\"kc-col-container\"><div class=\"kc-elm kc-css-124673\" style=\"height: 20px; clear: both; width:100%;\"><\/div><div class=\"kc-elm kc_text_block\"><\/p>\n<p>L&#8217;ultimo mese dell&#8217;anno \u00e8 per tradizione il pi\u00f9 allegro e festivo. Festeggia anche la cultura, soprattutto il <b>3 dicembre<\/b> quando ricorre l&#8217;anniversario di nascita di France Pre\u0161eren, che diventa <b>QUESTO ALLEGRO GIORNO DELLA CULTURA<\/b>. Le Gallerie costiere Pirano si uniscono anche quest&#8217;anno all&#8217;atmosfera festosa con visite gratuite alle esposizioni e l&#8217;inaugurazione di nuove mostre.<\/p>\n<p><b>Alla Galleria Medusa di Capodistria<\/b> in <b>QUESTO ALLEGRO GIORNO DELLA CULTURA<\/b> verr\u00e0 inaugurata la mostra del famoso designer capodistriano <a href=\"https:\/\/www.obalne-galerije.si\/it\/vojko-tominc-boxsis\/\" target=\"_blank\" rel=\"noopener\"><b>VOJKO TOMINC <\/b><\/a>che in passato ha pi\u00f9 volte esposto le sue opere nel campo del design grafico alle gallerie Medusa e Loggia. Assieme alla grafica, Tominc si dedica anche alla pittura, che \u00e8 costantemente intrecciata con il design grafico, tanto da averlo quasi soppiantato negli ultimi anni. Cos\u00ec, dopo una pausa di diversi anni, l\u2019artista questa volta ritorna con la mostra <b>BOXSIS<\/b>, che presenta una selezione di dipinti degli ultimi tre cicli Black, White &amp; Blue, Lattine e Pogled skozi okno (Vista dalla finestra), realizzati tra il 2015 e il 2020. La mostra sar\u00e0 aperta dal 3 dicembre 2021 al 28 gennaio 2022.<\/p>\n<p>Una settimana dopo, venerd\u00ec <b>10 dicembre 2021<\/b>, inaugureremo una nuova mostra intitolata<a href=\"https:\/\/www.obalne-galerije.si\/it\/miha-males-anni-di-pirano-1955-1980\/\" target=\"_blank\" rel=\"noopener\"> <b>MIHA MALE\u0160: GLI ANNI DI PIRANO 1955\u20131980<\/b><\/a> <b>alla Galleria Herman Pe\u010dari\u010d di Pirano<\/b>. Miha Male\u0161 (1903-1987) \u00e8 iscritto negli annali dell&#8217;arte slovena contemporanea come un eccellente artista grafico. Ha creato molto anche a Pirano, dove \u00e8 vissuto durante i mesi estivi dal 1955 al 1980. Le monotipie colorate, le incisioni e le fotografie che ha creato a Pirano saranno presentate per la prima volta nella galleria di Pirano. Le opere per la mostra provengono dalla collezione della figlia, la signora <b>Travica Male\u0161 Gre\u0161ak<\/b> e dalla <b>Galleria Miha Male\u0161 Kamnik<\/b> e saranno presentate dalla curatrice <b>Breda Ilich Klan\u010dnik<\/b>, ricercatrice e conoscitrice dell&#8217;intera opera di Male\u0161, che ha anche contribuito con il testo nella brochure bilingue.La mostra sar\u00e0 aperta fino al 13 febbraio 2022.<\/p>\n<p>Nel 2021, le Gallerie costiere hanno preparato parecchie mostre di artisti del Litorale. L&#8217;anno espositivo si concluder\u00e0 appunto con una mostra della famosa pittrice del Litorale <b>JONI ZAKONJ\u0160EK<\/b>. Sebbene l&#8217;artista viva da tempo a Bela krajina, Pirano rimane comunque la sua citt\u00e0. Con la mostra dal titolo IZ KNJIGE SPOKOJNOSTI (Dal libro della tranquillit\u00e0), che sar\u00e0 inaugurata il <b>17 dicembre 2021 alla Galleria civica Pirano<\/b>, ritorna al pubblico di casa. Saranno esposte le sue opere degli ultimi tre anni, di formato grande e piccolo, in varie tecniche, dall&#8217;olio su tela al disegno e all&#8217;acquerello. I motivi sono molto riconoscibili: alberi, prati, superficie del mare e altre scene della natura, da sempre un\u2019ispirazione per l&#8217;autrice. Verr\u00e0 pubblicato anche <b>un catalogo trilingue<\/b> sulla pittrice e sulle sue opere. Assieme al testo del poeta, filosofo e storico dell&#8217;arte <b>Miklav\u017e Komelj<\/b> e della curatrice della mostra <b>Ana Pape\u017e<\/b>, verranno riprodotte anche le opere in mostra. La mostra sar\u00e0 aperta fino al 13 febbraio 2022.<\/p>\n<p>Oltre alle nuove mostre annunciate, a dicembre sono in programma altre due mostre di architettura, che abbiamo preparato per le <a href=\"https:\/\/www.obalne-galerije.si\/it\/38-giornate-piranesi-dellarchitettura-cosa-si-puo-misurare-nellarchitettura\/\" target=\"_blank\" rel=\"noopener\"><b>38e GIORNATE PIRANESI DELL\u2019ARCHITETTURA<\/b><\/a>. <b>Fino al 5 dicembre, la Galleria Herman Pe\u010dari\u010d<\/b> ospiter\u00e0 la mostra <b>L\u2019ARCHITETTURA SLOVENA E IL TERRITORIO 2021<\/b>, realizzata in collaborazione con <b>ZAPS<\/b> (Camera di architettura e del territorio della Slovenia). La centrale <b>MOSTRA PIRANESI 2021<\/b>, invece \u00e8 allestita <b>a Monfort Portorose fino al 12 dicembre 2021<\/b>.<\/p>\n<p>Gentilmente invitati alla mostra di <a href=\"https:\/\/www.obalne-galerije.si\/it\/lumen-fotografija\/\" target=\"_blank\" rel=\"noopener\"><b>NATA\u0160A SEGULIN<\/b><\/a> dal titolo L<b>UMEN<\/b>, che si pu\u00f2 visitare alla <b>Galleria Loggia a Capodistria <\/b>fino al 9 gennaio 2022.<\/p>\n<p>\n<\/div><\/div><\/div><\/div><\/div><\/section>\n","protected":false},"featured_media":12931,"template":"","class_list":["post-12898","monthly_overview","type-monthly_overview","status-publish","has-post-thumbnail","hentry"],"acf":[],"_links":{"self":[{"href":"https:\/\/www.obalne-galerije.si\/it\/wp-json\/wp\/v2\/monthly_overview\/12898","targetHints":{"allow":["GET"]}}],"collection":[{"href":"https:\/\/www.obalne-galerije.si\/it\/wp-json\/wp\/v2\/monthly_overview"}],"about":[{"href":"https:\/\/www.obalne-galerije.si\/it\/wp-json\/wp\/v2\/types\/monthly_overview"}],"wp:featuredmedia":[{"embeddable":true,"href":"https:\/\/www.obalne-galerije.si\/it\/wp-json\/wp\/v2\/media\/12931"}],"wp:attachment":[{"href":"https:\/\/www.obalne-galerije.si\/it\/wp-json\/wp\/v2\/media?parent=12898"}],"curies":[{"name":"wp","href":"https:\/\/api.w.org\/{rel}","templated":true}]}}

<section class="kc-elm kc-css-177833 kc_row"><div class="kc-row-container  kc-container"><div class="kc-wrap-columns"><div class="kc-elm kc-css-837926 kc_col-sm-12 kc_column kc_col-sm-12"><div class="kc-col-container"><div class="kc-elm kc-css-124673" style="height: 20px; clear: both; width:100%;"></div><div class="kc-elm kc_text_block"></p>
<p>L&#8217;ultimo mese dell&#8217;anno è per tradizione il più allegro e festivo. Festeggia anche la cultura, soprattutto il <b>3 dicembre</b> quando ricorre l&#8217;anniversario di nascita di France Prešeren, che diventa <b>QUESTO ALLEGRO GIORNO DELLA CULTURA</b>. Le Gallerie costiere Pirano si uniscono anche quest&#8217;anno all&#8217;atmosfera festosa con visite gratuite alle esposizioni e l&#8217;inaugurazione di nuove mostre.</p>
<p><b>Alla Galleria Medusa di Capodistria</b> in <b>QUESTO ALLEGRO GIORNO DELLA CULTURA</b> verrà inaugurata la mostra del famoso designer capodistriano <a href="https://www.obalne-galerije.si/it/vojko-tominc-boxsis/" target="_blank" rel="noopener"><b>VOJKO TOMINC </b></a>che in passato ha più volte esposto le sue opere nel campo del design grafico alle gallerie Medusa e Loggia. Assieme alla grafica, Tominc si dedica anche alla pittura, che è costantemente intrecciata con il design grafico, tanto da averlo quasi soppiantato negli ultimi anni. Così, dopo una pausa di diversi anni, l’artista questa volta ritorna con la mostra <b>BOXSIS</b>, che presenta una selezione di dipinti degli ultimi tre cicli Black, White &amp; Blue, Lattine e Pogled skozi okno (Vista dalla finestra), realizzati tra il 2015 e il 2020. La mostra sarà aperta dal 3 dicembre 2021 al 28 gennaio 2022.</p>
<p>Una settimana dopo, venerdì <b>10 dicembre 2021</b>, inaugureremo una nuova mostra intitolata<a href="https://www.obalne-galerije.si/it/miha-males-anni-di-pirano-1955-1980/" target="_blank" rel="noopener"> <b>MIHA MALEŠ: GLI ANNI DI PIRANO 1955–1980</b></a> <b>alla Galleria Herman Pečarič di Pirano</b>. Miha Maleš (1903-1987) è iscritto negli annali dell&#8217;arte slovena contemporanea come un eccellente artista grafico. Ha creato molto anche a Pirano, dove è vissuto durante i mesi estivi dal 1955 al 1980. Le monotipie colorate, le incisioni e le fotografie che ha creato a Pirano saranno presentate per la prima volta nella galleria di Pirano. Le opere per la mostra provengono dalla collezione della figlia, la signora <b>Travica Maleš Grešak</b> e dalla <b>Galleria Miha Maleš Kamnik</b> e saranno presentate dalla curatrice <b>Breda Ilich Klančnik</b>, ricercatrice e conoscitrice dell&#8217;intera opera di Maleš, che ha anche contribuito con il testo nella brochure bilingue.La mostra sarà aperta fino al 13 febbraio 2022.</p>
<p>Nel 2021, le Gallerie costiere hanno preparato parecchie mostre di artisti del Litorale. L&#8217;anno espositivo si concluderà appunto con una mostra della famosa pittrice del Litorale <b>JONI ZAKONJŠEK</b>. Sebbene l&#8217;artista viva da tempo a Bela krajina, Pirano rimane comunque la sua città. Con la mostra dal titolo IZ KNJIGE SPOKOJNOSTI (Dal libro della tranquillità), che sarà inaugurata il <b>17 dicembre 2021 alla Galleria civica Pirano</b>, ritorna al pubblico di casa. Saranno esposte le sue opere degli ultimi tre anni, di formato grande e piccolo, in varie tecniche, dall&#8217;olio su tela al disegno e all&#8217;acquerello. I motivi sono molto riconoscibili: alberi, prati, superficie del mare e altre scene della natura, da sempre un’ispirazione per l&#8217;autrice. Verrà pubblicato anche <b>un catalogo trilingue</b> sulla pittrice e sulle sue opere. Assieme al testo del poeta, filosofo e storico dell&#8217;arte <b>Miklavž Komelj</b> e della curatrice della mostra <b>Ana Papež</b>, verranno riprodotte anche le opere in mostra. La mostra sarà aperta fino al 13 febbraio 2022.</p>
<p>Oltre alle nuove mostre annunciate, a dicembre sono in programma altre due mostre di architettura, che abbiamo preparato per le <a href="https://www.obalne-galerije.si/it/38-giornate-piranesi-dellarchitettura-cosa-si-puo-misurare-nellarchitettura/" target="_blank" rel="noopener"><b>38e GIORNATE PIRANESI DELL’ARCHITETTURA</b></a>. <b>Fino al 5 dicembre, la Galleria Herman Pečarič</b> ospiterà la mostra <b>L’ARCHITETTURA SLOVENA E IL TERRITORIO 2021</b>, realizzata in collaborazione con <b>ZAPS</b> (Camera di architettura e del territorio della Slovenia). La centrale <b>MOSTRA PIRANESI 2021</b>, invece è allestita <b>a Monfort Portorose fino al 12 dicembre 2021</b>.</p>
<p>Gentilmente invitati alla mostra di <a href="https://www.obalne-galerije.si/it/lumen-fotografija/" target="_blank" rel="noopener"><b>NATAŠA SEGULIN</b></a> dal titolo L<b>UMEN</b>, che si può visitare alla <b>Galleria Loggia a Capodistria </b>fino al 9 gennaio 2022.</p>
<p>
</div></div></div></div></div></section>
