{"id":10728,"date":"2021-10-04T12:53:26","date_gmt":"2021-10-04T10:53:26","guid":{"rendered":"https:\/\/www.obalne-galerije.si\/?post_type=monthly_overview&#038;p=10728"},"modified":"2024-07-03T20:23:43","modified_gmt":"2024-07-03T18:23:43","slug":"appuntamenti-di-ottobre-2021","status":"publish","type":"monthly_overview","link":"https:\/\/www.obalne-galerije.si\/it\/monthly_overview\/appuntamenti-di-ottobre-2021\/","title":{"rendered":"Appuntamenti di ottobre 2021"},"content":{"rendered":"<p><section class=\"kc-elm kc-css-521319 kc_row\"><div class=\"kc-row-container  kc-container\"><div class=\"kc-wrap-columns\"><div class=\"kc-elm kc-css-310292 kc_col-sm-12 kc_column kc_col-sm-12\"><div class=\"kc-col-container\"><div class=\"kc-elm kc-css-455020 kc_text_block\"><\/p>\n<p>Dopo una serie di inaugurazioni e di altri eventi culturali svoltisi a settembre, il mese di ottobre sar\u00e0 caratterizzato da diversi eventi di accompagnamento alle mostre e, naturalmente, dal simposio di scultura celebrativo <strong>FORMA VIVA PORTOROSE 1961\u25002021<\/strong> che \u00e8 in pieno svolgimento e terminer\u00e0 a met\u00e0 mese.<\/p>\n<p>Il simposio celebrativo \u00e8 presieduto dalla direttrice delle Gallerie costiere Pirano (GCP) <strong>Mara Ambro\u017ei\u010d Verderber<\/strong> e dalla curatrice dr. <strong>Majda Bo\u017eeglav Japelj<\/strong>. Il tradizionale intaglio di sculture in pietra di quattro rinomati scultori (<strong>Mario Lopez<\/strong> dal Portogallo, <strong>Alberto Scodro<\/strong> dall&#039;Italia, <strong>Max M. Seibald<\/strong> dall&#039;Austria e <strong>Jure Markota<\/strong> dalla Slovenia) si concluder\u00e0 con un programma dinamico dedicato all&#039;arte e alla natura. Per la prima volta nella storia di questo evento, le opere d&#039;arte create al simposio verranno posizionate in quattro spazi pubblici delle citt\u00e0 costiere: Pirano, Isola, Capodistria e Ancarano. I comuni dell&#039;Istria slovena, d\u2019altronde, con la loro partecipazione attiva al simposio di quest&#039;anno, hanno supportato questo evento artistico unico, presente sulla scena internazionale da sei decenni. <a href=\"https:\/\/www.obalne-galerije.si\/it\/forma-viva-galleria\/\" target=\"_blank\" rel=\"noopener\">Sfoglia la foto galleria\u2026<\/a><\/p>\n<p>Luned\u00ec, 11 ottobre 2021, <strong>FORMA VIVA PORTOROSE<\/strong> 2021 si concluder\u00e0 con una conferenza stampa <strong>alle ore 12.00<\/strong> presso <strong>Vinakoper<\/strong> a Capodistria. Alla presentazione dei risultati del simposio (<strong>Mara Ambro\u017ei\u010d Verderber,<\/strong> direttrice delle GCP e dr. <strong>Majda Bo\u017eeglav Japelj<\/strong>, curatrice delle GCP) seguir\u00e0 la presentazione dell\u2019evento di chiusura del parigino <strong>Vincent Ceraudo<\/strong> e la degustazione del vino con l&#039;etichetta Forma Viva celebrativa. Saranno presenti i scultori (<strong>Max Seibald<\/strong>, <strong>Alberto Scodro<\/strong> e <strong>Jure Markota<\/strong>), collaboratori locali, artisti e sponsor dell&#039;evento.<\/p>\n<p><strong>Sabato, 16 ottobre 2021<\/strong>, <strong>alle 17.00<\/strong> nel parco delle sculture Forma Viva a Sezza si svolger\u00e0 <strong>FINISSAGE<\/strong>, la conclusione solenne con la presentazione delle nuove opere scultoree e con l&#039;inaugurazione del progetto speciale \u2013 l\u2019intervento artistico nell\u2019ambiente di <strong>Vincent Ceraudo<\/strong>.<\/p>\n<p>Tra gli eventi in accompagnamento al simposio, spiccano i laboratori organizzati per gruppi scolastici dalle GCP e dalla curatrice pedagogista <strong>Ana Pape\u017e<\/strong>. Nel piacevole ambiente della natura nel Parco delle sculture, i giovani partecipano ai giochi, ai laboratori di danza con la ballerina e coreografa <strong>Tamara Peri\u0107<\/strong> e ai laboratori di scultura con il siporex con lo scultore <strong>Miha Pe\u010dar<\/strong>. I partecipanti ai laboratori fanno un giro nel parco delle sculture, dove apprendono la breve storia di Forma Viva e conoscono le sculture create nel corso degli anni. Prima della parte pratica dei laboratori ai bambini viene spiegato il lavoro dello scultore, conoscono i vari materiali scultorei e gli attrezzi utilizzati, con le istruzioni necessarie per un lavoro in sicurezza. <a href=\"https:\/\/www.obalne-galerije.si\/it\/laboratori-didattici-forma-viva-2021\/\" target=\"_blank\" rel=\"noopener\">Clicca qui per maggiori informazioni\u2026<\/a><\/p>\n<p>A ottobre abbiamo in programma anche un laboratorio di creazione di oggetti a partire dalla carta straccia e altri materiali di scarto. Sar\u00e0 organizzato in collaborazione con l&#039;artista e pedagoga <strong>Fulvia Grbac<\/strong> e si svolger\u00e0 anch\u2019esso all&#039;aperto nel Parco delle sculture Forma Viva Portorose.<\/p>\n<p>La Galleria Medusa di Capodistria ospita la mostra <strong>LA PORTATA DELLO SGUARDO<\/strong> di tre artiste del Litorale: <strong>Nina Mr\u0161nik<\/strong>, <strong>Lara Jeranko Marconi<\/strong> e <strong>Eda Birsa<\/strong>. In contemporanea alla mostra, che fa parte della terza edizione di <strong>SPEKULA<\/strong> ed \u00e8 stata realizzata in collaborazione con le GCP e la Facolt\u00e0 di studi educativi dell&#039;Universit\u00e0 del Litorale, l&#039;8 ottobre 2021 alle ore 18.00 verr\u00e0 proiettato il film di <strong>Radovan \u010cok<\/strong> dal titolo <strong>GIBLJIVA SLIKA (IMMAGINE IN MOVIMENTO<\/strong>). Dopo la proiezione si potr\u00e0 discuterne con l&#039;autore, rinomato direttore della fotografia, cameraman e fotografo del Litorale. <a href=\"https:\/\/www.obalne-galerije.si\/it\/spekula-2021-superfici-polverose\/\" target=\"_blank\" rel=\"noopener\">Clicca qui\u2026<\/a><\/p>\n<p><strong>Nata\u0161a Segulin<\/strong>, Capodistriana, espone alla Galleria Loggia di Capodistria e sta di nuovo sorprendendo il pubblico con un&#039;eccezionale serie di fotografie intitolata <strong>LUMEN<\/strong>. La sua storia fotografica si svolge nell\u2019edificio in rovina dell\u2019antico convento dei padri Serviti nel centro storico di Capodistria, dove fino al 1996 trovava la sua sede il reparto di maternit\u00e0. Ma la narrazione visiva non \u00e8 solo la storia di un edificio. La peculiarit\u00e0 di quest&#039;opera, che cela al suo interno anche ricordi intimi, sono le immagini minimaliste raffinate, la ripetizione ritmica di forme archetipiche e marcati contrasti tra luce e ombra. \u00c8 di questo che vogliamo parlare con l&#039;autrice e con il dr. Andrej Medved, nella visita guidata alla mostra che si svolger\u00e0 nella seconda met\u00e0 di ottobre. Per maggiori informazioni, <a href=\"https:\/\/www.obalne-galerije.si\/it\/lumen-fotografija\/\" target=\"_blank\" rel=\"noopener\">clicca qui\u2026<\/a><\/p>\n<p>Siamo felici di incontrarvi!<\/p>\n<p>\n<\/div><\/div><\/div><\/div><\/div><\/section><section class=\"kc-elm kc-css-334529 kc_row\"><div class=\"kc-row-container  kc-container\"><div class=\"kc-wrap-columns\"><div class=\"kc-elm kc-css-116305 kc_col-sm-12 kc_column kc_col-sm-12\"><div class=\"kc-col-container\"><div class=\"kc-elm kc-css-816193\" style=\"height: 20px; clear: both; width:100%;\"><\/div><\/div><\/div><\/div><\/div><\/section><\/p>\n","protected":false},"featured_media":11651,"template":"","class_list":["post-10728","monthly_overview","type-monthly_overview","status-publish","has-post-thumbnail","hentry"],"acf":[],"_links":{"self":[{"href":"https:\/\/www.obalne-galerije.si\/it\/wp-json\/wp\/v2\/monthly_overview\/10728","targetHints":{"allow":["GET"]}}],"collection":[{"href":"https:\/\/www.obalne-galerije.si\/it\/wp-json\/wp\/v2\/monthly_overview"}],"about":[{"href":"https:\/\/www.obalne-galerije.si\/it\/wp-json\/wp\/v2\/types\/monthly_overview"}],"wp:featuredmedia":[{"embeddable":true,"href":"https:\/\/www.obalne-galerije.si\/it\/wp-json\/wp\/v2\/media\/11651"}],"wp:attachment":[{"href":"https:\/\/www.obalne-galerije.si\/it\/wp-json\/wp\/v2\/media?parent=10728"}],"curies":[{"name":"wp","href":"https:\/\/api.w.org\/{rel}","templated":true}]}}

<p><section class="kc-elm kc-css-521319 kc_row"><div class="kc-row-container  kc-container"><div class="kc-wrap-columns"><div class="kc-elm kc-css-310292 kc_col-sm-12 kc_column kc_col-sm-12"><div class="kc-col-container"><div class="kc-elm kc-css-455020 kc_text_block"></p>
<p>Dopo una serie di inaugurazioni e di altri eventi culturali svoltisi a settembre, il mese di ottobre sarà caratterizzato da diversi eventi di accompagnamento alle mostre e, naturalmente, dal simposio di scultura celebrativo <strong>FORMA VIVA PORTOROSE 1961─2021</strong> che è in pieno svolgimento e terminerà a metà mese.</p>
<p>Il simposio celebrativo è presieduto dalla direttrice delle Gallerie costiere Pirano (GCP) <strong>Mara Ambrožič Verderber</strong> e dalla curatrice dr. <strong>Majda Božeglav Japelj</strong>. Il tradizionale intaglio di sculture in pietra di quattro rinomati scultori (<strong>Mario Lopez</strong> dal Portogallo, <strong>Alberto Scodro</strong> dall&#039;Italia, <strong>Max M. Seibald</strong> dall&#039;Austria e <strong>Jure Markota</strong> dalla Slovenia) si concluderà con un programma dinamico dedicato all&#039;arte e alla natura. Per la prima volta nella storia di questo evento, le opere d&#039;arte create al simposio verranno posizionate in quattro spazi pubblici delle città costiere: Pirano, Isola, Capodistria e Ancarano. I comuni dell&#039;Istria slovena, d’altronde, con la loro partecipazione attiva al simposio di quest&#039;anno, hanno supportato questo evento artistico unico, presente sulla scena internazionale da sei decenni. <a href="https://www.obalne-galerije.si/it/forma-viva-galleria/" target="_blank" rel="noopener">Sfoglia la foto galleria…</a></p>
<p>Lunedì, 11 ottobre 2021, <strong>FORMA VIVA PORTOROSE</strong> 2021 si concluderà con una conferenza stampa <strong>alle ore 12.00</strong> presso <strong>Vinakoper</strong> a Capodistria. Alla presentazione dei risultati del simposio (<strong>Mara Ambrožič Verderber,</strong> direttrice delle GCP e dr. <strong>Majda Božeglav Japelj</strong>, curatrice delle GCP) seguirà la presentazione dell’evento di chiusura del parigino <strong>Vincent Ceraudo</strong> e la degustazione del vino con l&#039;etichetta Forma Viva celebrativa. Saranno presenti i scultori (<strong>Max Seibald</strong>, <strong>Alberto Scodro</strong> e <strong>Jure Markota</strong>), collaboratori locali, artisti e sponsor dell&#039;evento.</p>
<p><strong>Sabato, 16 ottobre 2021</strong>, <strong>alle 17.00</strong> nel parco delle sculture Forma Viva a Sezza si svolgerà <strong>FINISSAGE</strong>, la conclusione solenne con la presentazione delle nuove opere scultoree e con l&#039;inaugurazione del progetto speciale – l’intervento artistico nell’ambiente di <strong>Vincent Ceraudo</strong>.</p>
<p>Tra gli eventi in accompagnamento al simposio, spiccano i laboratori organizzati per gruppi scolastici dalle GCP e dalla curatrice pedagogista <strong>Ana Papež</strong>. Nel piacevole ambiente della natura nel Parco delle sculture, i giovani partecipano ai giochi, ai laboratori di danza con la ballerina e coreografa <strong>Tamara Perić</strong> e ai laboratori di scultura con il siporex con lo scultore <strong>Miha Pečar</strong>. I partecipanti ai laboratori fanno un giro nel parco delle sculture, dove apprendono la breve storia di Forma Viva e conoscono le sculture create nel corso degli anni. Prima della parte pratica dei laboratori ai bambini viene spiegato il lavoro dello scultore, conoscono i vari materiali scultorei e gli attrezzi utilizzati, con le istruzioni necessarie per un lavoro in sicurezza. <a href="https://www.obalne-galerije.si/it/laboratori-didattici-forma-viva-2021/" target="_blank" rel="noopener">Clicca qui per maggiori informazioni…</a></p>
<p>A ottobre abbiamo in programma anche un laboratorio di creazione di oggetti a partire dalla carta straccia e altri materiali di scarto. Sarà organizzato in collaborazione con l&#039;artista e pedagoga <strong>Fulvia Grbac</strong> e si svolgerà anch’esso all&#039;aperto nel Parco delle sculture Forma Viva Portorose.</p>
<p>La Galleria Medusa di Capodistria ospita la mostra <strong>LA PORTATA DELLO SGUARDO</strong> di tre artiste del Litorale: <strong>Nina Mršnik</strong>, <strong>Lara Jeranko Marconi</strong> e <strong>Eda Birsa</strong>. In contemporanea alla mostra, che fa parte della terza edizione di <strong>SPEKULA</strong> ed è stata realizzata in collaborazione con le GCP e la Facoltà di studi educativi dell&#039;Università del Litorale, l&#039;8 ottobre 2021 alle ore 18.00 verrà proiettato il film di <strong>Radovan Čok</strong> dal titolo <strong>GIBLJIVA SLIKA (IMMAGINE IN MOVIMENTO</strong>). Dopo la proiezione si potrà discuterne con l&#039;autore, rinomato direttore della fotografia, cameraman e fotografo del Litorale. <a href="https://www.obalne-galerije.si/it/spekula-2021-superfici-polverose/" target="_blank" rel="noopener">Clicca qui…</a></p>
<p><strong>Nataša Segulin</strong>, Capodistriana, espone alla Galleria Loggia di Capodistria e sta di nuovo sorprendendo il pubblico con un&#039;eccezionale serie di fotografie intitolata <strong>LUMEN</strong>. La sua storia fotografica si svolge nell’edificio in rovina dell’antico convento dei padri Serviti nel centro storico di Capodistria, dove fino al 1996 trovava la sua sede il reparto di maternità. Ma la narrazione visiva non è solo la storia di un edificio. La peculiarità di quest&#039;opera, che cela al suo interno anche ricordi intimi, sono le immagini minimaliste raffinate, la ripetizione ritmica di forme archetipiche e marcati contrasti tra luce e ombra. È di questo che vogliamo parlare con l&#039;autrice e con il dr. Andrej Medved, nella visita guidata alla mostra che si svolgerà nella seconda metà di ottobre. Per maggiori informazioni, <a href="https://www.obalne-galerije.si/it/lumen-fotografija/" target="_blank" rel="noopener">clicca qui…</a></p>
<p>Siamo felici di incontrarvi!</p>
<p>
</div></div></div></div></div></section><section class="kc-elm kc-css-334529 kc_row"><div class="kc-row-container  kc-container"><div class="kc-wrap-columns"><div class="kc-elm kc-css-116305 kc_col-sm-12 kc_column kc_col-sm-12"><div class="kc-col-container"><div class="kc-elm kc-css-816193" style="height: 20px; clear: both; width:100%;"></div></div></div></div></div></section></p>
