{"id":9015,"date":"2021-08-04T16:19:10","date_gmt":"2021-08-04T14:19:10","guid":{"rendered":"https:\/\/www.obalne-galerije.si\/?post_type=exhibit&#038;p=9015"},"modified":"2025-08-25T16:37:01","modified_gmt":"2025-08-25T14:37:01","slug":"bostjan-kavcic","status":"publish","type":"exhibit","link":"https:\/\/www.obalne-galerije.si\/it\/exhibit\/bostjan-kavcic\/","title":{"rendered":"Bo\u0161tjan Kav\u010di\u010d"},"content":{"rendered":"<p>Bo\u0161tjan Kav\u010di\u010d \u00e8 nato nel 1973 a \u0160empeter pri Gorici. Tra il 1997 e il 2003 ha studiato scultura all&#8217;Accademia di Belle Arti e Design di Lubiana, dove ha poi conseguito un master nel dipartimento di video. Nel 2001 ha ricevuto il primo riconoscimento per il suo lavoro, l&#8217;University Pre\u0161eren Award. Gi\u00e0 durante i suoi studi universitari e post-laurea, \u00e8 stato spesso invitato a mostre collettive in Slovenia, Austria, Germania e Italia. Dopo aver completato la loro educazione formale, l&#8217;intensit\u00e0 delle mostre e la partecipazione ai simposi di scultura \u00e8 aumentata ancora di pi\u00f9. Durante questo periodo, l&#8217;autore ha avuto l&#8217;opportunit\u00e0 di erigere una serie di sculture pubbliche in Slovenia e Croazia. Vive e lavora a Rodine in Bela krajina.<\/p>\n<p>Kav\u010di\u010d ha progettato sculture da pavimento in plastica organica per il parco lungo il canale di Lucija Fazan. Sembra che la sua forma piena e ondulata sia il risultato di una forza naturale terrena, un&#8217;onda in espansione. Ma forse \u00e8 una folata di vento o la statua \u00e8 una metafora di un&#8217;atmosfera estiva, come dice l&#8217;artista. Il suo desiderio era quello di mostrare il movimento della materia, di trasformare la forza apparente della pietra in energia viva e pulsante, il tutto con l&#8217;obiettivo di nobilitare un giardino verde al centro di un piccolo insediamento, che nel tempo potesse diventare una sorta di locus amoenus , come direbbero gli antichi romani, per il riposo e il divertimento.<\/p>\n<p>&nbsp;<\/p>\n<p><em>Testi di dr. Majda Bo\u017eeglav Japelj.<\/em><\/p>\n","protected":false},"featured_media":9483,"template":"","class_list":["post-9015","exhibit","type-exhibit","status-publish","has-post-thumbnail","hentry"],"acf":[],"_links":{"self":[{"href":"https:\/\/www.obalne-galerije.si\/it\/wp-json\/wp\/v2\/exhibit\/9015","targetHints":{"allow":["GET"]}}],"collection":[{"href":"https:\/\/www.obalne-galerije.si\/it\/wp-json\/wp\/v2\/exhibit"}],"about":[{"href":"https:\/\/www.obalne-galerije.si\/it\/wp-json\/wp\/v2\/types\/exhibit"}],"version-history":[{"count":3,"href":"https:\/\/www.obalne-galerije.si\/it\/wp-json\/wp\/v2\/exhibit\/9015\/revisions"}],"predecessor-version":[{"id":25238,"href":"https:\/\/www.obalne-galerije.si\/it\/wp-json\/wp\/v2\/exhibit\/9015\/revisions\/25238"}],"wp:featuredmedia":[{"embeddable":true,"href":"https:\/\/www.obalne-galerije.si\/it\/wp-json\/wp\/v2\/media\/9483"}],"wp:attachment":[{"href":"https:\/\/www.obalne-galerije.si\/it\/wp-json\/wp\/v2\/media?parent=9015"}],"curies":[{"name":"wp","href":"https:\/\/api.w.org\/{rel}","templated":true}]}}

Boštjan Kavčič

<p>Boštjan Kavčič è nato nel 1973 a Šempeter pri Gorici. Tra il 1997 e il 2003 ha studiato scultura all&#8217;Accademia di Belle Arti e Design di Lubiana, dove ha poi conseguito un master nel dipartimento di video. Nel 2001 ha ricevuto il primo riconoscimento per il suo lavoro, l&#8217;University Prešeren Award. Già durante i suoi studi universitari e post-laurea, è stato spesso invitato a mostre collettive in Slovenia, Austria, Germania e Italia. Dopo aver completato la loro educazione formale, l&#8217;intensità delle mostre e la partecipazione ai simposi di scultura è aumentata ancora di più. Durante questo periodo, l&#8217;autore ha avuto l&#8217;opportunità di erigere una serie di sculture pubbliche in Slovenia e Croazia. Vive e lavora a Rodine in Bela krajina.</p>
<p>Kavčič ha progettato sculture da pavimento in plastica organica per il parco lungo il canale di Lucija Fazan. Sembra che la sua forma piena e ondulata sia il risultato di una forza naturale terrena, un&#8217;onda in espansione. Ma forse è una folata di vento o la statua è una metafora di un&#8217;atmosfera estiva, come dice l&#8217;artista. Il suo desiderio era quello di mostrare il movimento della materia, di trasformare la forza apparente della pietra in energia viva e pulsante, il tutto con l&#8217;obiettivo di nobilitare un giardino verde al centro di un piccolo insediamento, che nel tempo potesse diventare una sorta di locus amoenus , come direbbero gli antichi romani, per il riposo e il divertimento.</p>
<p>&nbsp;</p>
<p><em>Testi di dr. Majda Božeglav Japelj.</em></p>
