{"id":5406,"date":"2021-06-25T21:01:51","date_gmt":"2021-06-25T19:01:51","guid":{"rendered":"http:\/\/www.obalne-galerije.si\/?post_type=exhibit&#038;p=5406"},"modified":"2025-08-25T16:39:12","modified_gmt":"2025-08-25T14:39:12","slug":"mirsad-begic-senza-titolo","status":"publish","type":"exhibit","link":"https:\/\/www.obalne-galerije.si\/it\/exhibit\/mirsad-begic-senza-titolo\/","title":{"rendered":"Mirsad Begi\u0107, Senza titolo"},"content":{"rendered":"<p>Mirsad Begi\u0107 \u00e8 nato nel 1953 nella citt\u00e0 bosniaca di Glamo\u010d. Nel 1979 si \u00e8 diplomato presso la sezione di scultura dell\u2019Accademia di Belle Arti e Design di Lubiana, dove si \u00e8 successivamente specializzato in scultura con il prof. Drago Tr\u0161ar, perfezionandosi al contempo a Zagabria e alla St. Martin&#8217;s School of Art di Londra. Nelle sue opere egli integra spesso il materiale scultoreo tradizionale (bronzo, gesso, argilla, ceramica) con altri materiali artistici atipici, quali la cera e la corda. Oltre alla scultura, il suo genere artistico preferito \u00e8 il disegno, ma \u00e8 particolarmente importante il suo ruolo nel campo della scultura pubblica commemorativa, soprattutto ritratti. Per la sua opera \u00e8 stato pi\u00f9 volte premiato. \u00c8 sempre presente in Slovenia e all\u2019estero con mostre personali e collettive. Vive e lavora a Lubiana.<\/p>\n<p>Con la sua scultura l\u2019artista bosniaco, che risiede a Lubiana, ha superato quelli che sono gli approcci consueti nel dare forma a un blocco di pietra a posizionamento libero. Lo ha concepito in modo tale da farlo sembrare come casualmente spuntato sul pendio di una delle terrazze del Parco, conquistando visivamente gran parte dello spazio verde attorno a s\u00e9. Il segnale di pietra, senza accenti allusivi sulla sua natura originaria, \u00e8 quasi organicamente fuso con la terra. L\u2019artista ci riporta nel paesaggio culturale della sua giovent\u00f9, in Bosnia, dove le lapidi funerarie abbandonate (ni\u0161ani) sono una testimonianza dell\u2019antica tradizione di quest\u2019arte e intessono racconti sui rituali della caducit\u00e0 e della conservazione del ricordo dell\u2019esistenza umana. Nella sua arte il passato ritorna sempre nel presente come una narrazione.<\/p>\n<p>&nbsp;<\/p>\n<p><em>Testi di dr. Majda Bo\u017eeglav Japelj.<\/em><\/p>\n","protected":false},"featured_media":9403,"template":"","class_list":["post-5406","exhibit","type-exhibit","status-publish","has-post-thumbnail","hentry"],"acf":[],"_links":{"self":[{"href":"https:\/\/www.obalne-galerije.si\/it\/wp-json\/wp\/v2\/exhibit\/5406","targetHints":{"allow":["GET"]}}],"collection":[{"href":"https:\/\/www.obalne-galerije.si\/it\/wp-json\/wp\/v2\/exhibit"}],"about":[{"href":"https:\/\/www.obalne-galerije.si\/it\/wp-json\/wp\/v2\/types\/exhibit"}],"version-history":[{"count":4,"href":"https:\/\/www.obalne-galerije.si\/it\/wp-json\/wp\/v2\/exhibit\/5406\/revisions"}],"predecessor-version":[{"id":25255,"href":"https:\/\/www.obalne-galerije.si\/it\/wp-json\/wp\/v2\/exhibit\/5406\/revisions\/25255"}],"wp:featuredmedia":[{"embeddable":true,"href":"https:\/\/www.obalne-galerije.si\/it\/wp-json\/wp\/v2\/media\/9403"}],"wp:attachment":[{"href":"https:\/\/www.obalne-galerije.si\/it\/wp-json\/wp\/v2\/media?parent=5406"}],"curies":[{"name":"wp","href":"https:\/\/api.w.org\/{rel}","templated":true}]}}

Mirsad Begić, Senza titolo

<p>Mirsad Begić è nato nel 1953 nella città bosniaca di Glamoč. Nel 1979 si è diplomato presso la sezione di scultura dell’Accademia di Belle Arti e Design di Lubiana, dove si è successivamente specializzato in scultura con il prof. Drago Tršar, perfezionandosi al contempo a Zagabria e alla St. Martin&#8217;s School of Art di Londra. Nelle sue opere egli integra spesso il materiale scultoreo tradizionale (bronzo, gesso, argilla, ceramica) con altri materiali artistici atipici, quali la cera e la corda. Oltre alla scultura, il suo genere artistico preferito è il disegno, ma è particolarmente importante il suo ruolo nel campo della scultura pubblica commemorativa, soprattutto ritratti. Per la sua opera è stato più volte premiato. È sempre presente in Slovenia e all’estero con mostre personali e collettive. Vive e lavora a Lubiana.</p>
<p>Con la sua scultura l’artista bosniaco, che risiede a Lubiana, ha superato quelli che sono gli approcci consueti nel dare forma a un blocco di pietra a posizionamento libero. Lo ha concepito in modo tale da farlo sembrare come casualmente spuntato sul pendio di una delle terrazze del Parco, conquistando visivamente gran parte dello spazio verde attorno a sé. Il segnale di pietra, senza accenti allusivi sulla sua natura originaria, è quasi organicamente fuso con la terra. L’artista ci riporta nel paesaggio culturale della sua gioventù, in Bosnia, dove le lapidi funerarie abbandonate (nišani) sono una testimonianza dell’antica tradizione di quest’arte e intessono racconti sui rituali della caducità e della conservazione del ricordo dell’esistenza umana. Nella sua arte il passato ritorna sempre nel presente come una narrazione.</p>
<p>&nbsp;</p>
<p><em>Testi di dr. Majda Božeglav Japelj.</em></p>
