{"id":3146,"date":"2021-05-07T13:37:07","date_gmt":"2021-05-07T11:37:07","guid":{"rendered":"http:\/\/ogp.debian.local\/exhibit\/omaggio-ai-patrioti-morti-per-la-liberta\/"},"modified":"2025-08-25T16:39:18","modified_gmt":"2025-08-25T14:39:18","slug":"ahiam-shoshany-dedicato-ai-caduti-per-la-liberta","status":"publish","type":"exhibit","link":"https:\/\/www.obalne-galerije.si\/it\/exhibit\/ahiam-shoshany-dedicato-ai-caduti-per-la-liberta\/","title":{"rendered":"Achiam, Dedicato ai caduti per la libert\u00e0"},"content":{"rendered":"<p>Achiam (Ahiam Shoshany), nato nel 1916 nella localit\u00e0 di Beit-Gan (oggi parte di Yavne&#8217;el in Galilea) ha sostituito l\u2019istruzione di base in agronomia con l\u2019esperienza lavorativa da scalpellino nelle cave di Gerusalemme. Alla fine degli anni \u201950 del secolo scorso ha trascorso un periodo di studio a Parigi, dove ha realizzato delle sculture con pietra di scarto (anche in stile naif). Questo periodo \u00e8 stato caratterizzato dalla frequentazione di famosi artisti come Dubuffet, Dal\u00ec, Zadkine, Picasso e Brancusi e dalla partecipazione a numerose mostre, che gli sono valse anche importanti riconoscimenti, tra cui il Grand Prix des Beaux-Arts a Parigi nel 1965. Troviamo le sue sculture pubbliche in Israele, Austria, Slovenia e Francia. Ha vissuto e lavorato nella citt\u00e0 francese di S\u00e8vres, dove \u00e8 morto nel 2005.<\/p>\n<p>Lo stile di Achiam, caratterizzato da forme figurative schematiche e semplificate, si ricollega al linguaggio estetico pulito dello scultore romeno Constantin Brancusi. Anche questa scultura, dedicata a tutti i caduti per la libert\u00e0, parla della forza espressiva primaria, senza tempo, del linguaggio artistico arcaico. Cogliamo la sofferenza, il dolore esplicito del sofferente, nel profilo della grande testa distesa con le orbite vuote e la bocca orribilmente spalancata, come un grido muto, che risuona visivamente nello spazio e incatena subito lo sguardo dell\u2019osservatore quando entra in questa parte del parco circondata di cipressi. La testa poggia su un massiccio piedistallo, il che le conferisce la necessaria grandiosit\u00e0 e il pathos di un monumento commemorativo.<\/p>\n<p>&nbsp;<\/p>\n<p><em>Testi di dr. Majda Bo\u017eeglav Japelj.<\/em><\/p>\n","protected":false},"featured_media":9400,"template":"","class_list":["post-3146","exhibit","type-exhibit","status-publish","has-post-thumbnail","hentry"],"acf":[],"_links":{"self":[{"href":"https:\/\/www.obalne-galerije.si\/it\/wp-json\/wp\/v2\/exhibit\/3146","targetHints":{"allow":["GET"]}}],"collection":[{"href":"https:\/\/www.obalne-galerije.si\/it\/wp-json\/wp\/v2\/exhibit"}],"about":[{"href":"https:\/\/www.obalne-galerije.si\/it\/wp-json\/wp\/v2\/types\/exhibit"}],"version-history":[{"count":5,"href":"https:\/\/www.obalne-galerije.si\/it\/wp-json\/wp\/v2\/exhibit\/3146\/revisions"}],"predecessor-version":[{"id":25256,"href":"https:\/\/www.obalne-galerije.si\/it\/wp-json\/wp\/v2\/exhibit\/3146\/revisions\/25256"}],"wp:featuredmedia":[{"embeddable":true,"href":"https:\/\/www.obalne-galerije.si\/it\/wp-json\/wp\/v2\/media\/9400"}],"wp:attachment":[{"href":"https:\/\/www.obalne-galerije.si\/it\/wp-json\/wp\/v2\/media?parent=3146"}],"curies":[{"name":"wp","href":"https:\/\/api.w.org\/{rel}","templated":true}]}}

Achiam, Dedicato ai caduti per la libertà

<p>Achiam (Ahiam Shoshany), nato nel 1916 nella località di Beit-Gan (oggi parte di Yavne&#8217;el in Galilea) ha sostituito l’istruzione di base in agronomia con l’esperienza lavorativa da scalpellino nelle cave di Gerusalemme. Alla fine degli anni ’50 del secolo scorso ha trascorso un periodo di studio a Parigi, dove ha realizzato delle sculture con pietra di scarto (anche in stile naif). Questo periodo è stato caratterizzato dalla frequentazione di famosi artisti come Dubuffet, Dalì, Zadkine, Picasso e Brancusi e dalla partecipazione a numerose mostre, che gli sono valse anche importanti riconoscimenti, tra cui il Grand Prix des Beaux-Arts a Parigi nel 1965. Troviamo le sue sculture pubbliche in Israele, Austria, Slovenia e Francia. Ha vissuto e lavorato nella città francese di Sèvres, dove è morto nel 2005.</p>
<p>Lo stile di Achiam, caratterizzato da forme figurative schematiche e semplificate, si ricollega al linguaggio estetico pulito dello scultore romeno Constantin Brancusi. Anche questa scultura, dedicata a tutti i caduti per la libertà, parla della forza espressiva primaria, senza tempo, del linguaggio artistico arcaico. Cogliamo la sofferenza, il dolore esplicito del sofferente, nel profilo della grande testa distesa con le orbite vuote e la bocca orribilmente spalancata, come un grido muto, che risuona visivamente nello spazio e incatena subito lo sguardo dell’osservatore quando entra in questa parte del parco circondata di cipressi. La testa poggia su un massiccio piedistallo, il che le conferisce la necessaria grandiosità e il pathos di un monumento commemorativo.</p>
<p>&nbsp;</p>
<p><em>Testi di dr. Majda Božeglav Japelj.</em></p>
