{"id":19483,"date":"2023-10-26T23:11:10","date_gmt":"2023-10-26T21:11:10","guid":{"rendered":"https:\/\/www.obalne-galerije.si\/?post_type=exhibit&#038;p=19483"},"modified":"2025-08-25T16:36:31","modified_gmt":"2025-08-25T14:36:31","slug":"leonard-rachita-mastaba","status":"publish","type":"exhibit","link":"https:\/\/www.obalne-galerije.si\/it\/exhibit\/leonard-rachita-mastaba\/","title":{"rendered":"Leonard Rachita, Mastaba"},"content":{"rendered":"<p>Leonard Rachita \u00e8 nato nel 1952 a Bl\u0103ge\u0219ti (Romania). Nel 1975 si \u00e8 diplomato all&#8217;Accademia di belle arti Nicolae Grigorescu di Bucarest, al corso di scultura. Terminati gli studi si \u00e8 occupato di decorazione ornamentale, restauro e organizzazione di mostre d&#8217;arte. Diverse borse di studio gli hanno permesso di studiare all&#8217;estero. Oltre alla sua attivit\u00e0 espositiva, che comprende mostre personali e collettive in patria e nel mondo, \u00e8 importante l&#8217;attivit\u00e0 nei simposi di scultura. Come scultore ha partecipato a molti incontri di lavoro in tutto il mondo. Nel 1986 ha fondato l\u2019associazione dei simposi di scultura, AISS (International Association of Sculpture Symposias), all&#8217;interno della quale ha organizzato incontri e conferenze sul tema dei simposi di scultura e ricerche su questa forma di lavoro creativo nel contesto dell&#8217;arte contemporanea. Per i suoi lavori ha ricevuto numerosi premi e riconoscimenti. L&#8217;esplorazione delle forme plastiche da parte dell&#8217;artista si \u00e8 spostato in natura, con sottili interventi nel paesaggio e con il gioco di luci e ombre, che l\u2019artista registra spesso con l&#8217;ausilio dell\u2019obiettivo fotografico. Leonard Rachita vive e lavora a Parigi dal 1993.<\/p>\n<p>La scultura di Portorose appartiene alla serie che lo scultore rumeno ha denominato <em>Il ciclo dell&#8217;architettura sentita<\/em>. In questo ciclo, ha esplorato la relazione tra due categorie, architettura e scultura. La forma caratteristica di questi edifici, ivi compreso il titolo Mastaba, \u00e8 simbolicamente legata ai ziggurat, gli edifici religiosi delle antiche civilt\u00e0 del Medio Oriente e strutture tombali piramidali del primo periodo egizio. L&#8217;interpretazione della piramide di Rachita \u00e8 peculiare. Un semplice basamento quadrato &#8211; poggiato su una struttura in ferro leggermente rialzata &#8211; sviluppa una forma trapezoidale in altezza per poi concludersi con una superficie piana. Tutti e quattro i lati della piramide sono equamente divisi da colonne verticali rettangolari. Lo scultore \u00e8 sicuramente riuscito a cogliere l&#8217;essenza della pietra d&#8217;Istria nella compattezza della struttura e nell&#8217;inviolabilit\u00e0 del nucleo. In questa forma rigida, chiusa e non funzionale, Rachita conserva gli strati di memoria della storia culturale umana, cos\u00ec come l&#8217;attaccamento agli elementi dell&#8217;architettura rurale tradizionale della sua Transilvania nativa. L&#8217;autore intende l\u2019arte della scultura, insieme all&#8217;architettura, capace di nobilitare lo spazio pubblico e di segnarlo con profondit\u00e0 emotive e poetiche.<\/p>\n<p>&nbsp;<\/p>\n<p><em>Testi di dr. Majda Bo\u017eeglav Japelj.<\/em><\/p>\n","protected":false},"featured_media":19492,"template":"","class_list":["post-19483","exhibit","type-exhibit","status-publish","has-post-thumbnail","hentry"],"acf":[],"_links":{"self":[{"href":"https:\/\/www.obalne-galerije.si\/it\/wp-json\/wp\/v2\/exhibit\/19483","targetHints":{"allow":["GET"]}}],"collection":[{"href":"https:\/\/www.obalne-galerije.si\/it\/wp-json\/wp\/v2\/exhibit"}],"about":[{"href":"https:\/\/www.obalne-galerije.si\/it\/wp-json\/wp\/v2\/types\/exhibit"}],"version-history":[{"count":2,"href":"https:\/\/www.obalne-galerije.si\/it\/wp-json\/wp\/v2\/exhibit\/19483\/revisions"}],"predecessor-version":[{"id":25234,"href":"https:\/\/www.obalne-galerije.si\/it\/wp-json\/wp\/v2\/exhibit\/19483\/revisions\/25234"}],"wp:featuredmedia":[{"embeddable":true,"href":"https:\/\/www.obalne-galerije.si\/it\/wp-json\/wp\/v2\/media\/19492"}],"wp:attachment":[{"href":"https:\/\/www.obalne-galerije.si\/it\/wp-json\/wp\/v2\/media?parent=19483"}],"curies":[{"name":"wp","href":"https:\/\/api.w.org\/{rel}","templated":true}]}}

<p>Leonard Rachita è nato nel 1952 a Blăgești (Romania). Nel 1975 si è diplomato all&#8217;Accademia di belle arti Nicolae Grigorescu di Bucarest, al corso di scultura. Terminati gli studi si è occupato di decorazione ornamentale, restauro e organizzazione di mostre d&#8217;arte. Diverse borse di studio gli hanno permesso di studiare all&#8217;estero. Oltre alla sua attività espositiva, che comprende mostre personali e collettive in patria e nel mondo, è importante l&#8217;attività nei simposi di scultura. Come scultore ha partecipato a molti incontri di lavoro in tutto il mondo. Nel 1986 ha fondato l’associazione dei simposi di scultura, AISS (International Association of Sculpture Symposias), all&#8217;interno della quale ha organizzato incontri e conferenze sul tema dei simposi di scultura e ricerche su questa forma di lavoro creativo nel contesto dell&#8217;arte contemporanea. Per i suoi lavori ha ricevuto numerosi premi e riconoscimenti. L&#8217;esplorazione delle forme plastiche da parte dell&#8217;artista si è spostato in natura, con sottili interventi nel paesaggio e con il gioco di luci e ombre, che l’artista registra spesso con l&#8217;ausilio dell’obiettivo fotografico. Leonard Rachita vive e lavora a Parigi dal 1993.</p>
<p>La scultura di Portorose appartiene alla serie che lo scultore rumeno ha denominato <em>Il ciclo dell&#8217;architettura sentita</em>. In questo ciclo, ha esplorato la relazione tra due categorie, architettura e scultura. La forma caratteristica di questi edifici, ivi compreso il titolo Mastaba, è simbolicamente legata ai ziggurat, gli edifici religiosi delle antiche civiltà del Medio Oriente e strutture tombali piramidali del primo periodo egizio. L&#8217;interpretazione della piramide di Rachita è peculiare. Un semplice basamento quadrato &#8211; poggiato su una struttura in ferro leggermente rialzata &#8211; sviluppa una forma trapezoidale in altezza per poi concludersi con una superficie piana. Tutti e quattro i lati della piramide sono equamente divisi da colonne verticali rettangolari. Lo scultore è sicuramente riuscito a cogliere l&#8217;essenza della pietra d&#8217;Istria nella compattezza della struttura e nell&#8217;inviolabilità del nucleo. In questa forma rigida, chiusa e non funzionale, Rachita conserva gli strati di memoria della storia culturale umana, così come l&#8217;attaccamento agli elementi dell&#8217;architettura rurale tradizionale della sua Transilvania nativa. L&#8217;autore intende l’arte della scultura, insieme all&#8217;architettura, capace di nobilitare lo spazio pubblico e di segnarlo con profondità emotive e poetiche.</p>
<p>&nbsp;</p>
<p><em>Testi di dr. Majda Božeglav Japelj.</em></p>
