{"id":19471,"date":"2023-10-26T23:07:03","date_gmt":"2023-10-26T21:07:03","guid":{"rendered":"https:\/\/www.obalne-galerije.si\/?post_type=exhibit&#038;p=19471"},"modified":"2025-08-25T16:36:40","modified_gmt":"2025-08-25T14:36:40","slug":"stojan-batic-dalla-serie-i-minatori","status":"publish","type":"exhibit","link":"https:\/\/www.obalne-galerije.si\/it\/exhibit\/stojan-batic-dalla-serie-i-minatori\/","title":{"rendered":"Stojan Bati\u010d, Dalla serie I minatori"},"content":{"rendered":"<p>Stojan Bati\u010d \u00e8 nato nel 1925 a Trbovlje. Ha completato i suoi studi in scultura con una specializzazione nel 1951 presso l&#8217;Accademia di belle arti di Lubiana, dove i suoi professori erano Boris Kalin e Fran\u010di\u0161ek Smerdu. Successivamente \u00e8 stato il primo sloveno a beneficiare di una borsa di studio, per studiare a Parigi dallo scultore Ossip Zadkin e ha fatto molti viaggi di studio in Europa. Il suo coinvolgimento intenso nella creazione di sculture monumentali inizia nel 1946 e comprende circa trenta opere. La produzione di sculture negli spazi pubblici \u00e8 un po&#8217; meno ampia e tra queste possiamo annoverare anche la scultura del simposio Forma viva di Portorose e la figura in bronzo di Prometeo in Piazza Tartini a Pirano. La sua personale opera scultorea, ampia e varia nei contenuti, comprende oltre alle sculture pubbliche di grande formato, una ricca collezione di piccole sculture, numerosi arredamenti per uffici e navi transoceaniche e una serie di sculture ritratto pubbliche e per clienti privati. Insieme alla scultura, Bati\u010d ha sempre coltivato il disegno, anche quando questo non serviva come studio per realizzare le opere scultoree. Le sue opere sono state presentate in numerose mostre collettive e personali in Slovenia e nel mondo. Ha ricevuto numerosi riconoscimenti e premi per il suo lavoro, tra cui vale la pena evidenziare il Premio Pre\u0161eren nel 1960. Stojan Bati\u010d \u00e8 vissuto a Lubiana, dove \u00e8 morto nel 2015.<\/p>\n<p>&nbsp;<\/p>\n<p>Stojan Bati\u010d \u00e8 uno dei pi\u00f9 importanti rappresentanti sloveni della scultura figurativa del dopoguerra, che non \u00e8 molto rappresentata nel parco delle sculture del simposio a Sezza. Nell\u2019appuntamento con la scultura del 1964, Bati\u010d ha creato un\u2019altra interpretazione del motivo dei minatori, a lui tanto caro. Da giovane l\u2019autore ha lavorato nelle miniere e questa esperienza ha segnato profondamente il suo lavoro creativo. Come nello stile di Zadkin, possiamo ammirare l&#8217;analisi disciplinata di un gruppo di figure in piedi, che l&#8217;artista definisce in una composizione verticale compatta. La superficie della pietra viene valorizzata con un caratteristico trattamento a rilievo delle singole superfici, che nel tempo \u00e8 diventato il suo elemento artistico di riconoscimento, praticamente il suo marchio di fabbrica. Quando ci muoviamo intorno alla scultura, possiamo distinguere sulla superficie riccamente strutturata il misterioso mondo del sottosuolo e segmenti dell&#8217;inventario delle attrezzature minerarie. Il linguaggio plastico di Bati\u010d con la forza espressiva delle forme sintetiche, l\u2019arcaicit\u00e0 monolitica del blocco di pietra, la tecnica dell&#8217;intaglio assieme alla profondit\u00e0 del rilievo, rivelano le caratteristiche che l\u2019autore ha utilizzato anche nella creazione di sculture monumentali.<\/p>\n<p>&nbsp;<\/p>\n<p><em>Testi di dr. Majda Bo\u017eeglav Japelj.<\/em><\/p>\n","protected":false},"featured_media":19490,"template":"","class_list":["post-19471","exhibit","type-exhibit","status-publish","has-post-thumbnail","hentry"],"acf":[],"_links":{"self":[{"href":"https:\/\/www.obalne-galerije.si\/it\/wp-json\/wp\/v2\/exhibit\/19471","targetHints":{"allow":["GET"]}}],"collection":[{"href":"https:\/\/www.obalne-galerije.si\/it\/wp-json\/wp\/v2\/exhibit"}],"about":[{"href":"https:\/\/www.obalne-galerije.si\/it\/wp-json\/wp\/v2\/types\/exhibit"}],"version-history":[{"count":2,"href":"https:\/\/www.obalne-galerije.si\/it\/wp-json\/wp\/v2\/exhibit\/19471\/revisions"}],"predecessor-version":[{"id":25235,"href":"https:\/\/www.obalne-galerije.si\/it\/wp-json\/wp\/v2\/exhibit\/19471\/revisions\/25235"}],"wp:featuredmedia":[{"embeddable":true,"href":"https:\/\/www.obalne-galerije.si\/it\/wp-json\/wp\/v2\/media\/19490"}],"wp:attachment":[{"href":"https:\/\/www.obalne-galerije.si\/it\/wp-json\/wp\/v2\/media?parent=19471"}],"curies":[{"name":"wp","href":"https:\/\/api.w.org\/{rel}","templated":true}]}}

Stojan Batič, Dalla serie I minatori

<p>Stojan Batič è nato nel 1925 a Trbovlje. Ha completato i suoi studi in scultura con una specializzazione nel 1951 presso l&#8217;Accademia di belle arti di Lubiana, dove i suoi professori erano Boris Kalin e Frančišek Smerdu. Successivamente è stato il primo sloveno a beneficiare di una borsa di studio, per studiare a Parigi dallo scultore Ossip Zadkin e ha fatto molti viaggi di studio in Europa. Il suo coinvolgimento intenso nella creazione di sculture monumentali inizia nel 1946 e comprende circa trenta opere. La produzione di sculture negli spazi pubblici è un po&#8217; meno ampia e tra queste possiamo annoverare anche la scultura del simposio Forma viva di Portorose e la figura in bronzo di Prometeo in Piazza Tartini a Pirano. La sua personale opera scultorea, ampia e varia nei contenuti, comprende oltre alle sculture pubbliche di grande formato, una ricca collezione di piccole sculture, numerosi arredamenti per uffici e navi transoceaniche e una serie di sculture ritratto pubbliche e per clienti privati. Insieme alla scultura, Batič ha sempre coltivato il disegno, anche quando questo non serviva come studio per realizzare le opere scultoree. Le sue opere sono state presentate in numerose mostre collettive e personali in Slovenia e nel mondo. Ha ricevuto numerosi riconoscimenti e premi per il suo lavoro, tra cui vale la pena evidenziare il Premio Prešeren nel 1960. Stojan Batič è vissuto a Lubiana, dove è morto nel 2015.</p>
<p>&nbsp;</p>
<p>Stojan Batič è uno dei più importanti rappresentanti sloveni della scultura figurativa del dopoguerra, che non è molto rappresentata nel parco delle sculture del simposio a Sezza. Nell’appuntamento con la scultura del 1964, Batič ha creato un’altra interpretazione del motivo dei minatori, a lui tanto caro. Da giovane l’autore ha lavorato nelle miniere e questa esperienza ha segnato profondamente il suo lavoro creativo. Come nello stile di Zadkin, possiamo ammirare l&#8217;analisi disciplinata di un gruppo di figure in piedi, che l&#8217;artista definisce in una composizione verticale compatta. La superficie della pietra viene valorizzata con un caratteristico trattamento a rilievo delle singole superfici, che nel tempo è diventato il suo elemento artistico di riconoscimento, praticamente il suo marchio di fabbrica. Quando ci muoviamo intorno alla scultura, possiamo distinguere sulla superficie riccamente strutturata il misterioso mondo del sottosuolo e segmenti dell&#8217;inventario delle attrezzature minerarie. Il linguaggio plastico di Batič con la forza espressiva delle forme sintetiche, l’arcaicità monolitica del blocco di pietra, la tecnica dell&#8217;intaglio assieme alla profondità del rilievo, rivelano le caratteristiche che l’autore ha utilizzato anche nella creazione di sculture monumentali.</p>
<p>&nbsp;</p>
<p><em>Testi di dr. Majda Božeglav Japelj.</em></p>
