{"id":19459,"date":"2023-10-26T23:28:23","date_gmt":"2023-10-26T21:28:23","guid":{"rendered":"https:\/\/www.obalne-galerije.si\/?post_type=exhibit&#038;p=19459"},"modified":"2025-08-25T16:36:11","modified_gmt":"2025-08-25T14:36:11","slug":"dordije-crncevic-ritratto-di-filosofo","status":"publish","type":"exhibit","link":"https:\/\/www.obalne-galerije.si\/it\/exhibit\/dordije-crncevic-ritratto-di-filosofo\/","title":{"rendered":"\u0110or\u0111ije Crn\u010devi\u0107, Ritratto di filosofo"},"content":{"rendered":"<p>\u0110or\u0111ije Crn\u010devi\u0107 \u00e8 nato nel 1941 a Dupil (Montenegro). Ha completato gli studi universitari e post laurea in scultura presso l&#8217;Accademia di belle arti di Belgrado (1972). Gi\u00e0 nel 1967 per\u00f2 ha partecipato a numerose mostre collettive in patria e nel mondo e ha allestito anche una ventina di mostre personali. Oltre alla scultura, ha lavorato anche con la grafica e la pittura. Nel 1991 ha cambiato la sua carriera di artista freelance, diventando titolare di una cattedra presso l&#8217;Accademia di belle arti di Belgrado, dove \u00e8 rimasto fino al 2008. Le sue opere, per le quali \u00e8 stato premiato pi\u00f9 volte, si trovano in collezioni pubbliche e private e all&#8217;aperto. Ha partecipato a numerose colonie artistiche e simposi di scultura. L&#8217;autore, che ha segnato in modo fondamentale la scena artistica contemporanea in Serbia nel XX e all&#8217;inizio del XXI secolo, \u00e8 morto nel 2013 a Belgrado. Due anni dopo la sua morte, la citt\u00e0 gli ha allestito una grande mostra retrospettiva.<\/p>\n<p>L&#8217;artista serbo che nelle sue opere sollevava questioni relative al processo creativo, a una visione critica della societ\u00e0 moderna e al punto di vista dell&#8217;artista, al simposio di Portorose ha realizzato il ritratto di un poeta, o meglio di un filosofo. La composizione in pietra, costituita da due parti, un rettangolo orizzontale e un ovale verticale, ha un punto di partenza concreto. Quest&#8217;ultimo \u00e8 visibile nella parte verticale della scultura. La testa stilizzata del filosofo ha un lato seghettato per illustrare una comunicazione vivace con la base orizzontale su cui \u00e8 simbolicamente disegnato il numero uno. Con la sua creazione, Crn\u010devi\u0107 ha voluto far nascere nello spettatore interrogativi legati alla ricerca della verit\u00e0 e del senso della vita.<\/p>\n<p>&nbsp;<\/p>\n<p><em>Testi di dr. Majda Bo\u017eeglav Japelj.<\/em><\/p>\n","protected":false},"featured_media":19501,"template":"","class_list":["post-19459","exhibit","type-exhibit","status-publish","has-post-thumbnail","hentry"],"acf":[],"_links":{"self":[{"href":"https:\/\/www.obalne-galerije.si\/it\/wp-json\/wp\/v2\/exhibit\/19459","targetHints":{"allow":["GET"]}}],"collection":[{"href":"https:\/\/www.obalne-galerije.si\/it\/wp-json\/wp\/v2\/exhibit"}],"about":[{"href":"https:\/\/www.obalne-galerije.si\/it\/wp-json\/wp\/v2\/types\/exhibit"}],"version-history":[{"count":2,"href":"https:\/\/www.obalne-galerije.si\/it\/wp-json\/wp\/v2\/exhibit\/19459\/revisions"}],"predecessor-version":[{"id":25231,"href":"https:\/\/www.obalne-galerije.si\/it\/wp-json\/wp\/v2\/exhibit\/19459\/revisions\/25231"}],"wp:featuredmedia":[{"embeddable":true,"href":"https:\/\/www.obalne-galerije.si\/it\/wp-json\/wp\/v2\/media\/19501"}],"wp:attachment":[{"href":"https:\/\/www.obalne-galerije.si\/it\/wp-json\/wp\/v2\/media?parent=19459"}],"curies":[{"name":"wp","href":"https:\/\/api.w.org\/{rel}","templated":true}]}}

Đorđije Crnčević, Ritratto di filosofo

<p>Đorđije Crnčević è nato nel 1941 a Dupil (Montenegro). Ha completato gli studi universitari e post laurea in scultura presso l&#8217;Accademia di belle arti di Belgrado (1972). Già nel 1967 però ha partecipato a numerose mostre collettive in patria e nel mondo e ha allestito anche una ventina di mostre personali. Oltre alla scultura, ha lavorato anche con la grafica e la pittura. Nel 1991 ha cambiato la sua carriera di artista freelance, diventando titolare di una cattedra presso l&#8217;Accademia di belle arti di Belgrado, dove è rimasto fino al 2008. Le sue opere, per le quali è stato premiato più volte, si trovano in collezioni pubbliche e private e all&#8217;aperto. Ha partecipato a numerose colonie artistiche e simposi di scultura. L&#8217;autore, che ha segnato in modo fondamentale la scena artistica contemporanea in Serbia nel XX e all&#8217;inizio del XXI secolo, è morto nel 2013 a Belgrado. Due anni dopo la sua morte, la città gli ha allestito una grande mostra retrospettiva.</p>
<p>L&#8217;artista serbo che nelle sue opere sollevava questioni relative al processo creativo, a una visione critica della società moderna e al punto di vista dell&#8217;artista, al simposio di Portorose ha realizzato il ritratto di un poeta, o meglio di un filosofo. La composizione in pietra, costituita da due parti, un rettangolo orizzontale e un ovale verticale, ha un punto di partenza concreto. Quest&#8217;ultimo è visibile nella parte verticale della scultura. La testa stilizzata del filosofo ha un lato seghettato per illustrare una comunicazione vivace con la base orizzontale su cui è simbolicamente disegnato il numero uno. Con la sua creazione, Crnčević ha voluto far nascere nello spettatore interrogativi legati alla ricerca della verità e del senso della vita.</p>
<p>&nbsp;</p>
<p><em>Testi di dr. Majda Božeglav Japelj.</em></p>
