{"id":7072,"date":"2021-07-07T10:26:55","date_gmt":"2021-07-07T08:26:55","guid":{"rendered":"https:\/\/www.obalne-galerije.si\/?post_type=monthly_overview&#038;p=7072"},"modified":"2021-11-05T16:44:57","modified_gmt":"2021-11-05T15:44:57","slug":"july-program-2021","status":"publish","type":"monthly_overview","link":"https:\/\/www.obalne-galerije.si\/en\/monthly_overview\/july-program-2021\/","title":{"rendered":"July Program 2021"},"content":{"rendered":"<p><section class=\"kc-elm kc-css-303151 kc_row\"><div class=\"kc-row-container  kc-container\"><div class=\"kc-wrap-columns\"><div class=\"kc-elm kc-css-303908 kc_col-sm-12 kc_column kc_col-sm-12\"><div class=\"kc-col-container\"><div class=\"kc-elm kc-css-551445\" style=\"height: 50px; clear: both; width:100%;\"><\/div><\/div><\/div><\/div><\/div><\/section><section class=\"kc-elm kc-css-401112 kc_row\"><div class=\"kc-row-container  kc-container\"><div class=\"kc-wrap-columns\"><div class=\"kc-elm kc-css-956750 kc_col-sm-12 kc_column kc_col-sm-12\"><div class=\"kc-col-container\"><div class=\"kc-elm kc-css-257954 kc_text_block\"><\/p>\n<p>For the summer period, Piran Coastal Galleries is preparing the new schedule of events and exhibitions, mainly focused on artists from the littoral.<br \/>From the 2nd of July to the 5th of September, the Lo\u017ea Gallery of Koper will host a solo show of the local artist <strong>Tilen \u017dbona<\/strong>, named Moonlight Reflection, including some of his most recent artworks, which interact with the surrounding space through digital images. The author, native of Koper, maintained the artistic positions he developed at the beginning of his career, when he started combining classical painting with new media.<\/p>\n<p>\n<\/div><\/div><\/div><\/div><\/div><\/section><section class=\"kc-elm kc-css-470404 kc_row\"><div class=\"kc-row-container  kc-container\"><div class=\"kc-wrap-columns\"><div class=\"kc-elm kc-css-680486 kc_col-sm-12 kc_column kc_col-sm-12\"><div class=\"kc-col-container\"><div class=\"kc-elm kc-css-586131\" style=\"height: 50px; clear: both; width:100%;\"><\/div><\/div><\/div><\/div><\/div><\/section><section class=\"kc-elm kc-css-752716 kc_row\"><div class=\"kc-row-container  kc-container\"><div class=\"kc-wrap-columns\"><div class=\"kc-elm kc-css-898577 kc_col-sm-12 kc_column kc_col-sm-12\"><div class=\"kc-col-container\"><div class=\"kc-elm kc-css-808743 kc_shortcode kc_single_image\">\n\n        <img decoding=\"async\" src=\"https:\/\/www.obalne-galerije.si\/wp-content\/uploads\/2021\/07\/IMG-2250-copia-scaled-600x400xc.jpg\" class=\"\" alt=\"\" \/>    <\/div>\n<\/div><\/div><\/div><\/div><\/section><section class=\"kc-elm kc-css-407916 kc_row\"><div class=\"kc-row-container  kc-container\"><div class=\"kc-wrap-columns\"><div class=\"kc-elm kc-css-210716 kc_col-sm-12 kc_column kc_col-sm-12\"><div class=\"kc-col-container\"><div class=\"kc-elm kc-css-280912\" style=\"height: 50px; clear: both; width:100%;\"><\/div><\/div><\/div><\/div><\/div><\/section><section class=\"kc-elm kc-css-876160 kc_row\"><div class=\"kc-row-container  kc-container\"><div class=\"kc-wrap-columns\"><div class=\"kc-elm kc-css-641577 kc_col-sm-12 kc_column kc_col-sm-12\"><div class=\"kc-col-container\"><div class=\"kc-elm kc-css-640913 kc_text_block\"><\/p>\n<p><strong>Mira Li\u010den<\/strong>, born in Piran, is an established painter and restorer; her artworks are marked by a great versatility and by an incisive and distinctive artistic expression. Her artistic production has a strong connection with the religious iconography of the genius loci and with the spiritual sphere related to European religions. A decade after her retrospective organized by the PCG group at the Venetian gallery A+A, Piran Coastal Galleries are dedicating her a solo show entitled Lux et Vox that displays paintings and glass sculptures, from <strong>the 9th of July to the 29th of August.<\/strong><\/p>\n<p>\n<\/div><\/div><\/div><\/div><\/div><\/section><section class=\"kc-elm kc-css-625986 kc_row\"><div class=\"kc-row-container  kc-container\"><div class=\"kc-wrap-columns\"><div class=\"kc-elm kc-css-573189 kc_col-sm-12 kc_column kc_col-sm-12\"><div class=\"kc-col-container\"><div class=\"kc-elm kc-css-338311\" style=\"height: 50px; clear: both; width:100%;\"><\/div><\/div><\/div><\/div><\/div><\/section><section class=\"kc-elm kc-css-228574 kc_row\"><div class=\"kc-row-container  kc-container\"><div class=\"kc-wrap-columns\"><div class=\"kc-elm kc-css-689147 kc_col-sm-12 kc_column kc_col-sm-12\"><div class=\"kc-col-container\"><div class=\"kc-elm kc-css-274494 kc_text_block\"><\/p>\n<p>The Herman Pe\u010dari\u010d Gallery of Piran is hosting a sculpture exhibition dedicated to <strong>Vojc Sodnicar Ponis<\/strong> (1959-2019), named Kamen\u010dki\/Pebbles. The Coastal Galleries, in collaboration with the Italian Community of Piran Giuseppe Tartini, is organizing a guided tour, that will take place on the 11th of July 2021, at 17:00 at Vojc\u2019s Atelier, located in Parecag 24, Se\u010dovlje, and will continue at 18:30 at the Herman Pe\u010dari\u010d Gallery of Piran. Vojc\u2019s life and career will be introduced by art critic <strong>Enzo Santese<\/strong>.<\/p>\n<p>\n<\/div><\/div><\/div><\/div><\/div><\/section><section class=\"kc-elm kc-css-910498 kc_row\"><div class=\"kc-row-container  kc-container\"><div class=\"kc-wrap-columns\"><div class=\"kc-elm kc-css-469719 kc_col-sm-12 kc_column kc_col-sm-12\"><div class=\"kc-col-container\"><div class=\"kc-elm kc-css-78132\" style=\"height: 50px; clear: both; width:100%;\"><\/div><\/div><\/div><\/div><\/div><\/section><section class=\"kc-elm kc-css-23217 kc_row\"><div class=\"kc-row-container  kc-container\"><div class=\"kc-wrap-columns\"><div class=\"kc-elm kc-css-29911 kc_col-sm-12 kc_column kc_col-sm-12\"><div class=\"kc-col-container\"><div class=\"kc-elm kc-css-640602 kc_shortcode kc_single_image\">\n\n        <img decoding=\"async\" src=\"https:\/\/www.obalne-galerije.si\/wp-content\/uploads\/2021\/07\/DSC_8713-600x400xc.jpg\" class=\"\" alt=\"\" \/>    <\/div>\n<\/div><\/div><\/div><\/div><\/section><section class=\"kc-elm kc-css-510969 kc_row\"><div class=\"kc-row-container  kc-container\"><div class=\"kc-wrap-columns\"><div class=\"kc-elm kc-css-341300 kc_col-sm-12 kc_column kc_col-sm-12\"><div class=\"kc-col-container\"><div class=\"kc-elm kc-css-416032\" style=\"height: 50px; clear: both; width:100%;\"><\/div><\/div><\/div><\/div><\/div><\/section><section class=\"kc-elm kc-css-372368 kc_row\"><div class=\"kc-row-container  kc-container\"><div class=\"kc-wrap-columns\"><div class=\"kc-elm kc-css-807075 kc_col-sm-12 kc_column kc_col-sm-12\"><div class=\"kc-col-container\"><div class=\"kc-elm kc-css-302823 kc_text_block\"><\/p>\n<p>The photographic exhibition <strong>DK Scotoma<\/strong>, hosted by the Lo\u017ea Gallery of Koper, has come to an end. , On the webpage of the Coastal Galleries, it is possible to see the video of the presentation, which includes interviews with the artist and with the curators.<\/p>\n<p>\n<\/div><\/div><\/div><\/div><\/div><\/section><section class=\"kc-elm kc-css-391651 kc_row\"><div class=\"kc-row-container  kc-container\"><div class=\"kc-wrap-columns\"><div class=\"kc-elm kc-css-120115 kc_col-sm-12 kc_column kc_col-sm-12\"><div class=\"kc-col-container\"><div class=\"kc-elm kc-css-194316\" style=\"height: 50px; clear: both; width:100%;\"><\/div><\/div><\/div><\/div><\/div><\/section><section class=\"kc-elm kc-css-651147 kc_row\"><div class=\"kc-row-container  kc-container\"><div class=\"kc-wrap-columns\"><div class=\"kc-elm kc-css-617321 kc_col-sm-12 kc_column kc_col-sm-12\"><div class=\"kc-col-container\">\n\t<div class=\"kc-elm kc-css-695065 kc_shortcode kc_video_play kc_video_wrapper\" data-video=\"https:\/\/www.youtube.com\/watch?v=Nfx8TKt3YDM\" data-width=\"600\" data-height=\"338.98305084746\" data-fullwidth=\"\" data-autoplay=\"\" data-loop=\"\" data-control=\"yes\" data-related=\"\" data-showinfo=\"\" data-kc-video-mute=\"\">\n\t\t\t<\/div>\n\n<\/div><\/div><\/div><\/div><\/section><section class=\"kc-elm kc-css-517127 kc_row\"><div class=\"kc-row-container  kc-container\"><div class=\"kc-wrap-columns\"><div class=\"kc-elm kc-css-584695 kc_col-sm-12 kc_column kc_col-sm-12\"><div class=\"kc-col-container\"><div class=\"kc-elm kc-css-883884\" style=\"height: 50px; clear: both; width:100%;\"><\/div><\/div><\/div><\/div><\/div><\/section><\/p>\n","protected":false},"featured_media":11685,"template":"","class_list":["post-7072","monthly_overview","type-monthly_overview","status-publish","has-post-thumbnail","hentry"],"acf":[],"_links":{"self":[{"href":"https:\/\/www.obalne-galerije.si\/en\/wp-json\/wp\/v2\/monthly_overview\/7072","targetHints":{"allow":["GET"]}}],"collection":[{"href":"https:\/\/www.obalne-galerije.si\/en\/wp-json\/wp\/v2\/monthly_overview"}],"about":[{"href":"https:\/\/www.obalne-galerije.si\/en\/wp-json\/wp\/v2\/types\/monthly_overview"}],"wp:featuredmedia":[{"embeddable":true,"href":"https:\/\/www.obalne-galerije.si\/en\/wp-json\/wp\/v2\/media\/11685"}],"wp:attachment":[{"href":"https:\/\/www.obalne-galerije.si\/en\/wp-json\/wp\/v2\/media?parent=7072"}],"curies":[{"name":"wp","href":"https:\/\/api.w.org\/{rel}","templated":true}]}}

<p><section class="kc-elm kc-css-303151 kc_row"><div class="kc-row-container  kc-container"><div class="kc-wrap-columns"><div class="kc-elm kc-css-303908 kc_col-sm-12 kc_column kc_col-sm-12"><div class="kc-col-container"><div class="kc-elm kc-css-551445" style="height: 50px; clear: both; width:100%;"></div></div></div></div></div></section><section class="kc-elm kc-css-401112 kc_row"><div class="kc-row-container  kc-container"><div class="kc-wrap-columns"><div class="kc-elm kc-css-956750 kc_col-sm-12 kc_column kc_col-sm-12"><div class="kc-col-container"><div class="kc-elm kc-css-257954 kc_text_block"></p>
<p>For the summer period, Piran Coastal Galleries is preparing the new schedule of events and exhibitions, mainly focused on artists from the littoral.<br />From the 2nd of July to the 5th of September, the Loža Gallery of Koper will host a solo show of the local artist <strong>Tilen Žbona</strong>, named Moonlight Reflection, including some of his most recent artworks, which interact with the surrounding space through digital images. The author, native of Koper, maintained the artistic positions he developed at the beginning of his career, when he started combining classical painting with new media.</p>
<p>
</div></div></div></div></div></section><section class="kc-elm kc-css-470404 kc_row"><div class="kc-row-container  kc-container"><div class="kc-wrap-columns"><div class="kc-elm kc-css-680486 kc_col-sm-12 kc_column kc_col-sm-12"><div class="kc-col-container"><div class="kc-elm kc-css-586131" style="height: 50px; clear: both; width:100%;"></div></div></div></div></div></section><section class="kc-elm kc-css-752716 kc_row"><div class="kc-row-container  kc-container"><div class="kc-wrap-columns"><div class="kc-elm kc-css-898577 kc_col-sm-12 kc_column kc_col-sm-12"><div class="kc-col-container"><div class="kc-elm kc-css-808743 kc_shortcode kc_single_image">

        <img decoding="async" src="https://www.obalne-galerije.si/wp-content/uploads/2021/07/IMG-2250-copia-scaled-600x400xc.jpg" class="" alt="" />    </div>
</div></div></div></div></section><section class="kc-elm kc-css-407916 kc_row"><div class="kc-row-container  kc-container"><div class="kc-wrap-columns"><div class="kc-elm kc-css-210716 kc_col-sm-12 kc_column kc_col-sm-12"><div class="kc-col-container"><div class="kc-elm kc-css-280912" style="height: 50px; clear: both; width:100%;"></div></div></div></div></div></section><section class="kc-elm kc-css-876160 kc_row"><div class="kc-row-container  kc-container"><div class="kc-wrap-columns"><div class="kc-elm kc-css-641577 kc_col-sm-12 kc_column kc_col-sm-12"><div class="kc-col-container"><div class="kc-elm kc-css-640913 kc_text_block"></p>
<p><strong>Mira Ličen</strong>, born in Piran, is an established painter and restorer; her artworks are marked by a great versatility and by an incisive and distinctive artistic expression. Her artistic production has a strong connection with the religious iconography of the genius loci and with the spiritual sphere related to European religions. A decade after her retrospective organized by the PCG group at the Venetian gallery A+A, Piran Coastal Galleries are dedicating her a solo show entitled Lux et Vox that displays paintings and glass sculptures, from <strong>the 9th of July to the 29th of August.</strong></p>
<p>
</div></div></div></div></div></section><section class="kc-elm kc-css-625986 kc_row"><div class="kc-row-container  kc-container"><div class="kc-wrap-columns"><div class="kc-elm kc-css-573189 kc_col-sm-12 kc_column kc_col-sm-12"><div class="kc-col-container"><div class="kc-elm kc-css-338311" style="height: 50px; clear: both; width:100%;"></div></div></div></div></div></section><section class="kc-elm kc-css-228574 kc_row"><div class="kc-row-container  kc-container"><div class="kc-wrap-columns"><div class="kc-elm kc-css-689147 kc_col-sm-12 kc_column kc_col-sm-12"><div class="kc-col-container"><div class="kc-elm kc-css-274494 kc_text_block"></p>
<p>The Herman Pečarič Gallery of Piran is hosting a sculpture exhibition dedicated to <strong>Vojc Sodnicar Ponis</strong> (1959-2019), named Kamenčki/Pebbles. The Coastal Galleries, in collaboration with the Italian Community of Piran Giuseppe Tartini, is organizing a guided tour, that will take place on the 11th of July 2021, at 17:00 at Vojc’s Atelier, located in Parecag 24, Sečovlje, and will continue at 18:30 at the Herman Pečarič Gallery of Piran. Vojc’s life and career will be introduced by art critic <strong>Enzo Santese</strong>.</p>
<p>
</div></div></div></div></div></section><section class="kc-elm kc-css-910498 kc_row"><div class="kc-row-container  kc-container"><div class="kc-wrap-columns"><div class="kc-elm kc-css-469719 kc_col-sm-12 kc_column kc_col-sm-12"><div class="kc-col-container"><div class="kc-elm kc-css-78132" style="height: 50px; clear: both; width:100%;"></div></div></div></div></div></section><section class="kc-elm kc-css-23217 kc_row"><div class="kc-row-container  kc-container"><div class="kc-wrap-columns"><div class="kc-elm kc-css-29911 kc_col-sm-12 kc_column kc_col-sm-12"><div class="kc-col-container"><div class="kc-elm kc-css-640602 kc_shortcode kc_single_image">

        <img decoding="async" src="https://www.obalne-galerije.si/wp-content/uploads/2021/07/DSC_8713-600x400xc.jpg" class="" alt="" />    </div>
</div></div></div></div></section><section class="kc-elm kc-css-510969 kc_row"><div class="kc-row-container  kc-container"><div class="kc-wrap-columns"><div class="kc-elm kc-css-341300 kc_col-sm-12 kc_column kc_col-sm-12"><div class="kc-col-container"><div class="kc-elm kc-css-416032" style="height: 50px; clear: both; width:100%;"></div></div></div></div></div></section><section class="kc-elm kc-css-372368 kc_row"><div class="kc-row-container  kc-container"><div class="kc-wrap-columns"><div class="kc-elm kc-css-807075 kc_col-sm-12 kc_column kc_col-sm-12"><div class="kc-col-container"><div class="kc-elm kc-css-302823 kc_text_block"></p>
<p>The photographic exhibition <strong>DK Scotoma</strong>, hosted by the Loža Gallery of Koper, has come to an end. , On the webpage of the Coastal Galleries, it is possible to see the video of the presentation, which includes interviews with the artist and with the curators.</p>
<p>
</div></div></div></div></div></section><section class="kc-elm kc-css-391651 kc_row"><div class="kc-row-container  kc-container"><div class="kc-wrap-columns"><div class="kc-elm kc-css-120115 kc_col-sm-12 kc_column kc_col-sm-12"><div class="kc-col-container"><div class="kc-elm kc-css-194316" style="height: 50px; clear: both; width:100%;"></div></div></div></div></div></section><section class="kc-elm kc-css-651147 kc_row"><div class="kc-row-container  kc-container"><div class="kc-wrap-columns"><div class="kc-elm kc-css-617321 kc_col-sm-12 kc_column kc_col-sm-12"><div class="kc-col-container">
	<div class="kc-elm kc-css-695065 kc_shortcode kc_video_play kc_video_wrapper" data-video="https://www.youtube.com/watch?v=Nfx8TKt3YDM" data-width="600" data-height="338.98305084746" data-fullwidth="" data-autoplay="" data-loop="" data-control="yes" data-related="" data-showinfo="" data-kc-video-mute="">
			</div>

</div></div></div></div></section><section class="kc-elm kc-css-517127 kc_row"><div class="kc-row-container  kc-container"><div class="kc-wrap-columns"><div class="kc-elm kc-css-584695 kc_col-sm-12 kc_column kc_col-sm-12"><div class="kc-col-container"><div class="kc-elm kc-css-883884" style="height: 50px; clear: both; width:100%;"></div></div></div></div></div></section></p>
