{"id":20003,"date":"2024-01-19T10:15:14","date_gmt":"2024-01-19T09:15:14","guid":{"rendered":"https:\/\/www.obalne-galerije.si\/?post_type=monthly_overview&#038;p=20003"},"modified":"2024-07-03T20:20:53","modified_gmt":"2024-07-03T18:20:53","slug":"january-february-program-2024","status":"publish","type":"monthly_overview","link":"https:\/\/www.obalne-galerije.si\/en\/monthly_overview\/january-february-program-2024\/","title":{"rendered":"January &#038; February Program 2024"},"content":{"rendered":"<p><section class=\"kc-elm kc-css-217783 kc_row\"><div class=\"kc-row-container  kc-container\"><div class=\"kc-wrap-columns\"><div class=\"kc-elm kc-css-193123 kc_col-sm-12 kc_column kc_col-sm-12\"><div class=\"kc-col-container\"><\/div><\/div><\/div><\/div><\/section><section class=\"kc-elm kc-css-26863 kc_row\"><div class=\"kc-row-container  kc-container\"><div class=\"kc-wrap-columns\"><div class=\"kc-elm kc-css-650702 kc_col-sm-12 kc_column kc_col-sm-12\"><div class=\"kc-col-container\">\n<div class=\"kc-elm kc-css-162085 divider_line\">\n\t<div class=\"divider_inner divider_line1\">\n\t\t\t<\/div>\n<\/div>\n<div class=\"kc-elm kc-css-404904 kc_text_block\"><\/p>\n<p class=\"p1\">The 2024 exhibition program of Piran Coastal Galleries begins with the presentation of the first of the two winning projects of last year&#039;s public call OPEN DOORS.<\/p>\n<p class=\"p1\"><b>Hannes Zebedin<\/b> (1976, Lienz, Austria), an Austrian academic sculptor who lives and works in the Slovenian Karst, convinced the expert committee with an engaged art project. The author reflects on the complexity of the natural and social environment in which he lives and addresses it through various artistic strategies. He reacts critically to the current pressing consequences of climate change, which are also drastically manifested in his living environment. The <strong>CEASEFIRE<\/strong> installation is related to the catastrophic fire that destroyed the Karst and other parts of the Slovenian Littoral in the summer of 2022. The <strong>opening<\/strong> of the exhibition, which will see the participation of the curators Nives Marvin and Ana Pape\u017e, will take place on <strong>Thursday, January 25, 2024, at 6 p.m. at Herman Pe\u010dari\u010d Gallery in Piran<\/strong>, and will be on display <strong>until April 5, 2024<\/strong>.<\/p>\n<p class=\"p1\"><a href=\"https:\/\/www.obalne-galerije.si\/en\/hannes-zebedin-ceasefire\/\">More information at the link\u2026..<\/a><\/p>\n<p>\n<\/div>\n<div class=\"kc-elm kc-css-720413 divider_line\">\n\t<div class=\"divider_inner divider_line1\">\n\t\t\t<\/div>\n<\/div>\n<div class=\"kc-elm kc-css-315852 kc_text_block\"><\/p>\n<p class=\"p1\"><span style=\"font-style: inherit; font-family: -apple-system, BlinkMacSystemFont, \"Segoe UI\", Roboto, Oxygen-Sans, Ubuntu, Cantarell, \"Helvetica Neue\", sans-serif;\">This year, we will prepare the OGP transfer in two locations. In the <\/span><strong style=\"font-style: inherit; font-family: -apple-system, BlinkMacSystemFont, \"Segoe UI\", Roboto, Oxygen-Sans, Ubuntu, Cantarell, \"Helvetica Neue\", sans-serif;\">Piran Civic Gallery<\/strong><span style=\"font-style: inherit; font-family: -apple-system, BlinkMacSystemFont, \"Segoe UI\", Roboto, Oxygen-Sans, Ubuntu, Cantarell, \"Helvetica Neue\", sans-serif;\">, on <\/span><strong style=\"font-style: inherit; font-family: -apple-system, BlinkMacSystemFont, \"Segoe UI\", Roboto, Oxygen-Sans, Ubuntu, Cantarell, \"Helvetica Neue\", sans-serif;\">8 February 2024 at 11 a.m.<\/strong><span style=\"font-style: inherit; font-family: -apple-system, BlinkMacSystemFont, \"Segoe UI\", Roboto, Oxygen-Sans, Ubuntu, Cantarell, \"Helvetica Neue\", sans-serif;\">, there will be a presentation of the monograph published in connection with the retrospective exhibition of the coastal artist <\/span><strong style=\"font-style: inherit; font-family: -apple-system, BlinkMacSystemFont, \"Segoe UI\", Roboto, Oxygen-Sans, Ubuntu, Cantarell, \"Helvetica Neue\", sans-serif;\">Ale\u0161 Sedmak<\/strong><span style=\"font-style: inherit; font-family: -apple-system, BlinkMacSystemFont, \"Segoe UI\", Roboto, Oxygen-Sans, Ubuntu, Cantarell, \"Helvetica Neue\", sans-serif;\">. The monograph covers all periods of the artist&#039;s creative work developed throughout almost 50 years of activity. Sedmak&#039;s versatile personality and works were presented from different perspectives by OGP Director <\/span><em style=\"font-family: -apple-system, BlinkMacSystemFont, \"Segoe UI\", Roboto, Oxygen-Sans, Ubuntu, Cantarell, \"Helvetica Neue\", sans-serif;\">Mara Ambro\u017ei\u010d Verderber<\/em><span style=\"font-style: inherit; font-family: -apple-system, BlinkMacSystemFont, \"Segoe UI\", Roboto, Oxygen-Sans, Ubuntu, Cantarell, \"Helvetica Neue\", sans-serif;\">, OGP Curator <\/span><em style=\"font-family: -apple-system, BlinkMacSystemFont, \"Segoe UI\", Roboto, Oxygen-Sans, Ubuntu, Cantarell, \"Helvetica Neue\", sans-serif;\">Nives Marvin<\/em><span style=\"font-style: inherit; font-family: -apple-system, BlinkMacSystemFont, \"Segoe UI\", Roboto, Oxygen-Sans, Ubuntu, Cantarell, \"Helvetica Neue\", sans-serif;\">, Art critic and Curator of the Carinthian Gallery of Fine Arts <\/span><em style=\"font-family: -apple-system, BlinkMacSystemFont, \"Segoe UI\", Roboto, Oxygen-Sans, Ubuntu, Cantarell, \"Helvetica Neue\", sans-serif;\">Marko Ko\u0161an<\/em><span style=\"font-style: inherit; font-family: -apple-system, BlinkMacSystemFont, \"Segoe UI\", Roboto, Oxygen-Sans, Ubuntu, Cantarell, \"Helvetica Neue\", sans-serif;\">, publicist <\/span><em style=\"font-family: -apple-system, BlinkMacSystemFont, \"Segoe UI\", Roboto, Oxygen-Sans, Ubuntu, Cantarell, \"Helvetica Neue\", sans-serif;\">Tea \u0160toka<\/em><span style=\"font-style: inherit; font-family: -apple-system, BlinkMacSystemFont, \"Segoe UI\", Roboto, Oxygen-Sans, Ubuntu, Cantarell, \"Helvetica Neue\", sans-serif;\"> and <\/span><em style=\"font-family: -apple-system, BlinkMacSystemFont, \"Segoe UI\", Roboto, Oxygen-Sans, Ubuntu, Cantarell, \"Helvetica Neue\", sans-serif;\">Toma\u017e Wraber<\/em><span style=\"font-style: inherit; font-family: -apple-system, BlinkMacSystemFont, \"Segoe UI\", Roboto, Oxygen-Sans, Ubuntu, Cantarell, \"Helvetica Neue\", sans-serif;\">, Former President of the Association of the Blind and Visually Impaired of Slovenia. The monograph, designed by Ale\u0161 Sedmak, was brought to the final visual design by designer <\/span><em style=\"font-family: -apple-system, BlinkMacSystemFont, \"Segoe UI\", Roboto, Oxygen-Sans, Ubuntu, Cantarell, \"Helvetica Neue\", sans-serif;\">Du\u0161ka \u0110uki\u0107<\/em><span style=\"font-style: inherit; font-family: -apple-system, BlinkMacSystemFont, \"Segoe UI\", Roboto, Oxygen-Sans, Ubuntu, Cantarell, \"Helvetica Neue\", sans-serif;\">.<\/span><\/p>\n<p class=\"p1\">The realization of the publication has been possible thanks to the many collaborators and supporters: <em>the Kaverljag Society, the ZDSLU Ljubljana, the City of Koper and the Koper Rotary Club<\/em>. <br \/>We invited the authors of the texts and partners to the presentation of the publication.<\/p>\n<p class=\"p1\">We will liven up the event with music from the <em>Society of Friends of Music.<\/em><\/p>\n<p class=\"p1\"><a href=\"https:\/\/www.obalne-galerije.si\/en\/ales-sedmak-retrospective-exhibition\/\">More information on the exhibition at the link\u2026..<\/a><\/p>\n<p>\n<\/div>\n<div class=\"kc-elm kc-css-592533 divider_line\">\n\t<div class=\"divider_inner divider_line1\">\n\t\t\t<\/div>\n<\/div>\n<div class=\"kc-elm kc-css-217508 kc_text_block\"><\/p>\n<p class=\"p1\"><span style=\"font-style: inherit; font-family: -apple-system, BlinkMacSystemFont,;\">The Slovenian cultural holiday will also be celebrated in Koper, where we will present the second winning project of the already mentioned public call.<\/span><\/p>\n<p class=\"p1\">The exhibition of the young interdisciplinary artist <strong>Ne\u017eka Zamar<\/strong> (1990, \u0160empeter pri Gorica), formed at the Venice Academy, entitled <strong>(UN)TRUTED SOURCE, A SERIES OF INVISIBLE PRACTICES<\/strong>, will open at the <strong>Lo\u017ea Gallery in Koper on February 8, 2024, at 6 p.m, <\/strong>and will be on display until<strong> May 5, 2024<\/strong>.<\/p>\n<p class=\"p1\">The author works at the intersection of visual-performative contemporary art practices, which define her work as fundamentally conceptual.<\/p>\n<p class=\"p1\">Ne\u017eka Zamar&#039;s exhibition, which is her first presentation in the Piran Coastal Galleries, refers to the complex nature of performance as living art and its key opposite: the absence of a performative act. <br \/>In terms of content, it goes beyond mere questions of the aesthetics of the performance by anchoring them in the fundamental ethical dilemma of modernity &#8211; the question of the relationship with the other, in the specific case of Slovenian society&#039;s hostility towards Muslim immigrants. <br \/>The curators of the exhibition are <em>Nives Marvin<\/em> and <em>Ana Pape\u017e<\/em>.<\/p>\n<p class=\"p1\"><a href=\"https:\/\/www.obalne-galerije.si\/en\/nezka-zamar-untrusted-source-a-series-of-invisible-practices\/\">More information at the link&#8230;\u00a0<\/a><\/p>\n<p>\n<\/div>\n<div class=\"kc-elm kc-css-702474 divider_line\">\n\t<div class=\"divider_inner divider_line1\">\n\t\t\t<\/div>\n<\/div>\n<div class=\"kc-elm kc-css-460407 kc_text_block\"><\/p>\n<p style=\"font-weight: 400;\">The cooperation of the Piran Coastal Galleries with national and international institutions began this year with the Maribor Art Gallery.<\/p>\n<p style=\"font-weight: 400;\">The coastal artist\u00a0<strong>Lara Jeranko Marconi<\/strong>\u00a0(1984, Koper) will present herself and her artworks at the exhibition\u00a0<strong>THE FOOL<\/strong>, at the\u00a0<strong>UGM Kabinet<\/strong>, from\u00a0<strong>19 January to 25 February 2024<\/strong>.<br \/>The painter and illustrator from Koper, who studied at the Academy of Venice, at a certain stage of her growth changed the brush for scissors and started creating papercuts. Even her first personal exhibition, which was opened in Maribor by the\u00a0director of the OGP Mara Ambro\u017ei\u010d Verderber, is a sign of this special artistic genre.<\/p>\n<p class=\"p1\"><a href=\"https:\/\/www.obalne-galerije.si\/en\/lara-jeranko-marconi-the-fool-2\/\">More information at the link&#8230;<\/a><\/p>\n<p>\n<\/div>\n<div class=\"kc-elm kc-css-61246 divider_line\">\n\t<div class=\"divider_inner divider_line1\">\n\t\t\t<\/div>\n<\/div>\n<div class=\"kc-elm kc-css-327320 kc_text_block\"><\/p>\n<p class=\"p1\"><span style=\"font-style: inherit; font-family: -apple-system, BlinkMacSystemFont, \"Segoe UI\", Roboto, Oxygen-Sans, Ubuntu, Cantarell, \"Helvetica Neue\", sans-serif;\">You are cordially invited to our events and exhibition tours in Koper and Piran!<\/span><\/p>\n<p>\n<\/div><\/div><\/div><\/div><\/div><\/section><\/p>\n","protected":false},"featured_media":19947,"template":"","class_list":["post-20003","monthly_overview","type-monthly_overview","status-publish","has-post-thumbnail","hentry"],"acf":[],"_links":{"self":[{"href":"https:\/\/www.obalne-galerije.si\/en\/wp-json\/wp\/v2\/monthly_overview\/20003","targetHints":{"allow":["GET"]}}],"collection":[{"href":"https:\/\/www.obalne-galerije.si\/en\/wp-json\/wp\/v2\/monthly_overview"}],"about":[{"href":"https:\/\/www.obalne-galerije.si\/en\/wp-json\/wp\/v2\/types\/monthly_overview"}],"wp:featuredmedia":[{"embeddable":true,"href":"https:\/\/www.obalne-galerije.si\/en\/wp-json\/wp\/v2\/media\/19947"}],"wp:attachment":[{"href":"https:\/\/www.obalne-galerije.si\/en\/wp-json\/wp\/v2\/media?parent=20003"}],"curies":[{"name":"wp","href":"https:\/\/api.w.org\/{rel}","templated":true}]}}

<p><section class="kc-elm kc-css-217783 kc_row"><div class="kc-row-container  kc-container"><div class="kc-wrap-columns"><div class="kc-elm kc-css-193123 kc_col-sm-12 kc_column kc_col-sm-12"><div class="kc-col-container"></div></div></div></div></section><section class="kc-elm kc-css-26863 kc_row"><div class="kc-row-container  kc-container"><div class="kc-wrap-columns"><div class="kc-elm kc-css-650702 kc_col-sm-12 kc_column kc_col-sm-12"><div class="kc-col-container">
<div class="kc-elm kc-css-162085 divider_line">
	<div class="divider_inner divider_line1">
			</div>
</div>
<div class="kc-elm kc-css-404904 kc_text_block"></p>
<p class="p1">The 2024 exhibition program of Piran Coastal Galleries begins with the presentation of the first of the two winning projects of last year&#039;s public call OPEN DOORS.</p>
<p class="p1"><b>Hannes Zebedin</b> (1976, Lienz, Austria), an Austrian academic sculptor who lives and works in the Slovenian Karst, convinced the expert committee with an engaged art project. The author reflects on the complexity of the natural and social environment in which he lives and addresses it through various artistic strategies. He reacts critically to the current pressing consequences of climate change, which are also drastically manifested in his living environment. The <strong>CEASEFIRE</strong> installation is related to the catastrophic fire that destroyed the Karst and other parts of the Slovenian Littoral in the summer of 2022. The <strong>opening</strong> of the exhibition, which will see the participation of the curators Nives Marvin and Ana Papež, will take place on <strong>Thursday, January 25, 2024, at 6 p.m. at Herman Pečarič Gallery in Piran</strong>, and will be on display <strong>until April 5, 2024</strong>.</p>
<p class="p1"><a href="https://www.obalne-galerije.si/en/hannes-zebedin-ceasefire/">More information at the link…..</a></p>
<p>
</div>
<div class="kc-elm kc-css-720413 divider_line">
	<div class="divider_inner divider_line1">
			</div>
</div>
<div class="kc-elm kc-css-315852 kc_text_block"></p>
<p class="p1"><span style="font-style: inherit; font-family: -apple-system, BlinkMacSystemFont, "Segoe UI", Roboto, Oxygen-Sans, Ubuntu, Cantarell, "Helvetica Neue", sans-serif;">This year, we will prepare the OGP transfer in two locations. In the </span><strong style="font-style: inherit; font-family: -apple-system, BlinkMacSystemFont, "Segoe UI", Roboto, Oxygen-Sans, Ubuntu, Cantarell, "Helvetica Neue", sans-serif;">Piran Civic Gallery</strong><span style="font-style: inherit; font-family: -apple-system, BlinkMacSystemFont, "Segoe UI", Roboto, Oxygen-Sans, Ubuntu, Cantarell, "Helvetica Neue", sans-serif;">, on </span><strong style="font-style: inherit; font-family: -apple-system, BlinkMacSystemFont, "Segoe UI", Roboto, Oxygen-Sans, Ubuntu, Cantarell, "Helvetica Neue", sans-serif;">8 February 2024 at 11 a.m.</strong><span style="font-style: inherit; font-family: -apple-system, BlinkMacSystemFont, "Segoe UI", Roboto, Oxygen-Sans, Ubuntu, Cantarell, "Helvetica Neue", sans-serif;">, there will be a presentation of the monograph published in connection with the retrospective exhibition of the coastal artist </span><strong style="font-style: inherit; font-family: -apple-system, BlinkMacSystemFont, "Segoe UI", Roboto, Oxygen-Sans, Ubuntu, Cantarell, "Helvetica Neue", sans-serif;">Aleš Sedmak</strong><span style="font-style: inherit; font-family: -apple-system, BlinkMacSystemFont, "Segoe UI", Roboto, Oxygen-Sans, Ubuntu, Cantarell, "Helvetica Neue", sans-serif;">. The monograph covers all periods of the artist&#039;s creative work developed throughout almost 50 years of activity. Sedmak&#039;s versatile personality and works were presented from different perspectives by OGP Director </span><em style="font-family: -apple-system, BlinkMacSystemFont, "Segoe UI", Roboto, Oxygen-Sans, Ubuntu, Cantarell, "Helvetica Neue", sans-serif;">Mara Ambrožič Verderber</em><span style="font-style: inherit; font-family: -apple-system, BlinkMacSystemFont, "Segoe UI", Roboto, Oxygen-Sans, Ubuntu, Cantarell, "Helvetica Neue", sans-serif;">, OGP Curator </span><em style="font-family: -apple-system, BlinkMacSystemFont, "Segoe UI", Roboto, Oxygen-Sans, Ubuntu, Cantarell, "Helvetica Neue", sans-serif;">Nives Marvin</em><span style="font-style: inherit; font-family: -apple-system, BlinkMacSystemFont, "Segoe UI", Roboto, Oxygen-Sans, Ubuntu, Cantarell, "Helvetica Neue", sans-serif;">, Art critic and Curator of the Carinthian Gallery of Fine Arts </span><em style="font-family: -apple-system, BlinkMacSystemFont, "Segoe UI", Roboto, Oxygen-Sans, Ubuntu, Cantarell, "Helvetica Neue", sans-serif;">Marko Košan</em><span style="font-style: inherit; font-family: -apple-system, BlinkMacSystemFont, "Segoe UI", Roboto, Oxygen-Sans, Ubuntu, Cantarell, "Helvetica Neue", sans-serif;">, publicist </span><em style="font-family: -apple-system, BlinkMacSystemFont, "Segoe UI", Roboto, Oxygen-Sans, Ubuntu, Cantarell, "Helvetica Neue", sans-serif;">Tea Štoka</em><span style="font-style: inherit; font-family: -apple-system, BlinkMacSystemFont, "Segoe UI", Roboto, Oxygen-Sans, Ubuntu, Cantarell, "Helvetica Neue", sans-serif;"> and </span><em style="font-family: -apple-system, BlinkMacSystemFont, "Segoe UI", Roboto, Oxygen-Sans, Ubuntu, Cantarell, "Helvetica Neue", sans-serif;">Tomaž Wraber</em><span style="font-style: inherit; font-family: -apple-system, BlinkMacSystemFont, "Segoe UI", Roboto, Oxygen-Sans, Ubuntu, Cantarell, "Helvetica Neue", sans-serif;">, Former President of the Association of the Blind and Visually Impaired of Slovenia. The monograph, designed by Aleš Sedmak, was brought to the final visual design by designer </span><em style="font-family: -apple-system, BlinkMacSystemFont, "Segoe UI", Roboto, Oxygen-Sans, Ubuntu, Cantarell, "Helvetica Neue", sans-serif;">Duška Đukić</em><span style="font-style: inherit; font-family: -apple-system, BlinkMacSystemFont, "Segoe UI", Roboto, Oxygen-Sans, Ubuntu, Cantarell, "Helvetica Neue", sans-serif;">.</span></p>
<p class="p1">The realization of the publication has been possible thanks to the many collaborators and supporters: <em>the Kaverljag Society, the ZDSLU Ljubljana, the City of Koper and the Koper Rotary Club</em>. <br />We invited the authors of the texts and partners to the presentation of the publication.</p>
<p class="p1">We will liven up the event with music from the <em>Society of Friends of Music.</em></p>
<p class="p1"><a href="https://www.obalne-galerije.si/en/ales-sedmak-retrospective-exhibition/">More information on the exhibition at the link…..</a></p>
<p>
</div>
<div class="kc-elm kc-css-592533 divider_line">
	<div class="divider_inner divider_line1">
			</div>
</div>
<div class="kc-elm kc-css-217508 kc_text_block"></p>
<p class="p1"><span style="font-style: inherit; font-family: -apple-system, BlinkMacSystemFont,;">The Slovenian cultural holiday will also be celebrated in Koper, where we will present the second winning project of the already mentioned public call.</span></p>
<p class="p1">The exhibition of the young interdisciplinary artist <strong>Nežka Zamar</strong> (1990, Šempeter pri Gorica), formed at the Venice Academy, entitled <strong>(UN)TRUTED SOURCE, A SERIES OF INVISIBLE PRACTICES</strong>, will open at the <strong>Loža Gallery in Koper on February 8, 2024, at 6 p.m, </strong>and will be on display until<strong> May 5, 2024</strong>.</p>
<p class="p1">The author works at the intersection of visual-performative contemporary art practices, which define her work as fundamentally conceptual.</p>
<p class="p1">Nežka Zamar&#039;s exhibition, which is her first presentation in the Piran Coastal Galleries, refers to the complex nature of performance as living art and its key opposite: the absence of a performative act. <br />In terms of content, it goes beyond mere questions of the aesthetics of the performance by anchoring them in the fundamental ethical dilemma of modernity &#8211; the question of the relationship with the other, in the specific case of Slovenian society&#039;s hostility towards Muslim immigrants. <br />The curators of the exhibition are <em>Nives Marvin</em> and <em>Ana Papež</em>.</p>
<p class="p1"><a href="https://www.obalne-galerije.si/en/nezka-zamar-untrusted-source-a-series-of-invisible-practices/">More information at the link&#8230; </a></p>
<p>
</div>
<div class="kc-elm kc-css-702474 divider_line">
	<div class="divider_inner divider_line1">
			</div>
</div>
<div class="kc-elm kc-css-460407 kc_text_block"></p>
<p style="font-weight: 400;">The cooperation of the Piran Coastal Galleries with national and international institutions began this year with the Maribor Art Gallery.</p>
<p style="font-weight: 400;">The coastal artist <strong>Lara Jeranko Marconi</strong> (1984, Koper) will present herself and her artworks at the exhibition <strong>THE FOOL</strong>, at the <strong>UGM Kabinet</strong>, from <strong>19 January to 25 February 2024</strong>.<br />The painter and illustrator from Koper, who studied at the Academy of Venice, at a certain stage of her growth changed the brush for scissors and started creating papercuts. Even her first personal exhibition, which was opened in Maribor by the director of the OGP Mara Ambrožič Verderber, is a sign of this special artistic genre.</p>
<p class="p1"><a href="https://www.obalne-galerije.si/en/lara-jeranko-marconi-the-fool-2/">More information at the link&#8230;</a></p>
<p>
</div>
<div class="kc-elm kc-css-61246 divider_line">
	<div class="divider_inner divider_line1">
			</div>
</div>
<div class="kc-elm kc-css-327320 kc_text_block"></p>
<p class="p1"><span style="font-style: inherit; font-family: -apple-system, BlinkMacSystemFont, "Segoe UI", Roboto, Oxygen-Sans, Ubuntu, Cantarell, "Helvetica Neue", sans-serif;">You are cordially invited to our events and exhibition tours in Koper and Piran!</span></p>
<p>
</div></div></div></div></div></section></p>
