{"id":19134,"date":"2023-09-29T00:07:55","date_gmt":"2023-09-28T22:07:55","guid":{"rendered":"https:\/\/www.obalne-galerije.si\/?post_type=monthly_overview&#038;p=19134"},"modified":"2024-07-03T20:20:17","modified_gmt":"2024-07-03T18:20:17","slug":"august-september-program-2023","status":"publish","type":"monthly_overview","link":"https:\/\/www.obalne-galerije.si\/en\/monthly_overview\/august-september-program-2023\/","title":{"rendered":"August-September Program 2023"},"content":{"rendered":"<section class=\"kc-elm kc-css-857302 kc_row\"><div class=\"kc-row-container  kc-container\"><div class=\"kc-wrap-columns\"><div class=\"kc-elm kc-css-142426 kc_col-sm-12 kc_column kc_col-sm-12\"><div class=\"kc-col-container\"><div class=\"kc-elm kc-css-298216 kc_text_block\"><\/p>\n<p><strong>EVENTS PREVIEW AUGUST \u2500 SEPTEMBER:<\/strong><\/p>\n<p><strong>\u00a0<\/strong><\/p>\n<p><strong>&#8211; EX-TEMPORE PIRAN 2023: <\/strong><strong>58th International painting ex-tempore<\/strong><\/p>\n<p><strong>\u00a026. <\/strong><strong>8.\u25002. 9. 2023<\/strong><\/p>\n<p><strong>\u00a0<\/strong><\/p>\n<p><em>Ex-tempore Piran<\/em> is one of the most important traditional art events in Slovenian Istria. Recognized for its competitive character and mass participation, it is attended by academically trained artists, young artists and painting enthusiasts alike who come from Slovenia and various, especially neighboring, countries.<\/p>\n<p>We are sure that this year&#8217;s edition will also be characterized by the quality and high participation of creators of different generations. In addition to the interesting accompanying program, <em>Ex-tempore Piran 2023<\/em> will introduce some innovations: an increase in the amount of the first prize, the Grand Prix, which amounts to \u20ac4,000, and the presentation of all selected and awarded works in one place, in the Monfort Gallery in Portoro\u017e. The closing ceremony with the awarding of the prizes and socializing with music will also take place in the Monfort complex, in the adjacent Wooden Hall. <a href=\"https:\/\/www.obalne-galerije.si\/en\/58-th-international-painting-ex-tempore-2023\/\">More informations at the link \u2026<\/a><\/p>\n<p><strong>\u00a0<\/strong><\/p>\n<p><strong>\u00a0<\/strong><\/p>\n<p><strong>&#8211; BLA\u017dKA KRI\u017dAN: <\/strong><strong>A WALK BETWEEN THE SHADOWS<\/strong><\/p>\n<p><strong>Curated by: Nives Marvin<br \/><\/strong><strong>Herman Pe\u010dari\u010d Gallery Piran, 25 August \u2013 30 October 2023<\/strong><\/p>\n<p><strong>Opening: <\/strong><strong>Friday, August 25, 2023, at 8 p.m.<\/strong><\/p>\n<p>&nbsp;<\/p>\n<p>The week of <em>Ex-tempore Piran 2023<\/em> will begin with the opening of an exhibition of artworks by Bla\u017eka Kri\u017ean, who was selected by the international expert jury as the winner of the Youth Author Prize at Ex-tempore Piran 2022. Ever since her studies at the Department of Painting at the Academy of Fine Arts in Ljubljana (graduated in 2012 and completed her master&#8217;s degree in 2017), her creative starting point is the principle of repetition, which she combines with the paper carving technique. By stringing cuts in the paper and with light passing through them, she explores the optical effects of light and shadow of relief surfaces and creates the impression of a moving image. At her first solo exhibition in the Piran Coastal Galleries, carvings from the past three years will be on display. <a href=\"https:\/\/www.obalne-galerije.si\/en\/a-walk-between-the-shadows\/\">More informations at the link \u2026<\/a><\/p>\n<p>&nbsp;<\/p>\n<p>&nbsp;<\/p>\n<p><strong>&#8211; FORMA VIVA PORTORO\u017d 2023<\/strong><\/p>\n<p><strong>International Sculpture Symposium<br \/><\/strong><strong>Work site on the Se\u010da peninsula near Portoro\u017e<\/strong><\/p>\n<p><strong>25 September\u2500 28 October 2023<\/strong><\/p>\n<p>&nbsp;<\/p>\n<p>The biennial meeting of sculptors <em>Forma viva Portoro\u017e 2023<\/em> will once again take place in the autumn months, September and October. Thematically, it will continue the content of the symposium two years ago, which puts nature in the foreground: <em>Umetnost &amp; narava \/ Art &amp; Nature.<\/em> The relationship between art and nature has defined the practices and theories of art of all times, and therefore remains a source of inspiration for the statements of contemporary visual artists.<\/p>\n<p>Two artists will participate in this edition, <strong>I\u0161tvan I\u0161t Huzjan<\/strong> (1981) from Slovenia and <strong>Emma J\u00e4\u00e4skel\u00e4inen<\/strong> (1988) from Finland. They are young authors who have been actively present at home and on the international art scene for many years. Two Istrian municipalities, Piran and Ankaran, have expressed their willingness to cooperate with the Coastal Galleries of Piran (OGP) in holding this year&#8217;s symposium in stone, which will take place from September 25. until 28.10. 2023. <a href=\"https:\/\/www.obalne-galerije.si\/en\/forma-viva-2023\/\">More information at the link \u2026<\/a><\/p>\n<p>&nbsp;<\/p>\n<p><strong>\u00a0<\/strong><\/p>\n<p><strong>&#8211; (EVERYTHING IS) NOT WHAT IT SEEMS<\/strong><\/p>\n<p><strong>Curated by: Mara Ambro\u017ei\u010d Verderber<br \/><\/strong><strong>Piran Civic Gallery, 3 June\u250015 October 2023<\/strong><\/p>\n<p><strong>\u00a0<\/strong><strong>Guided tour:\u00a0 <\/strong><strong>Friday, September 1, 2023, at 7 p.m.<\/strong><\/p>\n<p><strong>\u00a0<\/strong><\/p>\n<p>The international group exhibition <em>(Everything Is) Not What It Seems<\/em> at the Piran Civic Gallery, which includes a selection of artworks by 21 artists well established on the international art scene, has been extended until 15 October 2023. The exhibition evolves around the idea that our knowledge of the world is incomplete, uncertain, and reflects precisely upon the ability to look beyond the usually visible and beyond the given reality of things in order to tackle the ordinary and try to understand the mechanisms that rule our perceptions of everyday life.<\/p>\n<p>The project is open to multifaceted interpretations. It will be an interesting experience to participate in the guided tour of the exhibition with artist Igor E\u0161kinja, which will take place on Friday, September 1, 2023, at 7 pm at the Piran Civic Gallery. Participating artists are also invited to the conversation. <a href=\"https:\/\/www.obalne-galerije.si\/en\/everything-is-not-what-it-seems-group-exhibition\/\">More information at the link &#8230;<\/a><\/p>\n<p><strong>\u00a0<\/strong><\/p>\n<p>&nbsp;<\/p>\n<p><strong>\u00a0&#8211; <\/strong><strong>MARINO CETTINA CONTEMPORARY ART COLLECTION<\/strong><\/p>\n<p><strong>Curated by: Tatjana Sirk<br \/><\/strong><strong>Lo\u017ea Gallery Koper<br \/><\/strong><strong>23 June \u250022 September 2023<\/strong><\/p>\n<p><strong>\u00a0<\/strong><\/p>\n<p>The exhibitions <em>Marino Cettina Collection of Contemporary Art <\/em>at the Lo\u017ea Gallery in Koper presents a selection of works from the private collection of the late gallerist and collector from Umag in Croatia. It is practically logical that, in addition to the rich exhibition activities, he also conceived with his knowledge, intuition, and commitment his own art collection. The collection includes 47 art works by 34 artists (individuals, tandems, groups) and unifies different expressive media. In the collection, Croatian artists of different generations prevail but are accompanied by recognised Slovenian and great internationally renowned names. <a href=\"https:\/\/www.obalne-galerije.si\/en\/marino-cettina-collection-of-contemporary-art\/\">More informations at the link \u2026<\/a><\/p>\n<p><strong>\u00a0<\/strong><\/p>\n<p><strong>\u00a0<\/strong><\/p>\n<p><strong>&#8211; DRA\u017dEN VITOLOVI\u0106: <\/strong><strong>UNBORN SHAPES<\/strong><\/p>\n<p><strong>Curated by: Tatjana Sirk<br \/>Meduza Gallery Koper, 7 July\u250013 October 2023<\/strong><\/p>\n<p><strong>\u00a0<\/strong><\/p>\n<p>In his art work, the artist Dra\u017een Vitolovi\u0107 researches interventions in public space, the relationship between new and traditional technologies, as well as the innovative use of ceramics in sculpture and object design. He pays special attention to the notions of adaptability and modularity in the medium of sculpture. The <em>Unborn Shapes<\/em>, his first \u00a0exhibition at Piran Coastal Galleries, presents a series of sculptures, \u2018clay drawings\u2019 and a video. In the month of August, the exhibition is also open on Saturdays, from 10:00 a.m. to 2:00 p.m. <a href=\"https:\/\/www.obalne-galerije.si\/en\/unborn-shapes-drazen-vitolovic\/\">More informations at the link \u2026<\/a><\/p>\n<p>\n<\/div><\/div><\/div><\/div><\/div><\/section>\n","protected":false},"featured_media":18570,"template":"","class_list":["post-19134","monthly_overview","type-monthly_overview","status-publish","has-post-thumbnail","hentry"],"acf":[],"_links":{"self":[{"href":"https:\/\/www.obalne-galerije.si\/en\/wp-json\/wp\/v2\/monthly_overview\/19134","targetHints":{"allow":["GET"]}}],"collection":[{"href":"https:\/\/www.obalne-galerije.si\/en\/wp-json\/wp\/v2\/monthly_overview"}],"about":[{"href":"https:\/\/www.obalne-galerije.si\/en\/wp-json\/wp\/v2\/types\/monthly_overview"}],"wp:featuredmedia":[{"embeddable":true,"href":"https:\/\/www.obalne-galerije.si\/en\/wp-json\/wp\/v2\/media\/18570"}],"wp:attachment":[{"href":"https:\/\/www.obalne-galerije.si\/en\/wp-json\/wp\/v2\/media?parent=19134"}],"curies":[{"name":"wp","href":"https:\/\/api.w.org\/{rel}","templated":true}]}}

<section class="kc-elm kc-css-857302 kc_row"><div class="kc-row-container  kc-container"><div class="kc-wrap-columns"><div class="kc-elm kc-css-142426 kc_col-sm-12 kc_column kc_col-sm-12"><div class="kc-col-container"><div class="kc-elm kc-css-298216 kc_text_block"></p>
<p><strong>EVENTS PREVIEW AUGUST ─ SEPTEMBER:</strong></p>
<p><strong> </strong></p>
<p><strong>&#8211; EX-TEMPORE PIRAN 2023: </strong><strong>58th International painting ex-tempore</strong></p>
<p><strong> 26. </strong><strong>8.─2. 9. 2023</strong></p>
<p><strong> </strong></p>
<p><em>Ex-tempore Piran</em> is one of the most important traditional art events in Slovenian Istria. Recognized for its competitive character and mass participation, it is attended by academically trained artists, young artists and painting enthusiasts alike who come from Slovenia and various, especially neighboring, countries.</p>
<p>We are sure that this year&#8217;s edition will also be characterized by the quality and high participation of creators of different generations. In addition to the interesting accompanying program, <em>Ex-tempore Piran 2023</em> will introduce some innovations: an increase in the amount of the first prize, the Grand Prix, which amounts to €4,000, and the presentation of all selected and awarded works in one place, in the Monfort Gallery in Portorož. The closing ceremony with the awarding of the prizes and socializing with music will also take place in the Monfort complex, in the adjacent Wooden Hall. <a href="https://www.obalne-galerije.si/en/58-th-international-painting-ex-tempore-2023/">More informations at the link …</a></p>
<p><strong> </strong></p>
<p><strong> </strong></p>
<p><strong>&#8211; BLAŽKA KRIŽAN: </strong><strong>A WALK BETWEEN THE SHADOWS</strong></p>
<p><strong>Curated by: Nives Marvin<br /></strong><strong>Herman Pečarič Gallery Piran, 25 August – 30 October 2023</strong></p>
<p><strong>Opening: </strong><strong>Friday, August 25, 2023, at 8 p.m.</strong></p>
<p>&nbsp;</p>
<p>The week of <em>Ex-tempore Piran 2023</em> will begin with the opening of an exhibition of artworks by Blažka Križan, who was selected by the international expert jury as the winner of the Youth Author Prize at Ex-tempore Piran 2022. Ever since her studies at the Department of Painting at the Academy of Fine Arts in Ljubljana (graduated in 2012 and completed her master&#8217;s degree in 2017), her creative starting point is the principle of repetition, which she combines with the paper carving technique. By stringing cuts in the paper and with light passing through them, she explores the optical effects of light and shadow of relief surfaces and creates the impression of a moving image. At her first solo exhibition in the Piran Coastal Galleries, carvings from the past three years will be on display. <a href="https://www.obalne-galerije.si/en/a-walk-between-the-shadows/">More informations at the link …</a></p>
<p>&nbsp;</p>
<p>&nbsp;</p>
<p><strong>&#8211; FORMA VIVA PORTOROŽ 2023</strong></p>
<p><strong>International Sculpture Symposium<br /></strong><strong>Work site on the Seča peninsula near Portorož</strong></p>
<p><strong>25 September─ 28 October 2023</strong></p>
<p>&nbsp;</p>
<p>The biennial meeting of sculptors <em>Forma viva Portorož 2023</em> will once again take place in the autumn months, September and October. Thematically, it will continue the content of the symposium two years ago, which puts nature in the foreground: <em>Umetnost &amp; narava / Art &amp; Nature.</em> The relationship between art and nature has defined the practices and theories of art of all times, and therefore remains a source of inspiration for the statements of contemporary visual artists.</p>
<p>Two artists will participate in this edition, <strong>Ištvan Išt Huzjan</strong> (1981) from Slovenia and <strong>Emma Jääskeläinen</strong> (1988) from Finland. They are young authors who have been actively present at home and on the international art scene for many years. Two Istrian municipalities, Piran and Ankaran, have expressed their willingness to cooperate with the Coastal Galleries of Piran (OGP) in holding this year&#8217;s symposium in stone, which will take place from September 25. until 28.10. 2023. <a href="https://www.obalne-galerije.si/en/forma-viva-2023/">More information at the link …</a></p>
<p>&nbsp;</p>
<p><strong> </strong></p>
<p><strong>&#8211; (EVERYTHING IS) NOT WHAT IT SEEMS</strong></p>
<p><strong>Curated by: Mara Ambrožič Verderber<br /></strong><strong>Piran Civic Gallery, 3 June─15 October 2023</strong></p>
<p><strong> </strong><strong>Guided tour:  </strong><strong>Friday, September 1, 2023, at 7 p.m.</strong></p>
<p><strong> </strong></p>
<p>The international group exhibition <em>(Everything Is) Not What It Seems</em> at the Piran Civic Gallery, which includes a selection of artworks by 21 artists well established on the international art scene, has been extended until 15 October 2023. The exhibition evolves around the idea that our knowledge of the world is incomplete, uncertain, and reflects precisely upon the ability to look beyond the usually visible and beyond the given reality of things in order to tackle the ordinary and try to understand the mechanisms that rule our perceptions of everyday life.</p>
<p>The project is open to multifaceted interpretations. It will be an interesting experience to participate in the guided tour of the exhibition with artist Igor Eškinja, which will take place on Friday, September 1, 2023, at 7 pm at the Piran Civic Gallery. Participating artists are also invited to the conversation. <a href="https://www.obalne-galerije.si/en/everything-is-not-what-it-seems-group-exhibition/">More information at the link &#8230;</a></p>
<p><strong> </strong></p>
<p>&nbsp;</p>
<p><strong> &#8211; </strong><strong>MARINO CETTINA CONTEMPORARY ART COLLECTION</strong></p>
<p><strong>Curated by: Tatjana Sirk<br /></strong><strong>Loža Gallery Koper<br /></strong><strong>23 June ─22 September 2023</strong></p>
<p><strong> </strong></p>
<p>The exhibitions <em>Marino Cettina Collection of Contemporary Art </em>at the Loža Gallery in Koper presents a selection of works from the private collection of the late gallerist and collector from Umag in Croatia. It is practically logical that, in addition to the rich exhibition activities, he also conceived with his knowledge, intuition, and commitment his own art collection. The collection includes 47 art works by 34 artists (individuals, tandems, groups) and unifies different expressive media. In the collection, Croatian artists of different generations prevail but are accompanied by recognised Slovenian and great internationally renowned names. <a href="https://www.obalne-galerije.si/en/marino-cettina-collection-of-contemporary-art/">More informations at the link …</a></p>
<p><strong> </strong></p>
<p><strong> </strong></p>
<p><strong>&#8211; DRAŽEN VITOLOVIĆ: </strong><strong>UNBORN SHAPES</strong></p>
<p><strong>Curated by: Tatjana Sirk<br />Meduza Gallery Koper, 7 July─13 October 2023</strong></p>
<p><strong> </strong></p>
<p>In his art work, the artist Dražen Vitolović researches interventions in public space, the relationship between new and traditional technologies, as well as the innovative use of ceramics in sculpture and object design. He pays special attention to the notions of adaptability and modularity in the medium of sculpture. The <em>Unborn Shapes</em>, his first  exhibition at Piran Coastal Galleries, presents a series of sculptures, ‘clay drawings’ and a video. In the month of August, the exhibition is also open on Saturdays, from 10:00 a.m. to 2:00 p.m. <a href="https://www.obalne-galerije.si/en/unborn-shapes-drazen-vitolovic/">More informations at the link …</a></p>
<p>
</div></div></div></div></div></section>
