{"id":17250,"date":"2023-01-18T09:52:58","date_gmt":"2023-01-18T08:52:58","guid":{"rendered":"https:\/\/www.obalne-galerije.si\/?post_type=monthly_overview&#038;p=17250"},"modified":"2024-07-03T20:21:09","modified_gmt":"2024-07-03T18:21:09","slug":"january-february-program-2023","status":"publish","type":"monthly_overview","link":"https:\/\/www.obalne-galerije.si\/en\/monthly_overview\/january-february-program-2023\/","title":{"rendered":"January &#038; February Program 2023"},"content":{"rendered":"<section class=\"kc-elm kc-css-484863 kc_row\"><div class=\"kc-row-container  kc-container\"><div class=\"kc-wrap-columns\"><div class=\"kc-elm kc-css-782347 kc_col-sm-12 kc_column kc_col-sm-12\"><div class=\"kc-col-container\"><div class=\"kc-elm kc-css-212953 kc_text_block\"><\/p>\n<p>The Piran Coastal Galleries entered the new year full of fresh plans and challenges. They will continue with their rich exhibitions and numerous other activities. The 2023 programme is diverse and conceived to be interdisciplinary and multi-layered. Collaborations with other similar Slovenian and foreign institutions as well as productions of exhibitions of Primorska, Slovenian, and foreign artists of different generations will also continue. The Galleries will open their doors to new challenges and experiences and carry on the established traditional projects.<\/p>\n<p>Last year\u2019s programme was prepared in such a way that important exhibitions opened not long before the end of 2022 continue into this year. One of these is an exceptional installation of <strong>MARJETICA POTR\u010c in the Piran City Gallery entitled WATER AND LAND<\/strong>. In her work the world-renowned Slovenian artist connects visual art with architecture, ecology, and anthropology, and emphasises the importance of raising awareness and engaging an individual as well as the community in the effective and long-term solution of everyday problems.<\/p>\n<p>The <em>Water and Land<\/em> project includes three visual essays and diagrams with which the artist brings attention to co-existence and the necessity of collaboration between people and nature. The visual essay <em>Land of Caretakers: A Ballad of Piran<\/em> pertains to the current challenges of Piran and the Istrian hinterland. The work dedicated to the specifics of the local environment was created during a several-month-long study conducted in conversations with the inhabitants of Piran. The <em>Land of Caretakers<\/em> diagram, which is transmitted into the form of a large painting onto the central gallery wall, appears monumental and is a unique <em>hommage <\/em>to the coastal territory and its inhabitants. This exhibition which received a lot of media coverage continues to thrill the Slovenian and foreign expert public and will be open<strong> until 5 March 2023<\/strong>. <a href=\"https:\/\/www.obalne-galerije.si\/en\/water-and-land-marjetica-potrc\/\">More info at\u2026<\/a><\/p>\n<p><strong>The Lo\u017ea Gallery in Koper<\/strong> hosts the <strong>DISSIDENT HISTORIES<\/strong> exhibition of the renowned partnership of <strong>MARINA GR\u017dINI\u0106 &#038; AINA \u0160MID until 28 February 2023<\/strong>. Through different content (audio-video, printed posters, installations, projections, book collection), the authors, who are featuring in the Piran Coastal Galleries and in the national public museum space for the first time, set new milestones in art with their experimental video. Video was transformed into a political medium and aesthetics into mass culture, by which the authors transformed the field of words, painting, and performativeness. Their stories are set at the crossroads of documentary and fiction, while their videos are conceived in such a way that they point to the processes of social contradictions,\u00a0racial discrimination, and expropriation on the side of capital.\u00a0With the <em>Pure Freedom<\/em> work, which is a sort of a signpost for the exhibition, the artists convey the idea that the main cause of wars and other armed conflicts in the world is globalisation that is fuelled by the spirit of the capitalist \u201cfirst world\u201d. Their works teach us how to recognise the appropriations of the visual from the side of the post-industrial, digital, economic, and political systems and help fit the political fight into the right place. <a href=\"https:\/\/www.obalne-galerije.si\/en\/marina-grzinic-aina-smid-dissident-histories\/\">More info at\u2026<\/a><\/p>\n<p>In 2023, special attention will be devoted to <strong>ANDRAGOGIC AND<\/strong> <strong>PEDAGOGIC ACTIVITIES<\/strong>. The latter also introduces the annual programme of activities for our youngest visitors. Last autumn, the Se\u010dovlje Primary School in cooperation with the Piran Coastal Galleries put forward a call for the <strong>making of the artistically most interesting new-year greeting card<\/strong>. A total of 36 schools from all around Slovenia responded and we received 544 greeting card entries. The selection of the most interesting ones was made by a three-member committee composed of: Andreja Ozebek, a professor of fine arts, Ana Pape\u017e, a curator in the Piran Coastal Galleries, and Fulvia Zudi\u010d, a painter and costume designer. The best greeting cards are exhibited in the Se\u010dovlje Primary School, and <strong>from 24 January 2023 to 5 February 2023 <\/strong>also in the<strong> Herman Pe\u010dari\u010d Gallery in Piran<\/strong>. The committee was so impressed by the greeting cards that it awarded 15 awards instead of nine.<\/p>\n<p>Again this year, we are preparing a special programme for adults and a diverse programme for children on the occasion of the Slovenian Cultural Holiday. The <strong>PRE\u0160ERNOVANJE OGP 2023 <\/strong>event will take place on<strong> Wednesday, 8 February 2023<\/strong>, in the galleries in<strong> Koper and Piran<\/strong>. On this day, all our <strong>galleries will be open<\/strong><strong> until 8 pm and admission will be free<\/strong>.<\/p>\n<p><strong>In the Lo\u017ea Gallery in Koper<\/strong> a <strong>TALK WITH COFFEE<\/strong> will accompany the <strong>Dissident Histories<\/strong> exhibition of <strong>Marina Gr\u017eini\u0107 &#038; Aina \u0160mid <\/strong>at <strong>10 am<\/strong>, where we will be joined by both authors. <strong>At 12 pm, a GUIDED TOUR OF THE EXHIBITION Water and Land <\/strong>with the author <strong>Marjetica Potr\u010d<\/strong> will take place in the<strong> Piran City Gallery<\/strong>.<\/p>\n<p>A rich <strong>pedagogical programme<\/strong> within the framework of the PRE\u0160ERNOVANJE OGP 2023 event, prepared by the curator-educator of the Piran Coastal Galleries Ana Pape\u017e, will this year be devoted to the topic of movement. Regular exercise and taking part in sport are important factors in our everyday life, since they prevent many health risks and bring numerous benefits. A lack of interest and motivation for movement and sport is, unfortunately, common among young people today: it can be increasingly noticed that the majority of young people only exercise as much as it is obligatory in their sports class at school. To make movement understood as one of the means of expression in modern cultural practices, the Piran Coastal Galleries will once again, as in recent years, invite primary and secondary schools from all around Slovenia, and just over the borders, to participate. Students can interpret movement in various graphical techniques: monotype,<em> pochoir <\/em>technique, or collage print. For ease, an on-line GRAPHIC LESSON will be available. All graphic pieces created within the workshops on this subject will be presented at the exhibition entitled <strong>GIBANJE JE ZABAVNO<\/strong> upon this year\u2019s Slovenian Cultural Holiday, which will be <strong>open to the public from 8 February to 26 February 2023 in the Herman Pe\u010dari\u010d Gallery in Piran <\/strong>and the<strong> Meduza Gallery in Koper.<\/strong><\/p>\n<p>On Wednesday, <strong>8 February 2022<\/strong>, a <strong>60-minute DANCE WORKSHOP <\/strong>will take place in the<strong> Piran City Gallery at 11 am<\/strong>, which will be led by the dancer, choreographer, and CEO of the SWANK dance school<strong> Tamara Peri\u0107<\/strong>. Through dance we will familiarise ourselves with different rhythms and cultures, improve our motor skills, mobility, memory, encourage creativity, and have fun. The workshop is intended for pupils <strong>from the 5th to 9th grade of primary school<\/strong>. We are accepting applications at the e-mail address: <a href=\"about:blank\">ana.papez@obalne-galerije.si<\/a> or <a href=\"about:blank\">anapapez25@gmail.com<\/a>.<\/p>\n<p><strong>February will be rich in workshops: on Friday, 24 February and Saturday, 25 February 2023<\/strong>, <strong>between 8 am and 4 pm,<\/strong> <strong>TWO WORKSHOPS entitled POT \u0160TORTA<\/strong> \u2013 Matteoti and Olj\u010dna pot (the meeting point is the bus station in Piran) will take place, which are part of the accompanying programme of the afore-mentioned exhibition. Informal workshops organised in collaboration with the landscape architect <strong>Romana Ka\u010di\u010d<\/strong> (Abakkum, Zavod za krajino, kulturo in umetnost Piran), <strong>University of Primorska<\/strong> (PEF VUO), and the <strong>Piran Local Community <\/strong>are a best practice example of cooperation between inhabitants, students, and the civic administration. They are focused on preserving, maintaining, and repairing paths for present and future generations, since paths among gardens are a common good and one of the key elements in the mosaic of a sustainable town. <a href=\"https:\/\/www.obalne-galerije.si\/en\/the-storta-path-workshops-for-the-restoration-of-the-paths-in-between-gardens-and-olive-groves-of-piran\/\">More info at\u2026<\/a><\/p>\n<p>Last year, the Piran Coastal Galleries acquired more artworks for their collections than in previous years. The <strong>donation of Emil Memon<\/strong> and <strong>purchases of works by Lara Jeranko Marconi, Tilen \u017dbona, and Aleksander Veli\u0161\u010dek<\/strong> \u2013 paintings, a drawing, a sculpture, and a video \u2013 enabled the quality filling of the fond of one of the basic collections of this Primorska establishment, that is the <strong>Collection of Primorska fine artists<\/strong>. In accordance with the traditional exhibiting activities that include the annual execution of an international painting manifestation, the<strong> Ex-tempore Piran Collection <\/strong>becomes richer by the year. The Grand Prix award was presented to the painting of <strong>Matic Mo\u0161kon<\/strong>, while the recipient of the Young Award was <strong>Bla\u017eka Kri\u017ean<\/strong> from Ptuj. The minimalist work of the established Slovenian artist <strong>Mladen Stropnik<\/strong> was awarded the Cesare dell&#039;Acqua Award, which bears the name of the painter born in Piran in the 19th century.<\/p>\n<p>We look forward to seeing you!<\/p>\n<p>\n<\/div><\/div><\/div><\/div><\/div><\/section>\n","protected":false},"featured_media":17254,"template":"","class_list":["post-17250","monthly_overview","type-monthly_overview","status-publish","has-post-thumbnail","hentry"],"acf":[],"_links":{"self":[{"href":"https:\/\/www.obalne-galerije.si\/en\/wp-json\/wp\/v2\/monthly_overview\/17250","targetHints":{"allow":["GET"]}}],"collection":[{"href":"https:\/\/www.obalne-galerije.si\/en\/wp-json\/wp\/v2\/monthly_overview"}],"about":[{"href":"https:\/\/www.obalne-galerije.si\/en\/wp-json\/wp\/v2\/types\/monthly_overview"}],"wp:featuredmedia":[{"embeddable":true,"href":"https:\/\/www.obalne-galerije.si\/en\/wp-json\/wp\/v2\/media\/17254"}],"wp:attachment":[{"href":"https:\/\/www.obalne-galerije.si\/en\/wp-json\/wp\/v2\/media?parent=17250"}],"curies":[{"name":"wp","href":"https:\/\/api.w.org\/{rel}","templated":true}]}}

<section class="kc-elm kc-css-484863 kc_row"><div class="kc-row-container  kc-container"><div class="kc-wrap-columns"><div class="kc-elm kc-css-782347 kc_col-sm-12 kc_column kc_col-sm-12"><div class="kc-col-container"><div class="kc-elm kc-css-212953 kc_text_block"></p>
<p>The Piran Coastal Galleries entered the new year full of fresh plans and challenges. They will continue with their rich exhibitions and numerous other activities. The 2023 programme is diverse and conceived to be interdisciplinary and multi-layered. Collaborations with other similar Slovenian and foreign institutions as well as productions of exhibitions of Primorska, Slovenian, and foreign artists of different generations will also continue. The Galleries will open their doors to new challenges and experiences and carry on the established traditional projects.</p>
<p>Last year’s programme was prepared in such a way that important exhibitions opened not long before the end of 2022 continue into this year. One of these is an exceptional installation of <strong>MARJETICA POTRČ in the Piran City Gallery entitled WATER AND LAND</strong>. In her work the world-renowned Slovenian artist connects visual art with architecture, ecology, and anthropology, and emphasises the importance of raising awareness and engaging an individual as well as the community in the effective and long-term solution of everyday problems.</p>
<p>The <em>Water and Land</em> project includes three visual essays and diagrams with which the artist brings attention to co-existence and the necessity of collaboration between people and nature. The visual essay <em>Land of Caretakers: A Ballad of Piran</em> pertains to the current challenges of Piran and the Istrian hinterland. The work dedicated to the specifics of the local environment was created during a several-month-long study conducted in conversations with the inhabitants of Piran. The <em>Land of Caretakers</em> diagram, which is transmitted into the form of a large painting onto the central gallery wall, appears monumental and is a unique <em>hommage </em>to the coastal territory and its inhabitants. This exhibition which received a lot of media coverage continues to thrill the Slovenian and foreign expert public and will be open<strong> until 5 March 2023</strong>. <a href="https://www.obalne-galerije.si/en/water-and-land-marjetica-potrc/">More info at…</a></p>
<p><strong>The Loža Gallery in Koper</strong> hosts the <strong>DISSIDENT HISTORIES</strong> exhibition of the renowned partnership of <strong>MARINA GRŽINIĆ &#038; AINA ŠMID until 28 February 2023</strong>. Through different content (audio-video, printed posters, installations, projections, book collection), the authors, who are featuring in the Piran Coastal Galleries and in the national public museum space for the first time, set new milestones in art with their experimental video. Video was transformed into a political medium and aesthetics into mass culture, by which the authors transformed the field of words, painting, and performativeness. Their stories are set at the crossroads of documentary and fiction, while their videos are conceived in such a way that they point to the processes of social contradictions, racial discrimination, and expropriation on the side of capital. With the <em>Pure Freedom</em> work, which is a sort of a signpost for the exhibition, the artists convey the idea that the main cause of wars and other armed conflicts in the world is globalisation that is fuelled by the spirit of the capitalist “first world”. Their works teach us how to recognise the appropriations of the visual from the side of the post-industrial, digital, economic, and political systems and help fit the political fight into the right place. <a href="https://www.obalne-galerije.si/en/marina-grzinic-aina-smid-dissident-histories/">More info at…</a></p>
<p>In 2023, special attention will be devoted to <strong>ANDRAGOGIC AND</strong> <strong>PEDAGOGIC ACTIVITIES</strong>. The latter also introduces the annual programme of activities for our youngest visitors. Last autumn, the Sečovlje Primary School in cooperation with the Piran Coastal Galleries put forward a call for the <strong>making of the artistically most interesting new-year greeting card</strong>. A total of 36 schools from all around Slovenia responded and we received 544 greeting card entries. The selection of the most interesting ones was made by a three-member committee composed of: Andreja Ozebek, a professor of fine arts, Ana Papež, a curator in the Piran Coastal Galleries, and Fulvia Zudič, a painter and costume designer. The best greeting cards are exhibited in the Sečovlje Primary School, and <strong>from 24 January 2023 to 5 February 2023 </strong>also in the<strong> Herman Pečarič Gallery in Piran</strong>. The committee was so impressed by the greeting cards that it awarded 15 awards instead of nine.</p>
<p>Again this year, we are preparing a special programme for adults and a diverse programme for children on the occasion of the Slovenian Cultural Holiday. The <strong>PREŠERNOVANJE OGP 2023 </strong>event will take place on<strong> Wednesday, 8 February 2023</strong>, in the galleries in<strong> Koper and Piran</strong>. On this day, all our <strong>galleries will be open</strong><strong> until 8 pm and admission will be free</strong>.</p>
<p><strong>In the Loža Gallery in Koper</strong> a <strong>TALK WITH COFFEE</strong> will accompany the <strong>Dissident Histories</strong> exhibition of <strong>Marina Gržinić &#038; Aina Šmid </strong>at <strong>10 am</strong>, where we will be joined by both authors. <strong>At 12 pm, a GUIDED TOUR OF THE EXHIBITION Water and Land </strong>with the author <strong>Marjetica Potrč</strong> will take place in the<strong> Piran City Gallery</strong>.</p>
<p>A rich <strong>pedagogical programme</strong> within the framework of the PREŠERNOVANJE OGP 2023 event, prepared by the curator-educator of the Piran Coastal Galleries Ana Papež, will this year be devoted to the topic of movement. Regular exercise and taking part in sport are important factors in our everyday life, since they prevent many health risks and bring numerous benefits. A lack of interest and motivation for movement and sport is, unfortunately, common among young people today: it can be increasingly noticed that the majority of young people only exercise as much as it is obligatory in their sports class at school. To make movement understood as one of the means of expression in modern cultural practices, the Piran Coastal Galleries will once again, as in recent years, invite primary and secondary schools from all around Slovenia, and just over the borders, to participate. Students can interpret movement in various graphical techniques: monotype,<em> pochoir </em>technique, or collage print. For ease, an on-line GRAPHIC LESSON will be available. All graphic pieces created within the workshops on this subject will be presented at the exhibition entitled <strong>GIBANJE JE ZABAVNO</strong> upon this year’s Slovenian Cultural Holiday, which will be <strong>open to the public from 8 February to 26 February 2023 in the Herman Pečarič Gallery in Piran </strong>and the<strong> Meduza Gallery in Koper.</strong></p>
<p>On Wednesday, <strong>8 February 2022</strong>, a <strong>60-minute DANCE WORKSHOP </strong>will take place in the<strong> Piran City Gallery at 11 am</strong>, which will be led by the dancer, choreographer, and CEO of the SWANK dance school<strong> Tamara Perić</strong>. Through dance we will familiarise ourselves with different rhythms and cultures, improve our motor skills, mobility, memory, encourage creativity, and have fun. The workshop is intended for pupils <strong>from the 5th to 9th grade of primary school</strong>. We are accepting applications at the e-mail address: <a href="about:blank">ana.papez@obalne-galerije.si</a> or <a href="about:blank">anapapez25@gmail.com</a>.</p>
<p><strong>February will be rich in workshops: on Friday, 24 February and Saturday, 25 February 2023</strong>, <strong>between 8 am and 4 pm,</strong> <strong>TWO WORKSHOPS entitled POT ŠTORTA</strong> – Matteoti and Oljčna pot (the meeting point is the bus station in Piran) will take place, which are part of the accompanying programme of the afore-mentioned exhibition. Informal workshops organised in collaboration with the landscape architect <strong>Romana Kačič</strong> (Abakkum, Zavod za krajino, kulturo in umetnost Piran), <strong>University of Primorska</strong> (PEF VUO), and the <strong>Piran Local Community </strong>are a best practice example of cooperation between inhabitants, students, and the civic administration. They are focused on preserving, maintaining, and repairing paths for present and future generations, since paths among gardens are a common good and one of the key elements in the mosaic of a sustainable town. <a href="https://www.obalne-galerije.si/en/the-storta-path-workshops-for-the-restoration-of-the-paths-in-between-gardens-and-olive-groves-of-piran/">More info at…</a></p>
<p>Last year, the Piran Coastal Galleries acquired more artworks for their collections than in previous years. The <strong>donation of Emil Memon</strong> and <strong>purchases of works by Lara Jeranko Marconi, Tilen Žbona, and Aleksander Velišček</strong> – paintings, a drawing, a sculpture, and a video – enabled the quality filling of the fond of one of the basic collections of this Primorska establishment, that is the <strong>Collection of Primorska fine artists</strong>. In accordance with the traditional exhibiting activities that include the annual execution of an international painting manifestation, the<strong> Ex-tempore Piran Collection </strong>becomes richer by the year. The Grand Prix award was presented to the painting of <strong>Matic Moškon</strong>, while the recipient of the Young Award was <strong>Blažka Križan</strong> from Ptuj. The minimalist work of the established Slovenian artist <strong>Mladen Stropnik</strong> was awarded the Cesare dell&#039;Acqua Award, which bears the name of the painter born in Piran in the 19th century.</p>
<p>We look forward to seeing you!</p>
<p>
</div></div></div></div></div></section>
