{"id":16539,"date":"2022-11-07T15:43:06","date_gmt":"2022-11-07T14:43:06","guid":{"rendered":"https:\/\/www.obalne-galerije.si\/?post_type=monthly_overview&#038;p=16539"},"modified":"2022-11-07T15:47:51","modified_gmt":"2022-11-07T14:47:51","slug":"november-program-2022","status":"publish","type":"monthly_overview","link":"https:\/\/www.obalne-galerije.si\/en\/monthly_overview\/november-program-2022\/","title":{"rendered":"November Program 2022"},"content":{"rendered":"<section class=\"kc-elm kc-css-286807 kc_row\"><div class=\"kc-row-container  kc-container\"><div class=\"kc-wrap-columns\"><div class=\"kc-elm kc-css-686795 kc_col-sm-12 kc_column kc_col-sm-12\"><div class=\"kc-col-container\"><div class=\"kc-elm kc-css-771817\" style=\"height: 20px; clear: both; width:100%;\"><\/div><div class=\"kc-elm kc_text_block\"><\/p>\n<p style=\"font-weight: 400;\">In November, we continue to carry out important projects that mark the autumn-winter programme of public service activities of the Piran Coastal Galleries.<\/p>\n<p style=\"font-weight: 400;\">In the\u00a0<strong>Lo\u017ea Gallery in Koper,\u00a0<\/strong>the exhibition by\u00a0<strong>MARINA GR\u017dINI\u0106 &amp; AINA \u0160MID\u00a0<\/strong>entitled\u00a0<strong>ODPADNI\u0160KE ZGODOVINE (Renegade Histories)\u00a0<\/strong>will open on\u00a0<strong>Friday, 25 November 2022.\u00a0<\/strong>The authors have been working with video since\u00a01982. They have participated at numerous video, media, and film presentations and been the recipients of numerous awards. In 2003, the International Short Film Festival Oberhausen in Germany showed their retrospective entitled MARINA\u00a0GR\u017dINI\u0106\u00a0\/ AINA \u0160MID (1985\u20132003).\u00a0In 2011, Galerie D.O.R. in Brussels ran their retrospective entitled MARINA\u00a0GR\u017dINI\u0106\u00a0\/ AINA \u0160MID, 30 LET: 26 DEL V 5-ih DELIH \/ MARINA GR\u017dINI\u0106 \/ AINA \u0160MIT: 30 YEARS: 26 WORKS IN 5 PARTS (a projection of video works from 1982 to 2011). In 2017, Kunstraum Lakeside in Klagenfurt hosted a grand exhibition of new works and installations entitled\u00a0Marina\u00a0Gr\u017eini\u0107\u00a0in Aina \u0160mid \u2013 RADIKALNA SODOBNOST: pregled 35 let dela (1982\u20132017) (Marina Gr\u017eini\u0107 and Aina \u0160mid \u2013 RADICAL CONTEMPORANEITY: a review of 35 years of work (1982\u20132017)), curated by Aneta Stojni\u0107. The Piran Coastal Galleries are not hosting a retrospective, but rather a rearticulation of the existing state in video production in the national context.\u00a0<strong>The artists are exhibiting for the first time in the Piran Coastal Galleries<\/strong>, presenting rich content and a review of their work.\u00a0<strong>The exhibition will run until 28 February 2023.<\/strong><\/p>\n<p>Their stories are positioned at the intersection of documentary and fiction with the aim to introduce new tactics of performative operation. The videos are conceived in such a way that they reveal the processes of social contradictions, racial discrimination, and expropriation by the capital. <strong>Gr\u017eini\u0107 &amp; \u0160mid<\/strong> warn about the necropolitical aspect organised by the European space. In their work entitled \u010cista Svoboda\/Pure Freedom they explain that the present-day globalisation is the main cause of wars that are driven by the global capitalistic \u201cFirst World\u201d, hence of circumstances that do not succeed in recognising the effects on other fields, such as culture and education. One of the most important suggestions in their work is that we recognise the appropriation of the visual from the side of the post-industrial, digital, economic, and political system and fit the political fight in its place. <a href=\"https:\/\/www.obalne-galerije.si\/en\/marina-grzinic-aina-smid-dissident-histories\/\" data-saferedirecturl=\"https:\/\/www.google.com\/url?q=https:\/\/www.obalne-galerije.si\/en\/marina-grzinic-aina-smid-dissident-histories\/&amp;source=gmail&amp;ust=1667902209081000&amp;usg=AOvVaw2bgHBy1sfPz7y0GCLhMwPK\">More info at\u2026<\/a><br \/>\nA day later, on Saturday, 26 November, it will be time for the traditional, <strong>39. PIRANSKI DNEVI ARHITEKTURE (PDA) \/ 39<sup>th<\/sup> Piran Architecture Days<\/strong>. Ever since the beginning, the Piran Coastal Galleries has participated with the Dessa Gallery from Ljubljana in the organisation of this internationally renowned event. The honorary patron of this year\u2019s event is Minister of Culture of the Republic of Slovenia Dr Asta Vre\u010dko. The PDA programme includes a conference on architecture or lectures by renowned architects from different countries, an exhibition, and the award ceremony of the Piranesi awards as well as numerous accompanying events. Lectures on this year\u2019s theme <strong>HONEST ARCHITECTURE<\/strong> will take place on <strong>Saturday, 26 November 2022, in the Portoro\u017e Auditorium<\/strong>. The conference will conclude on Saturday evening with the opening of the Piranesi exhibition and the Piranesi award ceremony in the Stone Hall of the Monfort Gallery in Portoro\u017e. This will be followed by a gathering accompanied by the music of Vlado Batista &amp; jazz trio Stringsi.<\/p>\n<p style=\"font-weight: 400;\">Attention should be drawn to two events in the PDA accompanying programme, which will take place the day before the conference, on<strong>\u00a0Friday,\u00a0<\/strong><strong>25 November 2022: SPREHOD PO POTI\u00a0\u0160TORTA (from\u00a0<\/strong>11 am to 1 pm, gathering point at the Forna\u010de bus station, Piran) as an introduction and preparation for the exhibition by\u00a0<strong>Marjetica Potrc\u030c\u00a0entitled\u00a0<\/strong><em><strong>VODA IN ZEMLJA (Water and Earth), which will open on 17 December 2022<\/strong><\/em><strong>\u00a0in the Piran Town Gallery<\/strong>. The walk is organised by Abakkum Zavod za krajino, kulturo in umetnost Piran with the support of the Piran Coastal Galleries.<br \/>\nAfter the walk, the programme will continue in the evening in the<strong>\u00a0Herman Pe\u010dari\u010d Gallery, where at 7 pm the opening of the<\/strong>\u00a0<strong>PIRANESI 30: 30 LET REVIJE PIRANESI exhibition\u00a0<\/strong>will take place. The exhibition organised by the Piranesi Foundation in collaboration with the Piran Coastal Galleries will be open until 20 January 2023.<a href=\"https:\/\/www.obalne-galerije.si\/en\/39th-international-architectural-conference-piran-days-of-architecture\/\" data-saferedirecturl=\"https:\/\/www.google.com\/url?q=https:\/\/www.obalne-galerije.si\/en\/39th-international-architectural-conference-piran-days-of-architecture\/&amp;source=gmail&amp;ust=1667902209081000&amp;usg=AOvVaw2swqQzk3cbd-EhDzjxu1i8\">\u00a0<\/a><a href=\"https:\/\/www.obalne-galerije.si\/en\/39th-international-architectural-conference-piran-days-of-architecture\/\" data-saferedirecturl=\"https:\/\/www.google.com\/url?q=https:\/\/www.obalne-galerije.si\/en\/39th-international-architectural-conference-piran-days-of-architecture\/&amp;source=gmail&amp;ust=1667902209081000&amp;usg=AOvVaw2swqQzk3cbd-EhDzjxu1i8\">More info at\u2026<\/a><\/p>\n<p style=\"font-weight: 400;\">The third symposium sculpture, created by the Italian sculptor\u00a0<strong>ALBERTO SCODRO<\/strong>\u00a0at last year\u2019s\u00a0<strong>FORMA<\/strong>\u00a0<strong>VIVA 2021<\/strong>, will be moved from the workshop in Se\u010da to Izola in November. The three and a half ton stone sculpture will be placed on the green surface in Livade, the area near the new bicycle park (the asphalt pumptrack polygon), which the Municipality of Izola has dedicated to active pastime. The sculptor\u2019s intention was to transfer one of the most beautiful scenes in the starry sky, the\u00a0<strong>Milky Way<\/strong>, to Istrian stone. The artistic interpretation of the myth of the origins of this galaxy is malicious, as it ironically grounds the symbolism of the Greek tale.<\/p>\n<p style=\"font-weight: 400;\"><strong>The autumn activities of the pedagogical programme are very diverse<\/strong>. In addition to numerous creative workshops for kindergartens and schools, we would like to point out an interesting novelty: our\u00a0<strong>custodian\u00a0<\/strong><strong>educator Ana Pape\u017e<\/strong>\u00a0prepared a short expert video contribution on the topic of graphics, which in the words of students is one of the more difficult things for them to grasp in the art lessons. In cooperation with a teacher and educator from the\u00a0<strong>Se\u010dovlje Primary School<\/strong>,\u00a0<strong>Prof of fine arts Andreja Ozebek<\/strong>, the Piran Coastal Galleries organised a graphics workshop. Pupils learned about the three graphic techniques (of flat and letterpress print): a monotype,\u00a0<em>pochoir<\/em>, and collage print. The purpose of the\u00a0<strong>\u201c<\/strong><strong>graphics lesson\u201d<\/strong>\u00a0is to bring graphic creation closer to all art teachers as well as students, since the film covers both the practical and theoretical parts. The video is available on the Piran Coastal Galleries website and has Slovenian and Italian subtitles to make this fun lesson available to all deaf and hard-of-hearing children and teens as well as the widest possible audience. Students can learn about concepts such as the matrix, circulation, art graphic, industrial graphic, graphic sheet, etc. They learn about what should accompany an original art graphic, that is the handmade impression which is marked by the author\u2019s signature (the serial number of the impression in a specific series or circulation, the technique, the title of the work, the years of its creation, the author). This graphics lesson will also be an important tool in the preparation for the winter Pre\u0161ernovanje OGP 2023.\u00a0<a href=\"https:\/\/www.obalne-galerije.si\/en\/workshop-learning-about-the-graphic-techinque\/\" data-saferedirecturl=\"https:\/\/www.google.com\/url?q=https:\/\/www.obalne-galerije.si\/en\/workshop-learning-about-the-graphic-techinque\/&amp;source=gmail&amp;ust=1667902209081000&amp;usg=AOvVaw16794eIsI3gFvGqJ4y5Qei\">More info at\u2026<\/a><\/p>\n<p style=\"font-weight: 400;\">On Friday, 21 October 2022, the Monfort Gallery in Portoro\u017e hosted the opening of the international group exhibition entitled\u00a0<strong>NEXT GENERATION<\/strong>. It is an important\u00a0<strong>contribution of the Piran Coastal Galleries to connecting study practices of this field with the public museum-gallery space<\/strong>. The exhibition presents artworks of\u00a033 young authors from\u00a0<strong>eight art academies and university programmes for the visual arts in Venice, Ljubljana, Vienna, and Koper<\/strong>.\u00a0The project, which was accompanied by a two-day international symposium entitled\u00a0<strong>NOVI HORIZONTI: GENERACIJE, UMETNOST IN TEME PRIHODNOSTI (New horizons: Generations, art, and topics of the future)<\/strong>, was conceived as a collective\u00a0<strong>moment of meeting, gathering, and confronting an international group of professors, assistants, artists, and students who participated at the\u00a0<\/strong>Monfort<strong>\u00a0Gallery in Portoro\u017e between 20 and 22 October 2022. The exhibition will be open there until 30 December 2022.\u00a0<\/strong><a href=\"http:\/\/www.obalne-galerije.si\/en\/next-generation-group-exhibition\/\" data-saferedirecturl=\"https:\/\/www.google.com\/url?q=http:\/\/www.obalne-galerije.si\/en\/next-generation-group-exhibition\/&amp;source=gmail&amp;ust=1667902209081000&amp;usg=AOvVaw21D8iyHsno7cLdcAqdKaMt\">More info at\u2026<\/a><\/p>\n<p style=\"font-weight: 400;\"><strong>\u00a0<\/strong><\/p>\n<p style=\"font-weight: 400;\">You are warmly invited to visit the exhibitions currently running in Koper. Until 15 November 2022\u00a0you can visit the exhibition of the perspective artist\u00a0<strong>LARA JERANKO MARCONI<\/strong>\u00a0entitled\u00a0<strong>NOREC (Lunatic)<\/strong>\u00a0at the\u00a0Lo\u017ea Gallery. At the Meduza Gallery in Koper you can visit the exhibition of the fourth edition of the\u00a0<strong>SPEKULA 22\u00a0<\/strong>manifesto until the end of the year. It presents works (installations, photography, video, paintings) of the artists \u017dIGA KARI\u017d, VIKTOR BERNIK, IGOR ANDJELI\u0106, and LEON ZUODAR.\u00a0<a href=\"https:\/\/www.obalne-galerije.si\/en\/spekula\/\" data-saferedirecturl=\"https:\/\/www.google.com\/url?q=https:\/\/www.obalne-galerije.si\/en\/spekula\/&amp;source=gmail&amp;ust=1667902209081000&amp;usg=AOvVaw3lShhobJVN6x-_h-aYAsWo\">More info at\u2026<\/a><\/p>\n<p style=\"font-weight: 400;\"><strong>\u00a0<\/strong><\/p>\n<p style=\"font-weight: 400;\">We look forward to seeing you!<\/p>\n<p>\n<\/div><\/div><\/div><\/div><\/div><\/section>\n","protected":false},"featured_media":16535,"template":"","class_list":["post-16539","monthly_overview","type-monthly_overview","status-publish","has-post-thumbnail","hentry"],"acf":[],"_links":{"self":[{"href":"https:\/\/www.obalne-galerije.si\/en\/wp-json\/wp\/v2\/monthly_overview\/16539","targetHints":{"allow":["GET"]}}],"collection":[{"href":"https:\/\/www.obalne-galerije.si\/en\/wp-json\/wp\/v2\/monthly_overview"}],"about":[{"href":"https:\/\/www.obalne-galerije.si\/en\/wp-json\/wp\/v2\/types\/monthly_overview"}],"wp:featuredmedia":[{"embeddable":true,"href":"https:\/\/www.obalne-galerije.si\/en\/wp-json\/wp\/v2\/media\/16535"}],"wp:attachment":[{"href":"https:\/\/www.obalne-galerije.si\/en\/wp-json\/wp\/v2\/media?parent=16539"}],"curies":[{"name":"wp","href":"https:\/\/api.w.org\/{rel}","templated":true}]}}

<section class="kc-elm kc-css-286807 kc_row"><div class="kc-row-container  kc-container"><div class="kc-wrap-columns"><div class="kc-elm kc-css-686795 kc_col-sm-12 kc_column kc_col-sm-12"><div class="kc-col-container"><div class="kc-elm kc-css-771817" style="height: 20px; clear: both; width:100%;"></div><div class="kc-elm kc_text_block"></p>
<p style="font-weight: 400;">In November, we continue to carry out important projects that mark the autumn-winter programme of public service activities of the Piran Coastal Galleries.</p>
<p style="font-weight: 400;">In the <strong>Loža Gallery in Koper, </strong>the exhibition by <strong>MARINA GRŽINIĆ &amp; AINA ŠMID </strong>entitled <strong>ODPADNIŠKE ZGODOVINE (Renegade Histories) </strong>will open on <strong>Friday, 25 November 2022. </strong>The authors have been working with video since 1982. They have participated at numerous video, media, and film presentations and been the recipients of numerous awards. In 2003, the International Short Film Festival Oberhausen in Germany showed their retrospective entitled MARINA GRŽINIĆ / AINA ŠMID (1985–2003). In 2011, Galerie D.O.R. in Brussels ran their retrospective entitled MARINA GRŽINIĆ / AINA ŠMID, 30 LET: 26 DEL V 5-ih DELIH / MARINA GRŽINIĆ / AINA ŠMIT: 30 YEARS: 26 WORKS IN 5 PARTS (a projection of video works from 1982 to 2011). In 2017, Kunstraum Lakeside in Klagenfurt hosted a grand exhibition of new works and installations entitled Marina Gržinić in Aina Šmid – RADIKALNA SODOBNOST: pregled 35 let dela (1982–2017) (Marina Gržinić and Aina Šmid – RADICAL CONTEMPORANEITY: a review of 35 years of work (1982–2017)), curated by Aneta Stojnić. The Piran Coastal Galleries are not hosting a retrospective, but rather a rearticulation of the existing state in video production in the national context. <strong>The artists are exhibiting for the first time in the Piran Coastal Galleries</strong>, presenting rich content and a review of their work. <strong>The exhibition will run until 28 February 2023.</strong></p>
<p>Their stories are positioned at the intersection of documentary and fiction with the aim to introduce new tactics of performative operation. The videos are conceived in such a way that they reveal the processes of social contradictions, racial discrimination, and expropriation by the capital. <strong>Gržinić &amp; Šmid</strong> warn about the necropolitical aspect organised by the European space. In their work entitled Čista Svoboda/Pure Freedom they explain that the present-day globalisation is the main cause of wars that are driven by the global capitalistic “First World”, hence of circumstances that do not succeed in recognising the effects on other fields, such as culture and education. One of the most important suggestions in their work is that we recognise the appropriation of the visual from the side of the post-industrial, digital, economic, and political system and fit the political fight in its place. <a href="https://www.obalne-galerije.si/en/marina-grzinic-aina-smid-dissident-histories/" data-saferedirecturl="https://www.google.com/url?q=https://www.obalne-galerije.si/en/marina-grzinic-aina-smid-dissident-histories/&amp;source=gmail&amp;ust=1667902209081000&amp;usg=AOvVaw2bgHBy1sfPz7y0GCLhMwPK">More info at…</a><br />
A day later, on Saturday, 26 November, it will be time for the traditional, <strong>39. PIRANSKI DNEVI ARHITEKTURE (PDA) / 39<sup>th</sup> Piran Architecture Days</strong>. Ever since the beginning, the Piran Coastal Galleries has participated with the Dessa Gallery from Ljubljana in the organisation of this internationally renowned event. The honorary patron of this year’s event is Minister of Culture of the Republic of Slovenia Dr Asta Vrečko. The PDA programme includes a conference on architecture or lectures by renowned architects from different countries, an exhibition, and the award ceremony of the Piranesi awards as well as numerous accompanying events. Lectures on this year’s theme <strong>HONEST ARCHITECTURE</strong> will take place on <strong>Saturday, 26 November 2022, in the Portorož Auditorium</strong>. The conference will conclude on Saturday evening with the opening of the Piranesi exhibition and the Piranesi award ceremony in the Stone Hall of the Monfort Gallery in Portorož. This will be followed by a gathering accompanied by the music of Vlado Batista &amp; jazz trio Stringsi.</p>
<p style="font-weight: 400;">Attention should be drawn to two events in the PDA accompanying programme, which will take place the day before the conference, on<strong> Friday, </strong><strong>25 November 2022: SPREHOD PO POTI ŠTORTA (from </strong>11 am to 1 pm, gathering point at the Fornače bus station, Piran) as an introduction and preparation for the exhibition by <strong>Marjetica Potrč entitled </strong><em><strong>VODA IN ZEMLJA (Water and Earth), which will open on 17 December 2022</strong></em><strong> in the Piran Town Gallery</strong>. The walk is organised by Abakkum Zavod za krajino, kulturo in umetnost Piran with the support of the Piran Coastal Galleries.<br />
After the walk, the programme will continue in the evening in the<strong> Herman Pečarič Gallery, where at 7 pm the opening of the</strong> <strong>PIRANESI 30: 30 LET REVIJE PIRANESI exhibition </strong>will take place. The exhibition organised by the Piranesi Foundation in collaboration with the Piran Coastal Galleries will be open until 20 January 2023.<a href="https://www.obalne-galerije.si/en/39th-international-architectural-conference-piran-days-of-architecture/" data-saferedirecturl="https://www.google.com/url?q=https://www.obalne-galerije.si/en/39th-international-architectural-conference-piran-days-of-architecture/&amp;source=gmail&amp;ust=1667902209081000&amp;usg=AOvVaw2swqQzk3cbd-EhDzjxu1i8"> </a><a href="https://www.obalne-galerije.si/en/39th-international-architectural-conference-piran-days-of-architecture/" data-saferedirecturl="https://www.google.com/url?q=https://www.obalne-galerije.si/en/39th-international-architectural-conference-piran-days-of-architecture/&amp;source=gmail&amp;ust=1667902209081000&amp;usg=AOvVaw2swqQzk3cbd-EhDzjxu1i8">More info at…</a></p>
<p style="font-weight: 400;">The third symposium sculpture, created by the Italian sculptor <strong>ALBERTO SCODRO</strong> at last year’s <strong>FORMA</strong> <strong>VIVA 2021</strong>, will be moved from the workshop in Seča to Izola in November. The three and a half ton stone sculpture will be placed on the green surface in Livade, the area near the new bicycle park (the asphalt pumptrack polygon), which the Municipality of Izola has dedicated to active pastime. The sculptor’s intention was to transfer one of the most beautiful scenes in the starry sky, the <strong>Milky Way</strong>, to Istrian stone. The artistic interpretation of the myth of the origins of this galaxy is malicious, as it ironically grounds the symbolism of the Greek tale.</p>
<p style="font-weight: 400;"><strong>The autumn activities of the pedagogical programme are very diverse</strong>. In addition to numerous creative workshops for kindergartens and schools, we would like to point out an interesting novelty: our <strong>custodian </strong><strong>educator Ana Papež</strong> prepared a short expert video contribution on the topic of graphics, which in the words of students is one of the more difficult things for them to grasp in the art lessons. In cooperation with a teacher and educator from the <strong>Sečovlje Primary School</strong>, <strong>Prof of fine arts Andreja Ozebek</strong>, the Piran Coastal Galleries organised a graphics workshop. Pupils learned about the three graphic techniques (of flat and letterpress print): a monotype, <em>pochoir</em>, and collage print. The purpose of the <strong>“</strong><strong>graphics lesson”</strong> is to bring graphic creation closer to all art teachers as well as students, since the film covers both the practical and theoretical parts. The video is available on the Piran Coastal Galleries website and has Slovenian and Italian subtitles to make this fun lesson available to all deaf and hard-of-hearing children and teens as well as the widest possible audience. Students can learn about concepts such as the matrix, circulation, art graphic, industrial graphic, graphic sheet, etc. They learn about what should accompany an original art graphic, that is the handmade impression which is marked by the author’s signature (the serial number of the impression in a specific series or circulation, the technique, the title of the work, the years of its creation, the author). This graphics lesson will also be an important tool in the preparation for the winter Prešernovanje OGP 2023. <a href="https://www.obalne-galerije.si/en/workshop-learning-about-the-graphic-techinque/" data-saferedirecturl="https://www.google.com/url?q=https://www.obalne-galerije.si/en/workshop-learning-about-the-graphic-techinque/&amp;source=gmail&amp;ust=1667902209081000&amp;usg=AOvVaw16794eIsI3gFvGqJ4y5Qei">More info at…</a></p>
<p style="font-weight: 400;">On Friday, 21 October 2022, the Monfort Gallery in Portorož hosted the opening of the international group exhibition entitled <strong>NEXT GENERATION</strong>. It is an important <strong>contribution of the Piran Coastal Galleries to connecting study practices of this field with the public museum-gallery space</strong>. The exhibition presents artworks of 33 young authors from <strong>eight art academies and university programmes for the visual arts in Venice, Ljubljana, Vienna, and Koper</strong>. The project, which was accompanied by a two-day international symposium entitled <strong>NOVI HORIZONTI: GENERACIJE, UMETNOST IN TEME PRIHODNOSTI (New horizons: Generations, art, and topics of the future)</strong>, was conceived as a collective <strong>moment of meeting, gathering, and confronting an international group of professors, assistants, artists, and students who participated at the </strong>Monfort<strong> Gallery in Portorož between 20 and 22 October 2022. The exhibition will be open there until 30 December 2022. </strong><a href="http://www.obalne-galerije.si/en/next-generation-group-exhibition/" data-saferedirecturl="https://www.google.com/url?q=http://www.obalne-galerije.si/en/next-generation-group-exhibition/&amp;source=gmail&amp;ust=1667902209081000&amp;usg=AOvVaw21D8iyHsno7cLdcAqdKaMt">More info at…</a></p>
<p style="font-weight: 400;"><strong> </strong></p>
<p style="font-weight: 400;">You are warmly invited to visit the exhibitions currently running in Koper. Until 15 November 2022 you can visit the exhibition of the perspective artist <strong>LARA JERANKO MARCONI</strong> entitled <strong>NOREC (Lunatic)</strong> at the Loža Gallery. At the Meduza Gallery in Koper you can visit the exhibition of the fourth edition of the <strong>SPEKULA 22 </strong>manifesto until the end of the year. It presents works (installations, photography, video, paintings) of the artists ŽIGA KARIŽ, VIKTOR BERNIK, IGOR ANDJELIĆ, and LEON ZUODAR. <a href="https://www.obalne-galerije.si/en/spekula/" data-saferedirecturl="https://www.google.com/url?q=https://www.obalne-galerije.si/en/spekula/&amp;source=gmail&amp;ust=1667902209081000&amp;usg=AOvVaw3lShhobJVN6x-_h-aYAsWo">More info at…</a></p>
<p style="font-weight: 400;"><strong> </strong></p>
<p style="font-weight: 400;">We look forward to seeing you!</p>
<p>
</div></div></div></div></div></section>
