{"id":16060,"date":"2022-10-06T15:21:19","date_gmt":"2022-10-06T13:21:19","guid":{"rendered":"https:\/\/www.obalne-galerije.si\/?post_type=monthly_overview&#038;p=16060"},"modified":"2022-10-08T09:45:36","modified_gmt":"2022-10-08T07:45:36","slug":"october-program-2022","status":"publish","type":"monthly_overview","link":"https:\/\/www.obalne-galerije.si\/en\/monthly_overview\/october-program-2022\/","title":{"rendered":"October Program 2022"},"content":{"rendered":"<section class=\"kc-elm kc-css-253341 kc_row\"><div class=\"kc-row-container  kc-container\"><div class=\"kc-wrap-columns\"><div class=\"kc-elm kc-css-25550 kc_col-sm-12 kc_column kc_col-sm-12\"><div class=\"kc-col-container\"><div class=\"kc-elm kc-css-368434\" style=\"height: 20px; clear: both; width:100%;\"><\/div><div class=\"kc-elm kc-css-905184 kc_text_block\"><\/p>\n<p style=\"font-weight: 400;\">The two new exhibitions and other projects of the Piran Coastal Galleries in October are primarily devoted to the young generation of visual artists. Just like many this year\u2019s events, they were created in collaboration with other institutions at home and abroad.<\/p>\n<p style=\"font-weight: 400;\">The first in the series of events was virtual and was carried out on\u00a0<strong>4 October 2022 at 5 pm<\/strong>\u00a0on the Twitter platform of\u00a0<strong>Museo Madre from Naples<\/strong>\u00a0(Italy). The\u00a0<strong>HSD SHOW CASE<\/strong>\u00a0performative event by the Italian artist\u00a0<strong>FRANCESCO BERTELE<\/strong>\u00a0(1978), the winner of the ITALIAN COUNCIL 2018 \u2013 4<sup>th<\/sup>\u00a0Edition award, lasted for two hours in the presence of art critics, museum directors, researchers, and artists. The project dedicated to the observation of digital technologies and their omnipresence in the form of the new visual regime, which strongly influences the formation and transformation of social imagination, was conceived in 2019\u00a0in cooperation with the Piran Coastal Galleries and with the support of the Italian Council, the Directorate-General for Contemporary Art and Architecture and Urban Peripheries DGAAP, and the Ministry of Culture of the Republic of Italy.<\/p>\n<p style=\"font-weight: 400;\">In recent years, our intense collaboration with schools has been expanded to the cooperation with the Faculty of Education of the University of Primorska (UP PEF), primarily with the Visual Arts and Design (VUO) programme. Ahead is the new, fourth edition of the joint project, the\u00a0<strong>SPEKULA 2022\u00a0<\/strong>manifesto. The main exhibition entitled\u00a0<strong>IN THE MIDDLE, OFF\u00a0\u2013\u00a0V vmesnem pogledu \/ Nella visione intermezza<\/strong>\u00a0will take place in the Meduza Gallery in Koper. As can be discerned from the title, it is about having an ear for the nature of the visible, perception and depiction of ideas through the archetype of pre-set patterns of social growth.\u00a0It will present four artists:\u00a0<strong>\u017dIGA KARI\u017d, VIKTOR BERNIK, IGOR ANDJELI\u0106<\/strong>, and<strong>\u00a0LEON ZUODAR<\/strong>. The opening will take place\u00a0<strong>on Thursday, 13 October 2022 at 6 pm<\/strong>, and the exhibition will be open\u00a0<strong>until 30 December 2022<\/strong>. It will be accompanied by various events dealing with current issues and findings in art trends that will take place in the Meduza Gallery and at other locations.\u00a0<a href=\"https:\/\/www.obalne-galerije.si\/en\/spekula\/\" data-saferedirecturl=\"https:\/\/www.google.com\/url?q=https:\/\/www.obalne-galerije.si\/en\/spekula\/&amp;source=gmail&amp;ust=1665146260264000&amp;usg=AOvVaw1KmCRYIBBFAxLXvjr05EZ0\">More info at\u2026<\/a><\/p>\n<p style=\"font-weight: 400;\"><strong>On Friday,\u00a021 October 2022, at 6 pm in the Monfort Gallery in Portoro\u017e, the NEXT GENERATION exhibition opening<\/strong>\u00a0will take place which is intended for young artists and students from the\u00a0<strong>seven art academies and university programmes for visual art (Venice, Vienna,<\/strong><strong>\u00a0<\/strong><strong>Ljubljana and Koper)<\/strong>. The project was intended as a\u00a0<strong>collective moment of gathering and confrontation by an international group 13 of artists, professors, and 33 students<\/strong>. With this initiative, the Piran Coastal Galleries strive to open its doors to internationally renowned educational institutions from the field of fine arts. Simultaneously, this offers an opportunity for experts, the public, and young artists to acquaint themselves with the museum-gallery environment and participate in it through practical and experimental work.\u00a0<strong>The exhibition\u2019s goal is to enable for the wider public an insight into the thinking of the coming generation of authors who are presently still exploring their own expression in the distinct media multifacetedness and wondering about the meaning of art practices in the present turbulent period in an unencumbered way.<\/strong><\/p>\n<p style=\"font-weight: 400;\"><strong>Students<\/strong>: Yirui Fang, Alberto Favaro, Alexandrina Godrogea (<strong>Accademia di Belle Arti di Venezia \u2013 ABBA, Venice<\/strong>); Lorenzo Ercoli, Giacomo Furlan, Moreno Hebling, Alice Mestriner, Ahad Moslemi, Filippo Perfetti, Noemi Restani, Elena Roccaro (<strong>Universit\u00e0 Iuav di Venezia, Arti Visive e Moda, Iuav,\u00a0 Venice<\/strong>); GORGON URBAN, Sebastian\u00a0Konzett (<strong>Accademy of Fine Arts Vienna \u2500 AFAV, Vienna<\/strong>); Aliya Daveltova, Marlene Mautner, Daniela Weiss \/ Litto \/ The System Collective (<strong>Universit\u00e4t f\u00fcr angewandte Kunst Wien \u2500 UAG, Vienna<\/strong>);\u00a0Katarina Cenci\u010d, Nina Tovornik, \u0160pela \u0160edivy (<strong>Univerza v Ljubljani, Akademija za likovno umetnost in oblikovanje \u2500 ALUO, Ljubljana<\/strong>);\u00a0Iva Gregorin Suhadolnik, Marija Klun, Hannah Koselj, Jaka Komac, Sanja Vati\u0107 (<strong>AVA \u2013 Academy of Visual Arts, Ljubljana<\/strong>); Karmen Bradovent, Ana \u0160eruga,\u00a0Ana Juz\u030cnic\u030c, Klara Rus, Uro\u0161 Kumer, Nika Oblak,\u00a0Petja \u0160krubej, Maja Brus, Andrijana Vesovska\u00a0(<strong>Univerza na Primorskem, Pedago\u0161ka fakulteta, Vizualne umetnosti in oblikovanje<\/strong>\u00a0<strong>\u00a0\u2013 UP PEF VUO, Koper).\u00a0<\/strong><\/p>\n<p style=\"font-weight: 400;\"><strong>Selectors<\/strong>: Director Prof Riccardo Caldura, Prof Nemanja Cvijanovi\u0107 (<strong>ABBA, Venice<\/strong>); Assist Prof Alessandra Messali, Prof Antoni Muntadas (<strong>Iuav, Venice<\/strong>); Prof Dr Marina Gr\u017eini\u0107 (<strong>AFAV, Vienna<\/strong>); Prof Dr Margarete Jahrmann (<strong>UAG, Vienna<\/strong>); prof Jo\u017ee Bar\u0161i, Assist Prof\u00a0MSc\u00a0Metod Frlic, Prof Alen O\u017ebolt (<strong>ALUO, Ljubljana<\/strong>); Assist Prof and Dean Pepi Sekulich, Assoc Prof and Vice-Dean Miran Mohar (<strong>AVA, Ljubljana<\/strong>); Assoc Prof Dr Tilen \u017dbona (<strong>UP PEF VUO, Koper<\/strong>).<\/p>\n<p style=\"font-weight: 400;\">The authors were selected based on the so-called\u00a0<em>professor&#8217;s choice<\/em>\u00a0or are selected by international selectors and professors, who made their choice within university and academia programmes for contemporary art. The exhibition is a production of the Piran Coastal Galleries and the international coordination of the researcher and artist Corinne Mazzoli<strong>.<\/strong>\u00a0<a href=\"https:\/\/www.obalne-galerije.si\/en\/next-generation-group-exhibition\/\" data-saferedirecturl=\"https:\/\/www.google.com\/url?q=https:\/\/www.obalne-galerije.si\/en\/next-generation-group-exhibition\/&amp;source=gmail&amp;ust=1665146260265000&amp;usg=AOvVaw34t9zT2fWEE-qmXxceDyI9\">More info at\u2026<\/a><\/p>\n<p style=\"font-weight: 400;\">The accompanying programme to the exhibition includes the\u00a0<strong>NEW HORIZONS: GENERATIONS, ART AND TOPICS OF THE FUTURE\u00a0<\/strong>international symposium, which will be held\u00a0<strong>on Friday, 21 October 2022, and on Saturday, 22 October 2022 in the Monfort Gallery.\u00a0<\/strong>It is organised by the\u00a0<strong>Association for Culture and Education PiNA<\/strong>\u00a0and is the result of strategic collaboration between the society and the Piran Coastal Galleries. The program will be published later.<\/p>\n<p style=\"font-weight: 400;\">In October, the famous\u00a0<strong>kiosk K67<\/strong>, kept by the Piran Coastal Galleries, and which is, in cooperation with the City Municipality of Koper, temporarily placed at Ukmarjev trg in Koper, will be filled with a new, for the cult object unusual content of the\u00a0<strong>TUNE INTO TIDES<\/strong>\u00a0residence programme. In the two-week art residence in the kiosk, the sound artist\u00a0<strong>TARIK HASKI\u0106\u00a0<\/strong>(1994, Koper) will design a series of partial sound partitures and create a public listening space in the process of conducting research with them.The curator of the project, which will conclude with a performance in the kiosk\u00a0<strong>on Saturday, 29 October 2022<\/strong>, is Assist Prof Dr\u00a0<strong>Bo\u0161tjan Bugari\u010d<\/strong>, an architect and assistant professor at the\u00a0<strong>Faculty of Education (VUO) of the University of Primorska,<\/strong>\u00a0with which we are again collaborating on this occasion.\u00a0<a href=\"https:\/\/www.obalne-galerije.si\/en\/next-generation-group-exhibition\/\" data-saferedirecturl=\"https:\/\/www.google.com\/url?q=https:\/\/www.obalne-galerije.si\/en\/next-generation-group-exhibition\/&amp;source=gmail&amp;ust=1665146260265000&amp;usg=AOvVaw34t9zT2fWEE-qmXxceDyI9\">More info at\u2026<\/a><\/p>\n<p style=\"font-weight: 400;\">In addition to these new events, we would also like to invite you to visit the running exhibitions connected to the\u00a0<strong>EX-TEMPORE PIRAN 2022<\/strong>.<\/p>\n<p style=\"font-weight: 400;\">Due to great interest and a two-week closure of the City Gallery for the filming event in Piran, the exhibition of selected and awarded works of the\u00a0<strong>VLII. INTERNATIONAL PAINTING EX-TEMPORE in the City Gallery has been extended to 30 November 2022.\u00a0<\/strong>The exhibition of the last year\u2019s young awardee\u00a0<strong>KLAVDIJA JER\u0160INOVEC<\/strong>\u00a0is open in the<strong>\u00a0Herman Pe\u010dari\u010d Gallery in Piran until the end of October.<\/strong><\/p>\n<p style=\"font-weight: 400;\">We look forward to the upcoming events and seeing you there!<\/p>\n<p>\n<\/div><\/div><\/div><\/div><\/div><\/section>\n","protected":false},"featured_media":16055,"template":"","class_list":["post-16060","monthly_overview","type-monthly_overview","status-publish","has-post-thumbnail","hentry"],"acf":[],"_links":{"self":[{"href":"https:\/\/www.obalne-galerije.si\/en\/wp-json\/wp\/v2\/monthly_overview\/16060","targetHints":{"allow":["GET"]}}],"collection":[{"href":"https:\/\/www.obalne-galerije.si\/en\/wp-json\/wp\/v2\/monthly_overview"}],"about":[{"href":"https:\/\/www.obalne-galerije.si\/en\/wp-json\/wp\/v2\/types\/monthly_overview"}],"wp:featuredmedia":[{"embeddable":true,"href":"https:\/\/www.obalne-galerije.si\/en\/wp-json\/wp\/v2\/media\/16055"}],"wp:attachment":[{"href":"https:\/\/www.obalne-galerije.si\/en\/wp-json\/wp\/v2\/media?parent=16060"}],"curies":[{"name":"wp","href":"https:\/\/api.w.org\/{rel}","templated":true}]}}

<section class="kc-elm kc-css-253341 kc_row"><div class="kc-row-container  kc-container"><div class="kc-wrap-columns"><div class="kc-elm kc-css-25550 kc_col-sm-12 kc_column kc_col-sm-12"><div class="kc-col-container"><div class="kc-elm kc-css-368434" style="height: 20px; clear: both; width:100%;"></div><div class="kc-elm kc-css-905184 kc_text_block"></p>
<p style="font-weight: 400;">The two new exhibitions and other projects of the Piran Coastal Galleries in October are primarily devoted to the young generation of visual artists. Just like many this year’s events, they were created in collaboration with other institutions at home and abroad.</p>
<p style="font-weight: 400;">The first in the series of events was virtual and was carried out on <strong>4 October 2022 at 5 pm</strong> on the Twitter platform of <strong>Museo Madre from Naples</strong> (Italy). The <strong>HSD SHOW CASE</strong> performative event by the Italian artist <strong>FRANCESCO BERTELE</strong> (1978), the winner of the ITALIAN COUNCIL 2018 – 4<sup>th</sup> Edition award, lasted for two hours in the presence of art critics, museum directors, researchers, and artists. The project dedicated to the observation of digital technologies and their omnipresence in the form of the new visual regime, which strongly influences the formation and transformation of social imagination, was conceived in 2019 in cooperation with the Piran Coastal Galleries and with the support of the Italian Council, the Directorate-General for Contemporary Art and Architecture and Urban Peripheries DGAAP, and the Ministry of Culture of the Republic of Italy.</p>
<p style="font-weight: 400;">In recent years, our intense collaboration with schools has been expanded to the cooperation with the Faculty of Education of the University of Primorska (UP PEF), primarily with the Visual Arts and Design (VUO) programme. Ahead is the new, fourth edition of the joint project, the <strong>SPEKULA 2022 </strong>manifesto. The main exhibition entitled <strong>IN THE MIDDLE, OFF – V vmesnem pogledu / Nella visione intermezza</strong> will take place in the Meduza Gallery in Koper. As can be discerned from the title, it is about having an ear for the nature of the visible, perception and depiction of ideas through the archetype of pre-set patterns of social growth. It will present four artists: <strong>ŽIGA KARIŽ, VIKTOR BERNIK, IGOR ANDJELIĆ</strong>, and<strong> LEON ZUODAR</strong>. The opening will take place <strong>on Thursday, 13 October 2022 at 6 pm</strong>, and the exhibition will be open <strong>until 30 December 2022</strong>. It will be accompanied by various events dealing with current issues and findings in art trends that will take place in the Meduza Gallery and at other locations. <a href="https://www.obalne-galerije.si/en/spekula/" data-saferedirecturl="https://www.google.com/url?q=https://www.obalne-galerije.si/en/spekula/&amp;source=gmail&amp;ust=1665146260264000&amp;usg=AOvVaw1KmCRYIBBFAxLXvjr05EZ0">More info at…</a></p>
<p style="font-weight: 400;"><strong>On Friday, 21 October 2022, at 6 pm in the Monfort Gallery in Portorož, the NEXT GENERATION exhibition opening</strong> will take place which is intended for young artists and students from the <strong>seven art academies and university programmes for visual art (Venice, Vienna,</strong><strong> </strong><strong>Ljubljana and Koper)</strong>. The project was intended as a <strong>collective moment of gathering and confrontation by an international group 13 of artists, professors, and 33 students</strong>. With this initiative, the Piran Coastal Galleries strive to open its doors to internationally renowned educational institutions from the field of fine arts. Simultaneously, this offers an opportunity for experts, the public, and young artists to acquaint themselves with the museum-gallery environment and participate in it through practical and experimental work. <strong>The exhibition’s goal is to enable for the wider public an insight into the thinking of the coming generation of authors who are presently still exploring their own expression in the distinct media multifacetedness and wondering about the meaning of art practices in the present turbulent period in an unencumbered way.</strong></p>
<p style="font-weight: 400;"><strong>Students</strong>: Yirui Fang, Alberto Favaro, Alexandrina Godrogea (<strong>Accademia di Belle Arti di Venezia – ABBA, Venice</strong>); Lorenzo Ercoli, Giacomo Furlan, Moreno Hebling, Alice Mestriner, Ahad Moslemi, Filippo Perfetti, Noemi Restani, Elena Roccaro (<strong>Università Iuav di Venezia, Arti Visive e Moda, Iuav,  Venice</strong>); GORGON URBAN, Sebastian Konzett (<strong>Accademy of Fine Arts Vienna ─ AFAV, Vienna</strong>); Aliya Daveltova, Marlene Mautner, Daniela Weiss / Litto / The System Collective (<strong>Universität für angewandte Kunst Wien ─ UAG, Vienna</strong>); Katarina Cencič, Nina Tovornik, Špela Šedivy (<strong>Univerza v Ljubljani, Akademija za likovno umetnost in oblikovanje ─ ALUO, Ljubljana</strong>); Iva Gregorin Suhadolnik, Marija Klun, Hannah Koselj, Jaka Komac, Sanja Vatić (<strong>AVA – Academy of Visual Arts, Ljubljana</strong>); Karmen Bradovent, Ana Šeruga, Ana Južnič, Klara Rus, Uroš Kumer, Nika Oblak, Petja Škrubej, Maja Brus, Andrijana Vesovska (<strong>Univerza na Primorskem, Pedagoška fakulteta, Vizualne umetnosti in oblikovanje</strong> <strong> – UP PEF VUO, Koper). </strong></p>
<p style="font-weight: 400;"><strong>Selectors</strong>: Director Prof Riccardo Caldura, Prof Nemanja Cvijanović (<strong>ABBA, Venice</strong>); Assist Prof Alessandra Messali, Prof Antoni Muntadas (<strong>Iuav, Venice</strong>); Prof Dr Marina Gržinić (<strong>AFAV, Vienna</strong>); Prof Dr Margarete Jahrmann (<strong>UAG, Vienna</strong>); prof Jože Barši, Assist Prof MSc Metod Frlic, Prof Alen Ožbolt (<strong>ALUO, Ljubljana</strong>); Assist Prof and Dean Pepi Sekulich, Assoc Prof and Vice-Dean Miran Mohar (<strong>AVA, Ljubljana</strong>); Assoc Prof Dr Tilen Žbona (<strong>UP PEF VUO, Koper</strong>).</p>
<p style="font-weight: 400;">The authors were selected based on the so-called <em>professor&#8217;s choice</em> or are selected by international selectors and professors, who made their choice within university and academia programmes for contemporary art. The exhibition is a production of the Piran Coastal Galleries and the international coordination of the researcher and artist Corinne Mazzoli<strong>.</strong> <a href="https://www.obalne-galerije.si/en/next-generation-group-exhibition/" data-saferedirecturl="https://www.google.com/url?q=https://www.obalne-galerije.si/en/next-generation-group-exhibition/&amp;source=gmail&amp;ust=1665146260265000&amp;usg=AOvVaw34t9zT2fWEE-qmXxceDyI9">More info at…</a></p>
<p style="font-weight: 400;">The accompanying programme to the exhibition includes the <strong>NEW HORIZONS: GENERATIONS, ART AND TOPICS OF THE FUTURE </strong>international symposium, which will be held <strong>on Friday, 21 October 2022, and on Saturday, 22 October 2022 in the Monfort Gallery. </strong>It is organised by the <strong>Association for Culture and Education PiNA</strong> and is the result of strategic collaboration between the society and the Piran Coastal Galleries. The program will be published later.</p>
<p style="font-weight: 400;">In October, the famous <strong>kiosk K67</strong>, kept by the Piran Coastal Galleries, and which is, in cooperation with the City Municipality of Koper, temporarily placed at Ukmarjev trg in Koper, will be filled with a new, for the cult object unusual content of the <strong>TUNE INTO TIDES</strong> residence programme. In the two-week art residence in the kiosk, the sound artist <strong>TARIK HASKIĆ </strong>(1994, Koper) will design a series of partial sound partitures and create a public listening space in the process of conducting research with them.The curator of the project, which will conclude with a performance in the kiosk <strong>on Saturday, 29 October 2022</strong>, is Assist Prof Dr <strong>Boštjan Bugarič</strong>, an architect and assistant professor at the <strong>Faculty of Education (VUO) of the University of Primorska,</strong> with which we are again collaborating on this occasion. <a href="https://www.obalne-galerije.si/en/next-generation-group-exhibition/" data-saferedirecturl="https://www.google.com/url?q=https://www.obalne-galerije.si/en/next-generation-group-exhibition/&amp;source=gmail&amp;ust=1665146260265000&amp;usg=AOvVaw34t9zT2fWEE-qmXxceDyI9">More info at…</a></p>
<p style="font-weight: 400;">In addition to these new events, we would also like to invite you to visit the running exhibitions connected to the <strong>EX-TEMPORE PIRAN 2022</strong>.</p>
<p style="font-weight: 400;">Due to great interest and a two-week closure of the City Gallery for the filming event in Piran, the exhibition of selected and awarded works of the <strong>VLII. INTERNATIONAL PAINTING EX-TEMPORE in the City Gallery has been extended to 30 November 2022. </strong>The exhibition of the last year’s young awardee <strong>KLAVDIJA JERŠINOVEC</strong> is open in the<strong> Herman Pečarič Gallery in Piran until the end of October.</strong></p>
<p style="font-weight: 400;">We look forward to the upcoming events and seeing you there!</p>
<p>
</div></div></div></div></div></section>
