{"id":15179,"date":"2022-07-27T15:08:47","date_gmt":"2022-07-27T13:08:47","guid":{"rendered":"https:\/\/www.obalne-galerije.si\/?post_type=monthly_overview&#038;p=15179"},"modified":"2022-07-27T15:09:08","modified_gmt":"2022-07-27T13:09:08","slug":"august-program-2022","status":"publish","type":"monthly_overview","link":"https:\/\/www.obalne-galerije.si\/en\/monthly_overview\/august-program-2022\/","title":{"rendered":"August Program 2022"},"content":{"rendered":"<section class=\"kc-elm kc-css-725894 kc_row\"><div class=\"kc-row-container  kc-container\"><div class=\"kc-wrap-columns\"><div class=\"kc-elm kc-css-915779 kc_col-sm-12 kc_column kc_col-sm-12\"><div class=\"kc-col-container\"><div class=\"kc-elm kc-css-795515\" style=\"height: 20px; clear: both; width:100%;\"><\/div><div class=\"kc-elm kc_text_block\"><\/p>\n<p><strong>The peak of this year\u2019s summer season will be diverse<\/strong>, <strong>internationally<\/strong> and <strong>locally oriented<\/strong> as well as <strong>playful and fun<\/strong>. In the second half of August, the <strong>Piran Coastal Galleries will introduce themselves in Norway with a big international exhibition<\/strong>, while at the end of summer, Piran will see a <strong>rich cultural programme of the traditional EX-TEMPORE PIRAN<\/strong>, which has been running in this picturesque town uninterruptedly for more than half a century.<\/p>\n<p>Until the end of August, in Piran you can visit two popular exhibits: <strong>PANORAMA:<\/strong><strong> A<\/strong> <strong>selection from the art fond of the Piran Coastal Galleries<\/strong> in the Piran Town Gallery (<strong>until 21 August 2022<\/strong>) and <strong>NA DRUGI STRANI\/ON THE OTHER SIDE by DANIELA DANICA TEPE\u0160<\/strong> in the Monfort Gallery in Portoro\u017e (<strong>until 21 August 2022<\/strong>).<\/p>\n<p>As announced, a special place in this year\u2019s exhibition programme is occupied by the international group exhibition with the suggestive title <strong>(EVERYTHING IS) NOT WHAT IT SEEMS (NE TAKO, KOT SE ZDI)<\/strong>, which will be hosted by the <strong>NITJA Centre for Contemporary Art, Lillestr\u00f8m\/Oslo<\/strong> from 20 August to 25 September 2022.<br \/>The project is a co-production of <strong>NITJA (Centre for Contemporary Art) from Norway,<\/strong> the <strong>renowned<\/strong><strong> Arts Council Norway institution<\/strong>, and the<strong> Piran Coastal Galleries<\/strong>. At the invitation of the NITJA centre, the exhibition was conceived and designed by a visiting curator <strong>Mara Ambro\u017ei\u010d Verderber<\/strong>, the director of the Piran Coastal Galleries. It includes a selection of artworks of sixteen international artists established on the world art scene: <strong>Primo\u017e Bizjak <\/strong>(Slovenia),<strong> Vincent Ceraudo <\/strong>(France),<strong> Nemanja Cvijanovi\u0107 <\/strong>(Croatia),<strong> Andrea Fraser <\/strong>(USA),<strong> Meta Grgurevic\u030c <\/strong>(Slovenia),<strong> Anawana Haloba <\/strong>(Zambia\/Norway), <strong>Einat Cohen <\/strong>(Israel),<strong> Corinne Mazzoli <\/strong>(Italy), <strong>Ane Mette Hol <\/strong>(Norway),<strong> Emil Memon <\/strong>(Slovenia\/USA), <strong>Hanna Filomen Mj\u00e5vatn <\/strong>(Norway) &amp; <strong>Kira Senkpiel <\/strong>(Germany),<strong> Nika Neelova <\/strong>(Great Britain),<strong> Kathryn Smith <\/strong>(South Africa), <strong>Andrej S\u030ckufca <\/strong>(Slovenia),<strong> Lu\u010dka \u0160parovec <\/strong>(Slovenia), and<strong> Robert Watts <\/strong>(USA). The concept of the exhibition revolves around questions and themes that study what is happening on the other side of the visible reality of things. It will present works comprising everything from new technologies to high-tech sculptures, and from kinetics to film and photography, and offer the spectator an experience that is scientific, witty, beautiful, and accessible to the wider public at the same time. The exhibition includes a series of artworks <strong>from the public art collection of the Piran Coastal Galleries<\/strong> and other collections (UGM Maribor, Noire Foundation Turin, the NGH Collection, Menge\u0161, and others). Next year, the exhibition will also be hosted by the Piran Coastal Galleries. <a href=\"about:blank\">For more info click here\u2026<\/a><\/p>\n<p>&nbsp;<\/p>\n<p>The popular international painting event will this year see its 57th edition, which will take place in the week <strong>from 27 August 2022 to 3 August 2022. <\/strong>During the week, several accompanying events will be happening, among which the opening of the personal exhibition of <strong>KLAVDIJA JER\u0160INOVEC in the Herman Pe\u010dari\u010d Gallery on Friday, 26 August 2022 at 8 pm<\/strong>, stands out. Last year, this artist was awarded by the expert jury for the best artwork by a young artist. The exhibition will feature works created recently. <a href=\"about:blank\">More at&#8230;<\/a><\/p>\n<p>&nbsp;<\/p>\n<p>As every year, the Giuseppe Tartini Piran Community of Italians organises a special cultural event during the EX-TEMPORE week. On <strong>Thursday, 1 September 2022, at 7 pm<\/strong>, a guided tour of the exhibition and a meeting with members of the pottery group, which is <strong>led by<\/strong> <strong>Apolonija Kreja\u010di\u010d<\/strong>, will be held at the Tartini House.<\/p>\n<p><strong>In the Piran Town Gallery on Thursday, 1 September 2022 at 8 pm<\/strong>, an interesting dance performance by <strong>MATEJA<\/strong> <strong>BU\u010cAR<\/strong> entitled <strong>PARQUET BALL \/ NAD PARKETOM <\/strong>will follow. Other participants include <strong>Vadim Fi\u0161kin<\/strong> (visual image), <strong>Kristina Aleksova &amp; Tina Valentan<\/strong> (movement, dance, co-creation), <strong>Borut Savski<\/strong> (sound), and <strong>Jaka \u0160imenc<\/strong> (light). The performance will take placein collaboration with <strong>D<\/strong><strong>UM &#8211; <\/strong><strong>dru\u0161tvo umetnikov<\/strong> and the <strong>Maska Institute<\/strong>. The project is supported by the Municipality of Ljubljana, Department of Culture.<\/p>\n<p>&nbsp;<\/p>\n<p>Ex-tempore Piran also invites young artists. In addition to the <strong>CHILDREN\u2019S EX-TEMPORE<\/strong>, which will be carried out for different ages at <strong>Tartini Square in Piran on Thursday, 1 September 2022, from 9 am to 1 pm<\/strong>, this year will see two additional children\u2019s workshops: PAINTING ON THE FLOOR and DRAWING WITH \u201cPOSCA\u201d MARKERS, which will take place on Tuesday, 30 August 2022, and Wednesday, 31 August 2022, between 10 am and 1 pm in the Monfort Gallery in Portoro\u017e. For more information, please contact <a href=\"about:blank\">info@obalne-galerije.si<\/a>.<\/p>\n<p>The international jury of <strong>EX-TEMPORE PIRAN 2022 <\/strong>will meet in the Monfort Gallery, on Friday, 2 September 2022, where they will judge the submitted artworks, select pieces for the exhibition, and award the majority of awards. This year\u2019s jury members are: <strong>Riccardo Caldura<\/strong>, the director of the Accademia di Belle Arti di Venezia (Italy), <strong>Vadim Fi\u0161kin<\/strong>, artist, scientist, visiting professor at the Kunstuniversit\u00e4t (2006\u20132007) in Linz, and a professor at the Karlsruhe University of Arts and Design between 2012\u20132018\u00a0(Slovenia), and <strong>Jerica Ziherl<\/strong>, and art historian and the director\/custodian of the Lapidarium Museum in Novigrad (Croatia). <strong>EX-TEMPORE PIRAN 2022 <\/strong>will conclude with the <strong>reception of the awardees in Art Hotel Tartini at 7 pm <\/strong>and the award ceremony on <strong>Saturday, 3 September 2022, at 8 pm at Tartini Square in Piran<\/strong>, which will this year be <strong>hosted by journalist and TV presenter<\/strong> <strong>KARIN SABADIN<\/strong>. During the ceremony and into the late hours we will be entertained by the bossa-pop sounds of the <strong>XAZZ (Xequtifz Jazz) ensemble,<\/strong> accompanied by the vocals of the singer <strong>Aleksandra \u010cermelj <\/strong>from Primorska.<br \/>The exhibition of selected and awarded works will be held in the <strong>Piran Town Gallery from 3 September to 2 October 2022, <\/strong>and later in<strong> the Monfort Gallery in Portoro\u017e from 3 September to 9 October 2022<\/strong>. <a href=\"about:blank\">More info at&#8230; <\/a><\/p>\n<p><strong>In the Lo\u017ea Gallery in Koper<\/strong>, an original group photo exhibition entitled<strong> TELO KOT NA\u010cIN GLEDANJA<\/strong> (<strong>THE BODY AS A WAY OF SEEING) <\/strong>runs until <strong>11 September 2022. <\/strong>The selection of authors strives to portray with the works of artists, who differ in age, sex, time frame, and interests, a multi-layered discussion of the human body in art. This interesting and attractive theme is an invitation to a guided tour, given by the curator <strong>HANA \u010cEFERIN, on Thursday, 11 August 2022 at 6 pm in the Lo\u017ea Gallery<\/strong>.<\/p>\n<p><strong>Until 30 September 2022, the Meduza Gallery<\/strong> is displaying a <strong>light-sound installation KOZMI\u010cNI DE\u017d<\/strong> <strong>(COSMIC RAIN)<\/strong> by <strong>TILEN SEPI\u010c<\/strong>. The installation deals with and materialises muons, particles insusceptible to humans which are created in the upper layers of the atmosphere upon the impact of cosmic rays from space. At any moment, they transverse through our bodies, large natural masses, and human infrastructure, while they mostly decay in the depths of the earth. <a href=\"about:blank\">More\u2026<\/a><\/p>\n<p>The autumn cycle of exhibitions starts with an independent exhibition of the increasingly established artist from Primorska, <strong>LARA JERANKO MARCONI,<\/strong> entitled <strong>NOREC (A LUNATIC)<\/strong>, which will open on <strong>16 September 2022, at 7 pm, in the Lo\u017ea Gallery in Koper<\/strong>. You can read more about the event in the preview of events for September.<\/p>\n<p>We look forward to seeing you!<\/p>\n<p>\n<\/div><div class=\"kc-elm kc-css-988010\" style=\"height: 50px; clear: both; width:100%;\"><\/div><\/div><\/div><\/div><\/div><\/section>\n","protected":false},"featured_media":15180,"template":"","class_list":["post-15179","monthly_overview","type-monthly_overview","status-publish","has-post-thumbnail","hentry"],"acf":[],"_links":{"self":[{"href":"https:\/\/www.obalne-galerije.si\/en\/wp-json\/wp\/v2\/monthly_overview\/15179","targetHints":{"allow":["GET"]}}],"collection":[{"href":"https:\/\/www.obalne-galerije.si\/en\/wp-json\/wp\/v2\/monthly_overview"}],"about":[{"href":"https:\/\/www.obalne-galerije.si\/en\/wp-json\/wp\/v2\/types\/monthly_overview"}],"wp:featuredmedia":[{"embeddable":true,"href":"https:\/\/www.obalne-galerije.si\/en\/wp-json\/wp\/v2\/media\/15180"}],"wp:attachment":[{"href":"https:\/\/www.obalne-galerije.si\/en\/wp-json\/wp\/v2\/media?parent=15179"}],"curies":[{"name":"wp","href":"https:\/\/api.w.org\/{rel}","templated":true}]}}

<section class="kc-elm kc-css-725894 kc_row"><div class="kc-row-container  kc-container"><div class="kc-wrap-columns"><div class="kc-elm kc-css-915779 kc_col-sm-12 kc_column kc_col-sm-12"><div class="kc-col-container"><div class="kc-elm kc-css-795515" style="height: 20px; clear: both; width:100%;"></div><div class="kc-elm kc_text_block"></p>
<p><strong>The peak of this year’s summer season will be diverse</strong>, <strong>internationally</strong> and <strong>locally oriented</strong> as well as <strong>playful and fun</strong>. In the second half of August, the <strong>Piran Coastal Galleries will introduce themselves in Norway with a big international exhibition</strong>, while at the end of summer, Piran will see a <strong>rich cultural programme of the traditional EX-TEMPORE PIRAN</strong>, which has been running in this picturesque town uninterruptedly for more than half a century.</p>
<p>Until the end of August, in Piran you can visit two popular exhibits: <strong>PANORAMA:</strong><strong> A</strong> <strong>selection from the art fond of the Piran Coastal Galleries</strong> in the Piran Town Gallery (<strong>until 21 August 2022</strong>) and <strong>NA DRUGI STRANI/ON THE OTHER SIDE by DANIELA DANICA TEPEŠ</strong> in the Monfort Gallery in Portorož (<strong>until 21 August 2022</strong>).</p>
<p>As announced, a special place in this year’s exhibition programme is occupied by the international group exhibition with the suggestive title <strong>(EVERYTHING IS) NOT WHAT IT SEEMS (NE TAKO, KOT SE ZDI)</strong>, which will be hosted by the <strong>NITJA Centre for Contemporary Art, Lillestrøm/Oslo</strong> from 20 August to 25 September 2022.<br />The project is a co-production of <strong>NITJA (Centre for Contemporary Art) from Norway,</strong> the <strong>renowned</strong><strong> Arts Council Norway institution</strong>, and the<strong> Piran Coastal Galleries</strong>. At the invitation of the NITJA centre, the exhibition was conceived and designed by a visiting curator <strong>Mara Ambrožič Verderber</strong>, the director of the Piran Coastal Galleries. It includes a selection of artworks of sixteen international artists established on the world art scene: <strong>Primož Bizjak </strong>(Slovenia),<strong> Vincent Ceraudo </strong>(France),<strong> Nemanja Cvijanović </strong>(Croatia),<strong> Andrea Fraser </strong>(USA),<strong> Meta Grgurevič </strong>(Slovenia),<strong> Anawana Haloba </strong>(Zambia/Norway), <strong>Einat Cohen </strong>(Israel),<strong> Corinne Mazzoli </strong>(Italy), <strong>Ane Mette Hol </strong>(Norway),<strong> Emil Memon </strong>(Slovenia/USA), <strong>Hanna Filomen Mjåvatn </strong>(Norway) &amp; <strong>Kira Senkpiel </strong>(Germany),<strong> Nika Neelova </strong>(Great Britain),<strong> Kathryn Smith </strong>(South Africa), <strong>Andrej Škufca </strong>(Slovenia),<strong> Lučka Šparovec </strong>(Slovenia), and<strong> Robert Watts </strong>(USA). The concept of the exhibition revolves around questions and themes that study what is happening on the other side of the visible reality of things. It will present works comprising everything from new technologies to high-tech sculptures, and from kinetics to film and photography, and offer the spectator an experience that is scientific, witty, beautiful, and accessible to the wider public at the same time. The exhibition includes a series of artworks <strong>from the public art collection of the Piran Coastal Galleries</strong> and other collections (UGM Maribor, Noire Foundation Turin, the NGH Collection, Mengeš, and others). Next year, the exhibition will also be hosted by the Piran Coastal Galleries. <a href="about:blank">For more info click here…</a></p>
<p>&nbsp;</p>
<p>The popular international painting event will this year see its 57th edition, which will take place in the week <strong>from 27 August 2022 to 3 August 2022. </strong>During the week, several accompanying events will be happening, among which the opening of the personal exhibition of <strong>KLAVDIJA JERŠINOVEC in the Herman Pečarič Gallery on Friday, 26 August 2022 at 8 pm</strong>, stands out. Last year, this artist was awarded by the expert jury for the best artwork by a young artist. The exhibition will feature works created recently. <a href="about:blank">More at&#8230;</a></p>
<p>&nbsp;</p>
<p>As every year, the Giuseppe Tartini Piran Community of Italians organises a special cultural event during the EX-TEMPORE week. On <strong>Thursday, 1 September 2022, at 7 pm</strong>, a guided tour of the exhibition and a meeting with members of the pottery group, which is <strong>led by</strong> <strong>Apolonija Krejačič</strong>, will be held at the Tartini House.</p>
<p><strong>In the Piran Town Gallery on Thursday, 1 September 2022 at 8 pm</strong>, an interesting dance performance by <strong>MATEJA</strong> <strong>BUČAR</strong> entitled <strong>PARQUET BALL / NAD PARKETOM </strong>will follow. Other participants include <strong>Vadim Fiškin</strong> (visual image), <strong>Kristina Aleksova &amp; Tina Valentan</strong> (movement, dance, co-creation), <strong>Borut Savski</strong> (sound), and <strong>Jaka Šimenc</strong> (light). The performance will take placein collaboration with <strong>D</strong><strong>UM &#8211; </strong><strong>društvo umetnikov</strong> and the <strong>Maska Institute</strong>. The project is supported by the Municipality of Ljubljana, Department of Culture.</p>
<p>&nbsp;</p>
<p>Ex-tempore Piran also invites young artists. In addition to the <strong>CHILDREN’S EX-TEMPORE</strong>, which will be carried out for different ages at <strong>Tartini Square in Piran on Thursday, 1 September 2022, from 9 am to 1 pm</strong>, this year will see two additional children’s workshops: PAINTING ON THE FLOOR and DRAWING WITH “POSCA” MARKERS, which will take place on Tuesday, 30 August 2022, and Wednesday, 31 August 2022, between 10 am and 1 pm in the Monfort Gallery in Portorož. For more information, please contact <a href="about:blank">info@obalne-galerije.si</a>.</p>
<p>The international jury of <strong>EX-TEMPORE PIRAN 2022 </strong>will meet in the Monfort Gallery, on Friday, 2 September 2022, where they will judge the submitted artworks, select pieces for the exhibition, and award the majority of awards. This year’s jury members are: <strong>Riccardo Caldura</strong>, the director of the Accademia di Belle Arti di Venezia (Italy), <strong>Vadim Fiškin</strong>, artist, scientist, visiting professor at the Kunstuniversität (2006–2007) in Linz, and a professor at the Karlsruhe University of Arts and Design between 2012–2018 (Slovenia), and <strong>Jerica Ziherl</strong>, and art historian and the director/custodian of the Lapidarium Museum in Novigrad (Croatia). <strong>EX-TEMPORE PIRAN 2022 </strong>will conclude with the <strong>reception of the awardees in Art Hotel Tartini at 7 pm </strong>and the award ceremony on <strong>Saturday, 3 September 2022, at 8 pm at Tartini Square in Piran</strong>, which will this year be <strong>hosted by journalist and TV presenter</strong> <strong>KARIN SABADIN</strong>. During the ceremony and into the late hours we will be entertained by the bossa-pop sounds of the <strong>XAZZ (Xequtifz Jazz) ensemble,</strong> accompanied by the vocals of the singer <strong>Aleksandra Čermelj </strong>from Primorska.<br />The exhibition of selected and awarded works will be held in the <strong>Piran Town Gallery from 3 September to 2 October 2022, </strong>and later in<strong> the Monfort Gallery in Portorož from 3 September to 9 October 2022</strong>. <a href="about:blank">More info at&#8230; </a></p>
<p><strong>In the Loža Gallery in Koper</strong>, an original group photo exhibition entitled<strong> TELO KOT NAČIN GLEDANJA</strong> (<strong>THE BODY AS A WAY OF SEEING) </strong>runs until <strong>11 September 2022. </strong>The selection of authors strives to portray with the works of artists, who differ in age, sex, time frame, and interests, a multi-layered discussion of the human body in art. This interesting and attractive theme is an invitation to a guided tour, given by the curator <strong>HANA ČEFERIN, on Thursday, 11 August 2022 at 6 pm in the Loža Gallery</strong>.</p>
<p><strong>Until 30 September 2022, the Meduza Gallery</strong> is displaying a <strong>light-sound installation KOZMIČNI DEŽ</strong> <strong>(COSMIC RAIN)</strong> by <strong>TILEN SEPIČ</strong>. The installation deals with and materialises muons, particles insusceptible to humans which are created in the upper layers of the atmosphere upon the impact of cosmic rays from space. At any moment, they transverse through our bodies, large natural masses, and human infrastructure, while they mostly decay in the depths of the earth. <a href="about:blank">More…</a></p>
<p>The autumn cycle of exhibitions starts with an independent exhibition of the increasingly established artist from Primorska, <strong>LARA JERANKO MARCONI,</strong> entitled <strong>NOREC (A LUNATIC)</strong>, which will open on <strong>16 September 2022, at 7 pm, in the Loža Gallery in Koper</strong>. You can read more about the event in the preview of events for September.</p>
<p>We look forward to seeing you!</p>
<p>
</div><div class="kc-elm kc-css-988010" style="height: 50px; clear: both; width:100%;"></div></div></div></div></div></section>
