{"id":14653,"date":"2022-06-06T22:28:41","date_gmt":"2022-06-06T20:28:41","guid":{"rendered":"https:\/\/www.obalne-galerije.si\/?post_type=monthly_overview&#038;p=14653"},"modified":"2024-07-03T20:21:16","modified_gmt":"2024-07-03T18:21:16","slug":"june-july-program-2022","status":"publish","type":"monthly_overview","link":"https:\/\/www.obalne-galerije.si\/en\/monthly_overview\/june-july-program-2022\/","title":{"rendered":"June &#038; July Program 2022"},"content":{"rendered":"<p><section class=\"kc-elm kc-css-542805 kc_row\"><div class=\"kc-row-container  kc-container\"><div class=\"kc-wrap-columns\"><div class=\"kc-elm kc-css-270097 kc_col-sm-12 kc_column kc_col-sm-12\"><div class=\"kc-col-container\"><div class=\"kc-elm kc-css-420616\" style=\"height: 20px; clear: both; width:100%;\"><\/div><\/div><\/div><\/div><\/div><\/section><section class=\"kc-elm kc-css-181921 kc_row\"><div class=\"kc-row-container  kc-container\"><div class=\"kc-wrap-columns\"><div class=\"kc-elm kc-css-184314 kc_col-sm-12 kc_column kc_col-sm-12\"><div class=\"kc-col-container\"><div class=\"kc-elm kc-css-995742 kc_text_block\"><\/p>\n<p>A range of different events has filled the spring programme with the exhibitions attracting and inspiring numerous visitors. Therefore, we decided to prolong some of them, while others will be open during the summer months, in the midst of preparations for the traditional Ex-tempore Piran 2022.<\/p>\n<p>The first exhibition we will be presenting is something new for the Coastal Galleries programme, since it was selected based on the <strong>ODPRTA VRATA<\/strong> (<strong>OPEN DOORS<\/strong>) tender. The latter was published this spring for the first time, aiming to constructively and democratically offer anyone who wants to collaborate with new artistic production an opportunity to present themselves in the field of the visual arts in the Primorska region (Slovenian Istria). From 22 applications, the <strong>CONTINUUM<\/strong> project was chosen for the exhibition in the Herman Pe\u010dari\u010d Gallery, which was curated by renowned artist and designer <strong>SANDI RENKO<\/strong> with colleagues (<strong>ALE\u0160 BRCE, MARKO JUGOVIC, NICOLETTA ZAR<\/strong>) from Trieste. The <strong>CONTINUUM<\/strong> multisensory installation is an inventive and multi-layered project bringing together artists of different profiles and generations with an emphasis on the young. A hanging three-dimensional object customised with paintings, light, and sound, alluringly offers different emotional experiences. Along with the aesthetic pleasure of being faced with a pure, timeless form in contrast with graphic and sound interventions, the installation also carries a socio-critical message and invites the visitor to think about the state of present-day society. The exhibition\u2019s opening will take place on Thursday, 23 June 2022, at 7 pm in the Herman Pe\u010dari\u010d Gallery, where it will run until 18 August 2022. More at\u2026<\/p>\n<\/p>\n<p>This summer, the Lo\u017ea Gallery in Koper will once again be the venue for the interinstitutional photo exhibition prepared in cooperation with the Fotografija Gallery in Ljubljana. The curator HANA \u010cEFERIN conceived the <strong>TELO KOT NA\u010cIN<\/strong> <strong>GLEDANJA<\/strong> (<strong>BODY AS A POINT OF VIEW<\/strong>) group exhibition as a group project of eight contemporary Slovenian photographers of different generations, who approach the motif of the body in distinctly individual ways. The motif of the body can certainly be an entrance point for understanding guidelines in contemporary photography and the outline of experimenting in the medium. In its smaller form, the exhibition was designed in 2021, when the Fotografija Gallery presented some of the works at the Italian festival Fotografia Zeropixel in Trieste. The more extensive and comprehensive presentation in the Lo\u017ea Gallery includes the works of <strong>URO\u0160 ABRAM, TILYEN MUCIK, JANEZ PUK\u0160I\u010c, BLA\u017d ROJS, TANJA LA\u017dETI\u0106<\/strong>, <strong>ANDREJ LAMUT, VANJA BU\u0106AN<\/strong>, and <strong>BORIS GABER\u0160\u010cIK<\/strong>. The exhibition will open on Thursday, 30 June 2022, at 7 pm, and will run until 11 September 2022. More at\u2026<\/p>\n<\/p>\n<p>A month later, a new exhibition will open at the Meduza Gallery in Koper, where the doors are known to have been thrown open to less-known authors many times before. <strong>TILEN SEPI\u010c<\/strong> is a multidisciplinary artist and designer who works in the field of new media, the art of light, design of lighting objects, and projection of light audiovisual installations. With his light-sound kinetic installations he regularly participates at light festivals and exhibitions at home and abroad. This is his first appearance in the Meduza Gallery with his light-sound installation <strong>KOZMI\u010cNI DE\u017d<\/strong> (<strong>COSMIC RAIN<\/strong>), which intervenes in the gallery space with engineering precision. The installation is composed of five detector-signalling units, stretched across the room and powered by an electrified steel net. In a poetic way, the author shows his visitors the presence of cosmic particles, muons \u2013 high-energy elementary particles that are created in the upper layers of the atmosphere and transverse through our bodies at any moment, while they mostly decay in the depths of the earth. The exhibition is organised in co-production with the Ljudmila Arts and Science Laboratory from Ljubljana and in cooperation with the PiNA cultural and educational society from Koper. The project was developed within konS \u2013 a platform for contemporary investigative art, while the installation is co-financed by the Creative Europe programme within the EASTN-DC project. The opening will take place on Friday, 22 July 2022, at 7 pm, and the exhibition will be open until 30 September 2022. More at\u2026<\/p>\n<p>Group exhibits <strong>PANORAMA<\/strong>. Selection from the art fund of Piran Coastal Galleries in the Piran Town Gallery and <strong>NA DRUGI STRANI\/ON THE OTHER SIDE<\/strong> by <strong>DANIELA DANICA TEPE\u0160<\/strong> in the Monfort Gallery in Portoro\u017e resonated with the profession and brought an exceptional response from visitors which exceeded our expectations. Hence, we decided to extend them until 21 August 2022. Again, due to the great interest of visitors, <strong>ALEKSANDER VELI\u0160\u010cEK<\/strong>\u2019s exhibition in the Meduza Gallery in Koper will also be prolonged. His original and tempting portraits can be marvelled at until 15 July 2022.<\/p>\n<p><strong>UNESCO\u2019s OB MORJU SEM TER TJA<\/strong> project, in which the Piran Coastal Galleries have been participating together with VRTEC MORNAR\u010cEK PIRAN kindergarten for several years, was concluded with the exhibition of art pieces in the Herman Pe\u010dari\u010d Gallery. The opening, which was accompanied by a short programme, took place on 31 May and children\u2019s works, created during the school year, will be on display until 15 June 2022.<\/p>\n<p>In July, a round-table discussion will be organised on the topic <strong>ART<\/strong> and <strong>ENVIRONMENT<\/strong>. The environmental theme is an important motif, a starting point, and an inspiration of contemporary art, which by exposing current environmental problems and challenges brings attention to their significance and raises the level of awareness about them. The round-table discussion will take place alongside the exhibition by <strong>DANIELA DANICA TEPE\u0160<\/strong> in the Monfort Gallery. The exact date and names of the participants will be published on our website at a later date.<\/p>\n<p>All current exhibitions will be accompanied by an interesting educational programme all through the summer (guided tours, meetings with artists, etc.). Information about all the events will appear in advance on our website www.obalne-galerije.si.<\/p>\n<\/p>\n<p>We wish you a fun and culture-packed summer!<\/p>\n<\/p>\n<p><strong>DODAMO POD \u010drto kjer pi\u0161e NE ODGOVARJAJ\u2026<\/strong><\/p>\n<\/p>\n<p>If you would like to visit us using local public transport, visit www.arriva.si, and for countrywide transport, go to <a href=\"http:\/\/www.ap-ljubljana.si\">www.ap-ljubljana.si<\/a>.<\/p>\n<p>\n<\/div><\/div><\/div><\/div><\/div><\/section><\/p>\n","protected":false},"featured_media":14648,"template":"","class_list":["post-14653","monthly_overview","type-monthly_overview","status-publish","has-post-thumbnail","hentry"],"acf":[],"_links":{"self":[{"href":"https:\/\/www.obalne-galerije.si\/en\/wp-json\/wp\/v2\/monthly_overview\/14653","targetHints":{"allow":["GET"]}}],"collection":[{"href":"https:\/\/www.obalne-galerije.si\/en\/wp-json\/wp\/v2\/monthly_overview"}],"about":[{"href":"https:\/\/www.obalne-galerije.si\/en\/wp-json\/wp\/v2\/types\/monthly_overview"}],"wp:featuredmedia":[{"embeddable":true,"href":"https:\/\/www.obalne-galerije.si\/en\/wp-json\/wp\/v2\/media\/14648"}],"wp:attachment":[{"href":"https:\/\/www.obalne-galerije.si\/en\/wp-json\/wp\/v2\/media?parent=14653"}],"curies":[{"name":"wp","href":"https:\/\/api.w.org\/{rel}","templated":true}]}}

<p><section class="kc-elm kc-css-542805 kc_row"><div class="kc-row-container  kc-container"><div class="kc-wrap-columns"><div class="kc-elm kc-css-270097 kc_col-sm-12 kc_column kc_col-sm-12"><div class="kc-col-container"><div class="kc-elm kc-css-420616" style="height: 20px; clear: both; width:100%;"></div></div></div></div></div></section><section class="kc-elm kc-css-181921 kc_row"><div class="kc-row-container  kc-container"><div class="kc-wrap-columns"><div class="kc-elm kc-css-184314 kc_col-sm-12 kc_column kc_col-sm-12"><div class="kc-col-container"><div class="kc-elm kc-css-995742 kc_text_block"></p>
<p>A range of different events has filled the spring programme with the exhibitions attracting and inspiring numerous visitors. Therefore, we decided to prolong some of them, while others will be open during the summer months, in the midst of preparations for the traditional Ex-tempore Piran 2022.</p>
<p>The first exhibition we will be presenting is something new for the Coastal Galleries programme, since it was selected based on the <strong>ODPRTA VRATA</strong> (<strong>OPEN DOORS</strong>) tender. The latter was published this spring for the first time, aiming to constructively and democratically offer anyone who wants to collaborate with new artistic production an opportunity to present themselves in the field of the visual arts in the Primorska region (Slovenian Istria). From 22 applications, the <strong>CONTINUUM</strong> project was chosen for the exhibition in the Herman Pečarič Gallery, which was curated by renowned artist and designer <strong>SANDI RENKO</strong> with colleagues (<strong>ALEŠ BRCE, MARKO JUGOVIC, NICOLETTA ZAR</strong>) from Trieste. The <strong>CONTINUUM</strong> multisensory installation is an inventive and multi-layered project bringing together artists of different profiles and generations with an emphasis on the young. A hanging three-dimensional object customised with paintings, light, and sound, alluringly offers different emotional experiences. Along with the aesthetic pleasure of being faced with a pure, timeless form in contrast with graphic and sound interventions, the installation also carries a socio-critical message and invites the visitor to think about the state of present-day society. The exhibition’s opening will take place on Thursday, 23 June 2022, at 7 pm in the Herman Pečarič Gallery, where it will run until 18 August 2022. More at…</p>
</p>
<p>This summer, the Loža Gallery in Koper will once again be the venue for the interinstitutional photo exhibition prepared in cooperation with the Fotografija Gallery in Ljubljana. The curator HANA ČEFERIN conceived the <strong>TELO KOT NAČIN</strong> <strong>GLEDANJA</strong> (<strong>BODY AS A POINT OF VIEW</strong>) group exhibition as a group project of eight contemporary Slovenian photographers of different generations, who approach the motif of the body in distinctly individual ways. The motif of the body can certainly be an entrance point for understanding guidelines in contemporary photography and the outline of experimenting in the medium. In its smaller form, the exhibition was designed in 2021, when the Fotografija Gallery presented some of the works at the Italian festival Fotografia Zeropixel in Trieste. The more extensive and comprehensive presentation in the Loža Gallery includes the works of <strong>UROŠ ABRAM, TILYEN MUCIK, JANEZ PUKŠIČ, BLAŽ ROJS, TANJA LAŽETIĆ</strong>, <strong>ANDREJ LAMUT, VANJA BUĆAN</strong>, and <strong>BORIS GABERŠČIK</strong>. The exhibition will open on Thursday, 30 June 2022, at 7 pm, and will run until 11 September 2022. More at…</p>
</p>
<p>A month later, a new exhibition will open at the Meduza Gallery in Koper, where the doors are known to have been thrown open to less-known authors many times before. <strong>TILEN SEPIČ</strong> is a multidisciplinary artist and designer who works in the field of new media, the art of light, design of lighting objects, and projection of light audiovisual installations. With his light-sound kinetic installations he regularly participates at light festivals and exhibitions at home and abroad. This is his first appearance in the Meduza Gallery with his light-sound installation <strong>KOZMIČNI DEŽ</strong> (<strong>COSMIC RAIN</strong>), which intervenes in the gallery space with engineering precision. The installation is composed of five detector-signalling units, stretched across the room and powered by an electrified steel net. In a poetic way, the author shows his visitors the presence of cosmic particles, muons – high-energy elementary particles that are created in the upper layers of the atmosphere and transverse through our bodies at any moment, while they mostly decay in the depths of the earth. The exhibition is organised in co-production with the Ljudmila Arts and Science Laboratory from Ljubljana and in cooperation with the PiNA cultural and educational society from Koper. The project was developed within konS – a platform for contemporary investigative art, while the installation is co-financed by the Creative Europe programme within the EASTN-DC project. The opening will take place on Friday, 22 July 2022, at 7 pm, and the exhibition will be open until 30 September 2022. More at…</p>
<p>Group exhibits <strong>PANORAMA</strong>. Selection from the art fund of Piran Coastal Galleries in the Piran Town Gallery and <strong>NA DRUGI STRANI/ON THE OTHER SIDE</strong> by <strong>DANIELA DANICA TEPEŠ</strong> in the Monfort Gallery in Portorož resonated with the profession and brought an exceptional response from visitors which exceeded our expectations. Hence, we decided to extend them until 21 August 2022. Again, due to the great interest of visitors, <strong>ALEKSANDER VELIŠČEK</strong>’s exhibition in the Meduza Gallery in Koper will also be prolonged. His original and tempting portraits can be marvelled at until 15 July 2022.</p>
<p><strong>UNESCO’s OB MORJU SEM TER TJA</strong> project, in which the Piran Coastal Galleries have been participating together with VRTEC MORNARČEK PIRAN kindergarten for several years, was concluded with the exhibition of art pieces in the Herman Pečarič Gallery. The opening, which was accompanied by a short programme, took place on 31 May and children’s works, created during the school year, will be on display until 15 June 2022.</p>
<p>In July, a round-table discussion will be organised on the topic <strong>ART</strong> and <strong>ENVIRONMENT</strong>. The environmental theme is an important motif, a starting point, and an inspiration of contemporary art, which by exposing current environmental problems and challenges brings attention to their significance and raises the level of awareness about them. The round-table discussion will take place alongside the exhibition by <strong>DANIELA DANICA TEPEŠ</strong> in the Monfort Gallery. The exact date and names of the participants will be published on our website at a later date.</p>
<p>All current exhibitions will be accompanied by an interesting educational programme all through the summer (guided tours, meetings with artists, etc.). Information about all the events will appear in advance on our website www.obalne-galerije.si.</p>
</p>
<p>We wish you a fun and culture-packed summer!</p>
</p>
<p><strong>DODAMO POD črto kjer piše NE ODGOVARJAJ…</strong></p>
</p>
<p>If you would like to visit us using local public transport, visit www.arriva.si, and for countrywide transport, go to <a href="http://www.ap-ljubljana.si">www.ap-ljubljana.si</a>.</p>
<p>
</div></div></div></div></div></section></p>
