{"id":12951,"date":"2021-12-02T14:38:28","date_gmt":"2021-12-02T13:38:28","guid":{"rendered":"https:\/\/www.obalne-galerije.si\/?post_type=monthly_overview&#038;p=12951"},"modified":"2021-12-02T14:39:09","modified_gmt":"2021-12-02T13:39:09","slug":"december-program-2021","status":"publish","type":"monthly_overview","link":"https:\/\/www.obalne-galerije.si\/en\/monthly_overview\/december-program-2021\/","title":{"rendered":"December Program 2021"},"content":{"rendered":"<section class=\"kc-elm kc-css-507196 kc_row\"><div class=\"kc-row-container  kc-container\"><div class=\"kc-wrap-columns\"><div class=\"kc-elm kc-css-263457 kc_col-sm-12 kc_column kc_col-sm-12\"><div class=\"kc-col-container\"><div class=\"kc-elm kc-css-24805\" style=\"height: 20px; clear: both; width:100%;\"><\/div><div class=\"kc-elm kc-css-105800 kc_text_block\"><\/p>\n<p>The last month of the year is traditionally the most joyful and festive. It also celebrates culture, especially on the 3rd of December, when the anniversary of France Pre\u0161eren&#039;s birth occurs, which becomes <strong>THIS HAPPY DAY OF CULTURE<\/strong>. The Coastal Galleries Piran join the festive atmosphere this year as well with free visits to exhibitions and the opening of new ones.<\/p>\n<p>On <strong>THIS HAPPY DAY OF CULTURE<\/strong>, the Medusa Gallery in Koper will be opening an exhibition by the famous Koper designer <a href=\"https:\/\/www.obalne-galerije.si\/en\/vojko-tominc-boxsis\/\" target=\"_blank\" rel=\"noopener\"><strong>VOJKO TOMINC<\/strong><\/a>, who has exhibited his works in the field of graphic design at the Medusa and Loggia Galleries on several occasions in the past. Alongside graphic design, Tominc also works in the field of painting, which is constantly intertwined with graphic design, so much that in recent years it has almost supplanted it. Thus, after a break of several years, the artist this time returns with the exhibition <strong>BOXSIS<\/strong>, which presents a selection of paintings from the last three cycles Black, White &#038; Blue, Cans and Pogled skozi okno (View through the window), created between 2015 and 2020. The exhibition will be open from 3 December 2021 to 28 January 2022.<\/p>\n<p>One week later, on Friday 10 December 2021, we will open a new exhibition entitled <a href=\"https:\/\/www.obalne-galerije.si\/en\/miha-males-piran-years-1955-1980\/\" target=\"_blank\" rel=\"noopener\"><strong>MIHA MALE\u0160: THE PIRAN YEARS 1955-1980<\/strong><\/a> at the Herman Pe\u010dari\u010d Gallery in Piran. Miha Male\u0161 (1903-1987) is inscribed in the annals of contemporary Slovenian art as an excellent graphic artist. He also created a lot in Piran, where he lived during the summer months from 1955 to 1980. The coloured monotypes, engravings and photographs he created in Piran will be presented for the first time in the Piran gallery. The works for the exhibition come from the collection of his daughter, Mrs. Travica Male\u0161 Gre\u0161ak, and from the Miha Male\u0161 Gallery Kamnik and will be presented by the curator Breda Ilich Klan\u010dnik, a researcher and connoisseur of Male\u0161&#039;s entire oeuvre, who also contributed the text in the bilingual brochure.The exhibition will be open until 13 February 2022.<\/p>\n<p>In 2021, the Coastal Galleries have prepared several exhibitions of artists from the Littoral. The exhibition year will end with an exhibition of the famous Littoral painter <strong>JONI ZAKONJ\u0160EK<\/strong>. Although the artist has lived in Bela krajina for a long time, Piran remains her home town. With the exhibition entitled <strong>IZ KNJIGE SPOKOJNOSTI<\/strong> (From the Book of Tranquility), which will be opened on 17 December 2021 at the Piran Municipal Gallery, she returns to her home town. His works from the last three years will be exhibited, in large and small formats, in various techniques from oil on canvas to drawing and watercolour. The motifs are very recognisable: trees, meadows, the surface of the sea and other scenes from nature, which have always been an inspiration for the artist. A trilingual catalogue on the painter and her works will also be published. Together with the text by poet, philosopher and art historian Miklav\u017e Komelj and exhibition curator Ana Pape\u017e, the works on display will also be reproduced. The exhibition will be open until 13 February 2022.<\/p>\n<p>In addition to the newly announced exhibitions, two more architecture exhibitions are planned for December, which we have prepared for the <a href=\"https:\/\/www.obalne-galerije.si\/en\/38th-piran-days-of-architecture-what-is-measurable-in-architecture\/\" target=\"_blank\" rel=\"noopener\"><strong>38th PIRANESE DAYS OF ARCHITECTURE<\/strong><\/a>. Until 5 December, the Herman Pe\u010dari\u010d Gallery will host the exhibition <strong>SLOVENIAN ARCHITECTURE AND THE TERRITORY<\/strong> 2021, organised in cooperation with <strong>ZAPS<\/strong> (Chamber of Architecture and Spatial Planning of Slovenia). The central <strong>PIRANESE EXHIBITION 2021<\/strong>, on the other hand, will be held in Monfort Portoro\u017e until 12 December 2021.<\/p>\n<p>We kindly invite you to the exhibition by <a href=\"https:\/\/www.obalne-galerije.si\/en\/natasa-segulin-lumen\/\" target=\"_blank\" rel=\"noopener\"><strong>NATA\u0160A SEGULIN<\/strong><\/a> entitled <strong>LUMEN<\/strong>, which can be visited at the Galleria Loggia in Koper until 9 January 2022.<\/p>\n<p>\n<\/div><\/div><\/div><\/div><\/div><\/section>\n","protected":false},"featured_media":12935,"template":"","class_list":["post-12951","monthly_overview","type-monthly_overview","status-publish","has-post-thumbnail","hentry"],"acf":[],"_links":{"self":[{"href":"https:\/\/www.obalne-galerije.si\/en\/wp-json\/wp\/v2\/monthly_overview\/12951","targetHints":{"allow":["GET"]}}],"collection":[{"href":"https:\/\/www.obalne-galerije.si\/en\/wp-json\/wp\/v2\/monthly_overview"}],"about":[{"href":"https:\/\/www.obalne-galerije.si\/en\/wp-json\/wp\/v2\/types\/monthly_overview"}],"wp:featuredmedia":[{"embeddable":true,"href":"https:\/\/www.obalne-galerije.si\/en\/wp-json\/wp\/v2\/media\/12935"}],"wp:attachment":[{"href":"https:\/\/www.obalne-galerije.si\/en\/wp-json\/wp\/v2\/media?parent=12951"}],"curies":[{"name":"wp","href":"https:\/\/api.w.org\/{rel}","templated":true}]}}

<section class="kc-elm kc-css-507196 kc_row"><div class="kc-row-container  kc-container"><div class="kc-wrap-columns"><div class="kc-elm kc-css-263457 kc_col-sm-12 kc_column kc_col-sm-12"><div class="kc-col-container"><div class="kc-elm kc-css-24805" style="height: 20px; clear: both; width:100%;"></div><div class="kc-elm kc-css-105800 kc_text_block"></p>
<p>The last month of the year is traditionally the most joyful and festive. It also celebrates culture, especially on the 3rd of December, when the anniversary of France Prešeren&#039;s birth occurs, which becomes <strong>THIS HAPPY DAY OF CULTURE</strong>. The Coastal Galleries Piran join the festive atmosphere this year as well with free visits to exhibitions and the opening of new ones.</p>
<p>On <strong>THIS HAPPY DAY OF CULTURE</strong>, the Medusa Gallery in Koper will be opening an exhibition by the famous Koper designer <a href="https://www.obalne-galerije.si/en/vojko-tominc-boxsis/" target="_blank" rel="noopener"><strong>VOJKO TOMINC</strong></a>, who has exhibited his works in the field of graphic design at the Medusa and Loggia Galleries on several occasions in the past. Alongside graphic design, Tominc also works in the field of painting, which is constantly intertwined with graphic design, so much that in recent years it has almost supplanted it. Thus, after a break of several years, the artist this time returns with the exhibition <strong>BOXSIS</strong>, which presents a selection of paintings from the last three cycles Black, White &#038; Blue, Cans and Pogled skozi okno (View through the window), created between 2015 and 2020. The exhibition will be open from 3 December 2021 to 28 January 2022.</p>
<p>One week later, on Friday 10 December 2021, we will open a new exhibition entitled <a href="https://www.obalne-galerije.si/en/miha-males-piran-years-1955-1980/" target="_blank" rel="noopener"><strong>MIHA MALEŠ: THE PIRAN YEARS 1955-1980</strong></a> at the Herman Pečarič Gallery in Piran. Miha Maleš (1903-1987) is inscribed in the annals of contemporary Slovenian art as an excellent graphic artist. He also created a lot in Piran, where he lived during the summer months from 1955 to 1980. The coloured monotypes, engravings and photographs he created in Piran will be presented for the first time in the Piran gallery. The works for the exhibition come from the collection of his daughter, Mrs. Travica Maleš Grešak, and from the Miha Maleš Gallery Kamnik and will be presented by the curator Breda Ilich Klančnik, a researcher and connoisseur of Maleš&#039;s entire oeuvre, who also contributed the text in the bilingual brochure.The exhibition will be open until 13 February 2022.</p>
<p>In 2021, the Coastal Galleries have prepared several exhibitions of artists from the Littoral. The exhibition year will end with an exhibition of the famous Littoral painter <strong>JONI ZAKONJŠEK</strong>. Although the artist has lived in Bela krajina for a long time, Piran remains her home town. With the exhibition entitled <strong>IZ KNJIGE SPOKOJNOSTI</strong> (From the Book of Tranquility), which will be opened on 17 December 2021 at the Piran Municipal Gallery, she returns to her home town. His works from the last three years will be exhibited, in large and small formats, in various techniques from oil on canvas to drawing and watercolour. The motifs are very recognisable: trees, meadows, the surface of the sea and other scenes from nature, which have always been an inspiration for the artist. A trilingual catalogue on the painter and her works will also be published. Together with the text by poet, philosopher and art historian Miklavž Komelj and exhibition curator Ana Papež, the works on display will also be reproduced. The exhibition will be open until 13 February 2022.</p>
<p>In addition to the newly announced exhibitions, two more architecture exhibitions are planned for December, which we have prepared for the <a href="https://www.obalne-galerije.si/en/38th-piran-days-of-architecture-what-is-measurable-in-architecture/" target="_blank" rel="noopener"><strong>38th PIRANESE DAYS OF ARCHITECTURE</strong></a>. Until 5 December, the Herman Pečarič Gallery will host the exhibition <strong>SLOVENIAN ARCHITECTURE AND THE TERRITORY</strong> 2021, organised in cooperation with <strong>ZAPS</strong> (Chamber of Architecture and Spatial Planning of Slovenia). The central <strong>PIRANESE EXHIBITION 2021</strong>, on the other hand, will be held in Monfort Portorož until 12 December 2021.</p>
<p>We kindly invite you to the exhibition by <a href="https://www.obalne-galerije.si/en/natasa-segulin-lumen/" target="_blank" rel="noopener"><strong>NATAŠA SEGULIN</strong></a> entitled <strong>LUMEN</strong>, which can be visited at the Galleria Loggia in Koper until 9 January 2022.</p>
<p>
</div></div></div></div></div></section>
